{"id":7361,"date":"2025-01-01T17:19:32","date_gmt":"2025-01-01T16:19:32","guid":{"rendered":"https:\/\/www.tabanispartacus.hu\/tajfuto\/wordpress\/?page_id=7361"},"modified":"2025-11-09T18:43:04","modified_gmt":"2025-11-09T17:43:04","slug":"versenyeink-2025-ben","status":"publish","type":"page","link":"https:\/\/www.tabanispartacus.hu\/tajfuto\/wordpress\/?page_id=7361","title":{"rendered":"Versenyeink 2025-ben"},"content":{"rendered":"\r\n<p><a href=\"http:\/\/www.tabanispartacus.hu\/tajfuto\/wordpress\/?page_id=7362\"><img loading=\"lazy\" src=\"http:\/\/www.tabanispartacus.hu\/tajfuto\/2016\/tavaszi\/Union-jack.jpg\" alt=\"\" width=\"80\" height=\"50\" align=\"right\"><\/a><\/p>\r\n\r\n\r\n\r\n<figure class=\"wp-block-table\"><table><tbody>\r\n<tr><td><strong><a href=\"https:\/\/adatbank.mtfsz.hu\/esemeny\/show\/esemeny_id\/8500\">BL-1. &#038; TTEV 1. fordul\u00f3<\/a><\/td><td>2025. 01. 11. G\u00e1nt, Gr\u00e1n\u00e1s <\/strong><\/td><\/tr>\r\n<tr><td><strong><a href=\"https:\/\/adatbank.mtfsz.hu\/esemeny\/show\/esemeny_id\/8482\">Di\u00e1k Teremt\u00e1jfut\u00f3 Budapest Bajnoks\u00e1g<\/a><\/td><td>2025. 02 01. Budapest, Gazdagr\u00e9t <\/strong><\/td><\/tr>\r\n<tr><td><strong><a href=\"https:\/\/adatbank.mtfsz.hu\/esemeny\/show\/esemeny_id\/8554\">TTEV 6. fordul\u00f3<\/a><\/td><td>2025. 02. 22. Ecseg <\/strong><\/td><\/tr>\r\n<tr><td><strong><a href=\"https:\/\/adatbank.mtfsz.hu\/esemeny\/show\/esemeny_id\/8289\">62. Tavaszi Spartacus Kupa<\/a><\/td><td>2025. 03. 15-16. K\u00e1polnapuszta-K\u0151h\u00e1ny\u00e1s <\/strong><\/td><\/tr>\r\n<tr><td><strong><a href=\"https:\/\/adatbank.mtfsz.hu\/esemeny\/show\/esemeny_id\/8640\">T\u00e1j\u00e9koz\u00f3d\u00e1si nap a Feneketlen-t\u00f3n\u00e1l<\/a><\/td><td>2025. 05. 12. Budapest Feneketlen-t\u00f3 <\/strong><\/td><\/tr>\r\n<tr><td><strong><a href=\"https:\/\/adatbank.mtfsz.hu\/esemeny\/show\/esemeny_id\/8563\">Budapest Kupa 12. fordul\u00f3<\/a><\/td><td>2025. 05. 14. Budapest V\u00e1rosliget <\/strong><\/td><\/tr>\r\n<tr><td><strong><a href=\"https:\/\/adatbank.mtfsz.hu\/esemeny\/show\/esemeny_id\/8641\">T\u00e1j\u00e9koz\u00f3d\u00e1si nap a Tab\u00e1nban<\/a><\/td><td>2025. 05. 20. Budapest Tab\u00e1n <\/strong><\/td><\/tr>\r\n<tr><td><strong><a href=\"https:\/\/adatbank.mtfsz.hu\/esemeny\/show\/esemeny_id\/8564\">Budapest Kupa #28 &#8211; Liget Kupa<\/a><\/td><td>2025. 09. 10. Budapest V\u00e1rosliget, Magyar Zene H\u00e1za mellett a Napoz\u00f3r\u00e9ten <\/strong><\/td><\/tr>\r\n<tr><td><strong><a href=\"https:\/\/adatbank.mtfsz.hu\/esemeny\/show\/esemeny_id\/8290\">73. \u0150szi Spartacus Kupa <br> Monspart Sarolta eml\u00e9k\u00e9re<\/a><\/strong><\/td><td>2025. 11. 08-09. V\u00e9rtes, Mindszentpuszta <\/td><\/tr><\/tbody><\/table><\/figure>\r\n\r\n","protected":false},"excerpt":{"rendered":"<p>BL-1. &#038; TTEV 1. fordul\u00f3 2025. 01. 11. G\u00e1nt, Gr\u00e1n\u00e1s Di\u00e1k Teremt\u00e1jfut\u00f3 Budapest Bajnoks\u00e1g 2025. 02 01. Budapest, Gazdagr\u00e9t TTEV 6. fordul\u00f3 2025. 02. 22. Ecseg 62. Tavaszi Spartacus Kupa 2025. 03. 15-16. K\u00e1polnapuszta-K\u0151h\u00e1ny\u00e1s T\u00e1j\u00e9koz\u00f3d\u00e1si nap a Feneketlen-t\u00f3n\u00e1l 2025. 05. 12. Budapest Feneketlen-t\u00f3 Budapest Kupa 12. fordul\u00f3 2025. 05. 14. Budapest V\u00e1rosliget T\u00e1j\u00e9koz\u00f3d\u00e1si nap a &hellip; <a href=\"https:\/\/www.tabanispartacus.hu\/tajfuto\/wordpress\/?page_id=7361\" class=\"more-link\"><span class=\"screen-reader-text\">Versenyeink 2025-ben<\/span> olvas\u00e1s\u00e1nak folytat\u00e1sa <span class=\"meta-nav\">&rarr;<\/span><\/a><\/p>\n","protected":false},"author":1,"featured_media":0,"parent":0,"menu_order":0,"comment_status":"closed","ping_status":"closed","template":"","meta":{"ngg_post_thumbnail":0},"_links":{"self":[{"href":"https:\/\/www.tabanispartacus.hu\/tajfuto\/wordpress\/index.php?rest_route=\/wp\/v2\/pages\/7361"}],"collection":[{"href":"https:\/\/www.tabanispartacus.hu\/tajfuto\/wordpress\/index.php?rest_route=\/wp\/v2\/pages"}],"about":[{"href":"https:\/\/www.tabanispartacus.hu\/tajfuto\/wordpress\/index.php?rest_route=\/wp\/v2\/types\/page"}],"author":[{"embeddable":true,"href":"https:\/\/www.tabanispartacus.hu\/tajfuto\/wordpress\/index.php?rest_route=\/wp\/v2\/users\/1"}],"replies":[{"embeddable":true,"href":"https:\/\/www.tabanispartacus.hu\/tajfuto\/wordpress\/index.php?rest_route=%2Fwp%2Fv2%2Fcomments&post=7361"}],"version-history":[{"count":7,"href":"https:\/\/www.tabanispartacus.hu\/tajfuto\/wordpress\/index.php?rest_route=\/wp\/v2\/pages\/7361\/revisions"}],"predecessor-version":[{"id":7544,"href":"https:\/\/www.tabanispartacus.hu\/tajfuto\/wordpress\/index.php?rest_route=\/wp\/v2\/pages\/7361\/revisions\/7544"}],"wp:attachment":[{"href":"https:\/\/www.tabanispartacus.hu\/tajfuto\/wordpress\/index.php?rest_route=%2Fwp%2Fv2%2Fmedia&parent=7361"}],"curies":[{"name":"wp","href":"https:\/\/api.w.org\/{rel}","templated":true}]}}