{"id":7359,"date":"2025-01-01T17:05:45","date_gmt":"2025-01-01T16:05:45","guid":{"rendered":"https:\/\/www.tabanispartacus.hu\/tajfuto\/wordpress\/?page_id=7359"},"modified":"2025-11-27T20:00:12","modified_gmt":"2025-11-27T19:00:12","slug":"velunk-tortent-2025-ben","status":"publish","type":"page","link":"https:\/\/www.tabanispartacus.hu\/tajfuto\/wordpress\/?page_id=7359","title":{"rendered":"Vel\u00fcnk t\u00f6rt\u00e9nt 2025-ben"},"content":{"rendered":"\n<table class=\"wp-block-table\"><tbody>\n<tr><td>\u00c9vz\u00e1r\u00f3 \u00e9s szakoszt\u00e1lygy\u0171l\u00e9s<br>2025.01.11-12.<br>G\u00e1nt<br><\/td>\n<td>Klement Kel\u00e9n<br><br>Gyalog T\u00f3dor<br><br><br><\/td>\n<td><strong><a href=\"https:\/\/www.youtube.com\/watch?v=cI4bAaO8GzQ&#038;t=34s\" target=\"_blank\" rel=\"noreferrer noopener\">video<br><\/a><a href=\"\/tajfuto\/wordpress\/wp-content\/uploads\/2025\/01\/00-2024_SPA_OB-vilagvers_eredmenyek_250109.docx\" target=\"_blank\" rel=\"noreferrer noopener\"><FONT SIZE=2>Eredm\u00e9nyeink<br><\/a>\n<a href=\"\/tajfuto\/wordpress\/?page_id=7300\" target=\"_blank\" rel=\"noreferrer noopener\">Bajnoki pontok, \u00e9rmek<br><\/a>\n<a href=\"\/tajfuto\/wordpress\/wp-content\/uploads\/2025\/01\/12-Osszesites-2004-24_250109.xls\" target=\"_blank\" rel=\"noreferrer noopener\">Tab\u00e1ni Spartacus SKE \u00f6sszes\u00edt\u00e9s 2004-t\u0151l<\/a><\/td>\n<\/tr>\n<tr><td>CEYOC<br>2025.04.04-04.06.<br>Zilina (Szlov\u00e1kia)<br><\/td>\n<td><br>Klement Kel\u00e9n<br><br><\/td>\n<td><strong><a href=\"http:\/\/www.tabanispartacus.hu\/tajfuto\/wordpress\/wp-content\/uploads\/2025\/10\/20250404-06_Zilina-Szlovakia.pdf\" target=\"_blank\" rel=\"noreferrer noopener\">besz\u00e1mol\u00f3<br><\/a><\/td>\n<\/tr>\n<tr><td>JWOC<br>2025.06.28-07.03.<br>Trento (Olaszorsz\u00e1g)<br><\/td>\n<td><br>Klement Kel\u00e9n<br><br><\/td>\n<td><strong><a href=\"http:\/\/www.tabanispartacus.hu\/tajfuto\/wordpress\/wp-content\/uploads\/2025\/08\/20250628-0703-Trento-Olaszorszag-JWOC.pdf\" target=\"_blank\" rel=\"noreferrer noopener\">besz\u00e1mol\u00f3<br><\/a>\n<a href=\"https:\/\/www.facebook.com\/100063637626996\/videos\/704121562432203\/\" target=\"_blank\" rel=\"noreferrer noopener\">Marci interj\u00fa<br><\/a><\/td>\n<\/tr>\n<tr><td>WOC<br>2025.07.08-12.<br>Kuopio (Finnorsz\u00e1g)<br><\/td>\n<td><br>Klement Kel\u00e9n<br><br><\/td>\n<td><strong><a href=\"http:\/\/www.tabanispartacus.hu\/tajfuto\/wordpress\/wp-content\/uploads\/2025\/08\/20250708-12-Kuopio-Finnorszag-WOC.pdf\" target=\"_blank\" rel=\"noreferrer noopener\">besz\u00e1mol\u00f3<br><\/a><\/td>\n<\/tr>\n<tr><td>EYOC<br>2025.07.17-20.<br>Babice nad Svitavou (Csehorsz\u00e1g)<br><\/td>\n<td><br>Klement Kel\u00e9n<br><br><\/td>\n<td><strong><a href=\"http:\/\/www.tabanispartacus.hu\/tajfuto\/wordpress\/wp-content\/uploads\/2025\/08\/20250717-20_Brno-EYOC.pdf\" target=\"_blank\" rel=\"noreferrer noopener\">besz\u00e1mol\u00f3<br><\/a>\n<a href=\"https:\/\/www.facebook.com\/100063637626996\/videos\/1239702914265218\/\" target=\"_blank\" rel=\"noreferrer noopener\">Misi interj\u00fa<br><\/a><\/td>\n<\/tr>\n<tr><td>WORLD GAMES<br>2025.08.08-11.<br>Chengdu Szecsuan (K\u00edna)<br><\/td>\n<td><br>Klement Kel\u00e9n<br><br><\/td>\n<td><strong><a href=\"http:\/\/www.tabanispartacus.hu\/tajfuto\/wordpress\/wp-content\/uploads\/2025\/08\/20250808-11_Csengtu-Szecsuan-Kina.pdf\" target=\"_blank\" rel=\"noreferrer noopener\">besz\u00e1mol\u00f3<br><\/a>\n<a href=\"https:\/\/www.facebook.com\/100063637626996\/videos\/24287765124246615\/\" target=\"_blank\" rel=\"noreferrer noopener\">Zolti k\u00f6z\u00e9pt\u00e1v interj\u00fa<br><\/a>\n<a href=\"https:\/\/www.facebook.com\/100063637626996\/videos\/1129049215744909\/\" target=\"_blank\" rel=\"noreferrer noopener\">   Zolti sprint interj\u00fa<br><\/a><\/td>\n<\/tr>\n<tr><td>EOC<br>2025.08.27-31.<br>Hasselt (Belgium)<br><\/td>\n<td><br>Mtfsz<br><br><\/td>\n<td><strong><a href=\"http:\/\/www.tabanispartacus.hu\/tajfuto\/wordpress\/wp-content\/uploads\/2025\/09\/EOC.doc\" target=\"_blank\" rel=\"noreferrer noopener\">besz\u00e1mol\u00f3<br><\/a><\/td>\n<\/tr>\n<tr><td>WORLD CUP 3<br>2025.09.26-30.<br>Uster (Sv\u00e1jc)<br><\/td>\n<td><br>Klement Kel\u00e9n<br><br><\/td>\n<td><strong><a href=\"http:\/\/www.tabanispartacus.hu\/tajfuto\/wordpress\/wp-content\/uploads\/2025\/10\/20250926-30_Uster-Svajc.pdf\" target=\"_blank\" rel=\"noreferrer noopener\">besz\u00e1mol\u00f3<br><\/a><\/td>\n<\/tr>\n<tr><td>JEC<br>2025.10.03-05.<br>Stirling (Sk\u00f3cia)<br><\/td>\n<td><br>Klement Kel\u00e9n<br><br><\/td>\n<td><strong><a href=\"http:\/\/www.tabanispartacus.hu\/tajfuto\/wordpress\/wp-content\/uploads\/2025\/10\/20251003-05_Stirling-Skocia-JEC.pdf\" target=\"_blank\" rel=\"noreferrer noopener\">besz\u00e1mol\u00f3<br><\/a><\/td>\n<\/tr>\n<tr><td>DEAFLYMPICS<br>2025.11.15-26.<br>TOKYO (Jap\u00e1n)<br><\/td>\n<td><br>Mtfsz<br><br><\/td>\n<td><strong><a href=\"http:\/\/www.tabanispartacus.hu\/tajfuto\/wordpress\/wp-content\/uploads\/2025\/11\/20251115-23_Siketlimpia.doc\" target=\"_blank\" rel=\"noreferrer noopener\">besz\u00e1mol\u00f3<br><\/a><\/td>\n<\/tr>\n<\/tbody><\/table>\n\n\n\n<p><\/p>\n","protected":false},"excerpt":{"rendered":"<p>\u00c9vz\u00e1r\u00f3 \u00e9s szakoszt\u00e1lygy\u0171l\u00e9s2025.01.11-12.G\u00e1nt Klement Kel\u00e9n Gyalog T\u00f3dor videoEredm\u00e9nyeink Bajnoki pontok, \u00e9rmek Tab\u00e1ni Spartacus SKE \u00f6sszes\u00edt\u00e9s 2004-t\u0151l CEYOC2025.04.04-04.06.Zilina (Szlov\u00e1kia) Klement Kel\u00e9n besz\u00e1mol\u00f3 JWOC2025.06.28-07.03.Trento (Olaszorsz\u00e1g) Klement Kel\u00e9n besz\u00e1mol\u00f3 Marci interj\u00fa WOC2025.07.08-12.Kuopio (Finnorsz\u00e1g) Klement Kel\u00e9n besz\u00e1mol\u00f3 EYOC2025.07.17-20.Babice nad Svitavou (Csehorsz\u00e1g) Klement Kel\u00e9n besz\u00e1mol\u00f3 Misi interj\u00fa WORLD GAMES2025.08.08-11.Chengdu Szecsuan (K\u00edna) Klement Kel\u00e9n besz\u00e1mol\u00f3 Zolti k\u00f6z\u00e9pt\u00e1v interj\u00fa Zolti sprint interj\u00fa &hellip; <a href=\"https:\/\/www.tabanispartacus.hu\/tajfuto\/wordpress\/?page_id=7359\" class=\"more-link\"><span class=\"screen-reader-text\">Vel\u00fcnk t\u00f6rt\u00e9nt 2025-ben<\/span> olvas\u00e1s\u00e1nak folytat\u00e1sa <span class=\"meta-nav\">&rarr;<\/span><\/a><\/p>\n","protected":false},"author":1,"featured_media":0,"parent":0,"menu_order":0,"comment_status":"closed","ping_status":"closed","template":"","meta":{"ngg_post_thumbnail":0},"_links":{"self":[{"href":"https:\/\/www.tabanispartacus.hu\/tajfuto\/wordpress\/index.php?rest_route=\/wp\/v2\/pages\/7359"}],"collection":[{"href":"https:\/\/www.tabanispartacus.hu\/tajfuto\/wordpress\/index.php?rest_route=\/wp\/v2\/pages"}],"about":[{"href":"https:\/\/www.tabanispartacus.hu\/tajfuto\/wordpress\/index.php?rest_route=\/wp\/v2\/types\/page"}],"author":[{"embeddable":true,"href":"https:\/\/www.tabanispartacus.hu\/tajfuto\/wordpress\/index.php?rest_route=\/wp\/v2\/users\/1"}],"replies":[{"embeddable":true,"href":"https:\/\/www.tabanispartacus.hu\/tajfuto\/wordpress\/index.php?rest_route=%2Fwp%2Fv2%2Fcomments&post=7359"}],"version-history":[{"count":27,"href":"https:\/\/www.tabanispartacus.hu\/tajfuto\/wordpress\/index.php?rest_route=\/wp\/v2\/pages\/7359\/revisions"}],"predecessor-version":[{"id":7580,"href":"https:\/\/www.tabanispartacus.hu\/tajfuto\/wordpress\/index.php?rest_route=\/wp\/v2\/pages\/7359\/revisions\/7580"}],"wp:attachment":[{"href":"https:\/\/www.tabanispartacus.hu\/tajfuto\/wordpress\/index.php?rest_route=%2Fwp%2Fv2%2Fmedia&parent=7359"}],"curies":[{"name":"wp","href":"https:\/\/api.w.org\/{rel}","templated":true}]}}