{"id":7115,"date":"2024-01-02T15:26:42","date_gmt":"2024-01-02T14:26:42","guid":{"rendered":"https:\/\/www.tabanispartacus.hu\/tajfuto\/wordpress\/?page_id=7115"},"modified":"2024-09-16T18:59:34","modified_gmt":"2024-09-16T16:59:34","slug":"versenyeink-2024-ben","status":"publish","type":"page","link":"https:\/\/www.tabanispartacus.hu\/tajfuto\/wordpress\/?page_id=7115","title":{"rendered":"Versenyeink 2024-ben"},"content":{"rendered":"\r\n<p><a href=\"http:\/\/www.tabanispartacus.hu\/tajfuto\/wordpress\/?page_id=6903\"><img loading=\"lazy\" src=\"http:\/\/www.tabanispartacus.hu\/tajfuto\/2016\/tavaszi\/Union-jack.jpg\" alt=\"\" width=\"80\" height=\"50\" align=\"right\"><\/a><\/p>\r\n\r\n\r\n\r\n<figure class=\"wp-block-table\"><table><tbody>\r\n<tr><td><strong><a href=\"https:\/\/adatbank.mtfsz.hu\/esemeny\/show\/esemeny_id\/8039\">CEYOC<\/a><\/strong> \/ <strong><a href=\"https:\/\/adatbank.mtfsz.hu\/esemeny\/show\/esemeny_id\/8235\">61. Tavaszi Spartacus Kupa<\/a><\/td><td>2024. 04. 05-07. V\u00e9rteskozma <\/strong><\/td><\/tr>\r\n<tr><td><strong><a href=\"https:\/\/adatbank.mtfsz.hu\/esemeny\/show\/esemeny_id\/8347\">Budapest Kupa 7. fordul\u00f3<\/a><\/strong><\/td><td>2024. 04. 17. V\u00e9rmez\u0151 <\/td><\/tr>\r\n<tr><td><strong><a href=\"https:\/\/adatbank.mtfsz.hu\/esemeny\/show\/esemeny_id\/8348\">Budapest Kupa 11. fordul\u00f3<\/a><\/strong><\/td><td>2024. 05. 15. V\u00e1rosliget <\/td><\/tr>\r\n<tr><td><strong><a href=\"https:\/\/eoc2024.hu\/\">EOC 2024<\/a><\/strong><\/td><td>2024. 08. 15-20. Cs\u00e1kber\u00e9ny-V\u00e1rgesztes <\/td><\/tr>\r\n<tr><td><strong><a href=\"https:\/\/adatbank.mtfsz.hu\/esemeny\/show\/esemeny_id\/8361\">Budapest Kupa 27. &#8211; Liget Kupa<\/a><\/strong><\/td><td>2024. 09. 11. V\u00e1rosliget <\/td><\/tr>\r\n<tr><td><strong><a href=\"https:\/\/adatbank.mtfsz.hu\/esemeny\/show\/esemeny_id\/8079\">72. \u0150szi Spartacus Kupa <br> Monspart Sarolta eml\u00e9k\u00e9re<\/a><\/strong><\/td><td>2024. 11. 02-03. V\u00e1rgesztes <\/td><\/tr><\/tbody><\/table><\/figure>\r\n\r\n","protected":false},"excerpt":{"rendered":"<p>CEYOC \/ 61. Tavaszi Spartacus Kupa 2024. 04. 05-07. V\u00e9rteskozma Budapest Kupa 7. fordul\u00f3 2024. 04. 17. V\u00e9rmez\u0151 Budapest Kupa 11. fordul\u00f3 2024. 05. 15. V\u00e1rosliget EOC 2024 2024. 08. 15-20. Cs\u00e1kber\u00e9ny-V\u00e1rgesztes Budapest Kupa 27. &#8211; Liget Kupa 2024. 09. 11. V\u00e1rosliget 72. \u0150szi Spartacus Kupa Monspart Sarolta eml\u00e9k\u00e9re 2024. 11. 02-03. V\u00e1rgesztes<\/p>\n","protected":false},"author":1,"featured_media":0,"parent":0,"menu_order":0,"comment_status":"closed","ping_status":"closed","template":"","meta":{"ngg_post_thumbnail":0},"_links":{"self":[{"href":"https:\/\/www.tabanispartacus.hu\/tajfuto\/wordpress\/index.php?rest_route=\/wp\/v2\/pages\/7115"}],"collection":[{"href":"https:\/\/www.tabanispartacus.hu\/tajfuto\/wordpress\/index.php?rest_route=\/wp\/v2\/pages"}],"about":[{"href":"https:\/\/www.tabanispartacus.hu\/tajfuto\/wordpress\/index.php?rest_route=\/wp\/v2\/types\/page"}],"author":[{"embeddable":true,"href":"https:\/\/www.tabanispartacus.hu\/tajfuto\/wordpress\/index.php?rest_route=\/wp\/v2\/users\/1"}],"replies":[{"embeddable":true,"href":"https:\/\/www.tabanispartacus.hu\/tajfuto\/wordpress\/index.php?rest_route=%2Fwp%2Fv2%2Fcomments&post=7115"}],"version-history":[{"count":10,"href":"https:\/\/www.tabanispartacus.hu\/tajfuto\/wordpress\/index.php?rest_route=\/wp\/v2\/pages\/7115\/revisions"}],"predecessor-version":[{"id":7284,"href":"https:\/\/www.tabanispartacus.hu\/tajfuto\/wordpress\/index.php?rest_route=\/wp\/v2\/pages\/7115\/revisions\/7284"}],"wp:attachment":[{"href":"https:\/\/www.tabanispartacus.hu\/tajfuto\/wordpress\/index.php?rest_route=%2Fwp%2Fv2%2Fmedia&parent=7115"}],"curies":[{"name":"wp","href":"https:\/\/api.w.org\/{rel}","templated":true}]}}