{"id":7089,"date":"2023-12-22T13:46:38","date_gmt":"2023-12-22T12:46:38","guid":{"rendered":"https:\/\/www.tabanispartacus.hu\/tajfuto\/wordpress\/?page_id=7089"},"modified":"2023-12-22T14:02:15","modified_gmt":"2023-12-22T13:02:15","slug":"ribenyi-imre-1942-2023","status":"publish","type":"page","link":"https:\/\/www.tabanispartacus.hu\/tajfuto\/wordpress\/?page_id=7089","title":{"rendered":"Rib\u00e9nyi Imre 1942 &#8211; 2023"},"content":{"rendered":"<p>Rib\u00e9nyi Imre, a Bp Spartacus h\u00e1romszoros orsz\u00e1gos bajnoka, a \u201960-as \u00e9vek<br \/>\nv\u00e1logatottja,korabeli versenyek fenegyereke, a sikeres t\u00fczel\u00e9stechnikai<br \/>\nv\u00e1llalkoz\u00f3, a Flexo Spartacus megalak\u00edt\u00f3ja, aki szakoszt\u00e1lyok,<br \/>\nrendezv\u00e9nyek \u00e9s sportt\u00e1rsainak t\u00e1mogat\u00f3ja, munkaad\u00f3ja volt, aki a<br \/>\nt\u00e1jfut\u00e1st\u00f3l m\u00e9g rokkantan sem akart elszakadni, a m\u00falt h\u00e9ten v\u00e9gleg<br \/>\nbefejezte n\u00e9lk\u00fcl\u00f6z\u00e9ssel kezd\u0151d\u0151, k\u00fczdelmekkel \u00e9s kem\u00e9ny munk\u00e1val<br \/>\nfolytat\u00f3d\u00f3, a vil\u00e1ggal \u00f6r\u00f6k vit\u00e1ban \u00e1ll\u00f3 \u00e9let\u00e9t, ahol tal\u00e1n az utols\u00f3,<br \/>\nm\u00e1r kerekessz\u00e9kben folytatott \u00e9veiben tudott \u00f6nmag\u00e1ban megb\u00e9k\u00e9lnie.<\/p>\n<p>\u00c9let\u00fatj\u00e1r\u00f3l hosszabb besz\u00e1mol\u00f3 olvashat\u00f3 az MTFSZ <a rel=\"noopener noreferrer\" href=\"https:\/\/www.tajfutas.hu\/hirek\/hirkereso\/12-altalanos\/2420-elhunyt-ribenyi-imre\" target=\"_blank\"><strong>megeml\u00e9kez\u00e9sei<\/strong><\/a>n\u00e9l.<\/p>\n<p>Boxi<\/p>\n<p><img src=\"https:\/\/www.tabanispartacus.hu\/tajfuto\/wordpress\/wp-content\/uploads\/2023\/12\/RibenyiImre.jpg\"><\/p>\n<p><!-- \/wp:paragraph --><\/p>\n","protected":false},"excerpt":{"rendered":"<p>Rib\u00e9nyi Imre, a Bp Spartacus h\u00e1romszoros orsz\u00e1gos bajnoka, a \u201960-as \u00e9vek v\u00e1logatottja,korabeli versenyek fenegyereke, a sikeres t\u00fczel\u00e9stechnikai v\u00e1llalkoz\u00f3, a Flexo Spartacus megalak\u00edt\u00f3ja, aki szakoszt\u00e1lyok, rendezv\u00e9nyek \u00e9s sportt\u00e1rsainak t\u00e1mogat\u00f3ja, munkaad\u00f3ja volt, aki a t\u00e1jfut\u00e1st\u00f3l m\u00e9g rokkantan sem akart elszakadni, a m\u00falt h\u00e9ten v\u00e9gleg befejezte n\u00e9lk\u00fcl\u00f6z\u00e9ssel kezd\u0151d\u0151, k\u00fczdelmekkel \u00e9s kem\u00e9ny munk\u00e1val folytat\u00f3d\u00f3, a vil\u00e1ggal \u00f6r\u00f6k vit\u00e1ban \u00e1ll\u00f3 &hellip; <a href=\"https:\/\/www.tabanispartacus.hu\/tajfuto\/wordpress\/?page_id=7089\" class=\"more-link\"><span class=\"screen-reader-text\">Rib\u00e9nyi Imre 1942 &#8211; 2023<\/span> olvas\u00e1s\u00e1nak folytat\u00e1sa <span class=\"meta-nav\">&rarr;<\/span><\/a><\/p>\n","protected":false},"author":1,"featured_media":0,"parent":0,"menu_order":0,"comment_status":"closed","ping_status":"closed","template":"","meta":{"ngg_post_thumbnail":0},"_links":{"self":[{"href":"https:\/\/www.tabanispartacus.hu\/tajfuto\/wordpress\/index.php?rest_route=\/wp\/v2\/pages\/7089"}],"collection":[{"href":"https:\/\/www.tabanispartacus.hu\/tajfuto\/wordpress\/index.php?rest_route=\/wp\/v2\/pages"}],"about":[{"href":"https:\/\/www.tabanispartacus.hu\/tajfuto\/wordpress\/index.php?rest_route=\/wp\/v2\/types\/page"}],"author":[{"embeddable":true,"href":"https:\/\/www.tabanispartacus.hu\/tajfuto\/wordpress\/index.php?rest_route=\/wp\/v2\/users\/1"}],"replies":[{"embeddable":true,"href":"https:\/\/www.tabanispartacus.hu\/tajfuto\/wordpress\/index.php?rest_route=%2Fwp%2Fv2%2Fcomments&post=7089"}],"version-history":[{"count":7,"href":"https:\/\/www.tabanispartacus.hu\/tajfuto\/wordpress\/index.php?rest_route=\/wp\/v2\/pages\/7089\/revisions"}],"predecessor-version":[{"id":7100,"href":"https:\/\/www.tabanispartacus.hu\/tajfuto\/wordpress\/index.php?rest_route=\/wp\/v2\/pages\/7089\/revisions\/7100"}],"wp:attachment":[{"href":"https:\/\/www.tabanispartacus.hu\/tajfuto\/wordpress\/index.php?rest_route=%2Fwp%2Fv2%2Fmedia&parent=7089"}],"curies":[{"name":"wp","href":"https:\/\/api.w.org\/{rel}","templated":true}]}}