{"id":6706,"date":"2022-07-18T13:42:26","date_gmt":"2022-07-18T11:42:26","guid":{"rendered":"https:\/\/www.tabanispartacus.hu\/tajfuto\/wordpress\/?page_id=6706"},"modified":"2022-11-14T19:42:24","modified_gmt":"2022-11-14T18:42:24","slug":"2022-nemzetkozi-sparis-sikerek","status":"publish","type":"page","link":"https:\/\/www.tabanispartacus.hu\/tajfuto\/wordpress\/?page_id=6706","title":{"rendered":"2022 nemzetk\u00f6zi sparis sikerei"},"content":{"rendered":"<p><strong><u>Ny\u00e1ri Siketlimpia Vil\u00e1gj\u00e1t\u00e9kok<\/u><\/strong> &#8211; 2022.05.01-15. &#8211; Caxias do Sul, Brazilia<br \/>\n<strong>Mih\u00e1lyi Ferenc<\/strong> minden egy\u00e9ni sz\u00e1mban beker\u00fclt a legjobb hatba \u00e9s az erdei <strong>v\u00e1lt\u00f3<\/strong>ban <strong>ez\u00fcst<\/strong> \u00e9rmet szerzett a magyar v\u00e1lt\u00f3.<br \/>\n<a href=\"https:\/\/www.deaflympics2021.com\/wp-content\/uploads\/2022\/05\/report_2022.pdf\" rel=\"noopener\" target=\"_blank\">Tov\u00e1bbi eredm\u00e9nyek<\/a><\/p>\n<p><strong><u>T\u00e1jfut\u00f3 (Feln\u0151tt) Vil\u00e1gbajnoks\u00e1g<\/u><\/strong> &#8211; 2022.06.26-30. &#8211; Billund, D\u00e1nia<br \/>\n<strong>Bak\u00f3 \u00c1ron el\u0151d\u00f6nt\u0151be jutott<\/strong> \u00e9s v\u00e9g\u00fcl <strong>18. helyet<\/strong> \u00e9rt el az els\u0151 \u00edzben megrendezett <strong>Knock-Out Sprint<\/strong> versenyen. <strong>S\u00e1rk\u00f6zy Zs\u00f3fi<\/strong> \u00e9s <strong>Bujdos\u00f3 Zoli<\/strong> is tisztesen helyt\u00e1lltak.<br \/>\n<a href=\"https:\/\/www.woc2022.dk\/\" rel=\"noopener\" target=\"_blank\">Tov\u00e1bbi eredm\u00e9nyek<\/a><\/p>\n<p><strong><u>Ifj\u00fas\u00e1gi Eur\u00f3pa Bajnoks\u00e1g<\/u><\/strong> &#8211; 2022.07.02-04. &#8211; Salg\u00f3tarj\u00e1n<br \/>\n<strong>Csoboth Marci<\/strong> minden futamon a dob\u00f3ra \u00e1llt, a <strong>sprint arany\u00e1t<\/strong> egy-egy <strong>hossz\u00fat\u00e1v<\/strong> \u00e9s <strong>v\u00e1lt\u00f3 ez\u00fcsttel<\/strong> keretezte. Tov\u00e1bb\u00e1 <strong>Koren Anik\u00f3<\/strong> \u00e9s <strong>Csoboth Misi<\/strong> is top 30-as eredm\u00e9nnyel mutatkozott be els\u0151 ifi EB-j\u00fck\u00f6n.<br \/>\n<a href=\"https:\/\/orienteering.sport\/event\/european-youth-orienteering-championships\/welcome\/\" rel=\"noopener\" target=\"_blank\">Tov\u00e1bbi eredm\u00e9nyek<\/a><\/p>\n<p><strong><u>Junior Vil\u00e1gbajnoks\u00e1g<\/u><\/strong> &#8211; 2022.07.11-13. &#8211; Aguiar da Beira, Portug\u00e1lia<br \/>\nErd\u0151t\u0171z vesz\u00e9ly miatt csak a sprint sz\u00e1mokat tartott\u00e1k meg. A v\u00e1lt\u00f3n a magyar csapat, <strong>Bujdos\u00f3 Zoli<\/strong>val \u00e9s <strong>Nagy P\u00e9ter<\/strong>rel egy sz\u00e9pen csillog\u00f3 <strong>ez\u00fcst<\/strong> \u00e9rmet szerzett.<br \/>\n<a href=\"https:\/\/jwoc2022.pt\/jwoc-live-center-sprint-relay-wednesday-13th-july\/\" rel=\"noopener\" target=\"_blank\">Tov\u00e1bbi eredm\u00e9nyek<\/a><\/p>\n<p><strong><u>Vil\u00e1gj\u00e1t\u00e9kok<\/u><\/strong> &#8211; 2022.07.15-17. &#8211; Birmingham, USA<br \/>\n<strong>S\u00e1rk\u00f6zy Zs\u00f3fi<\/strong> egyed\u00fclik\u00e9nt k\u00e9pviselte Magyarorsz\u00e1got \u00e9s a <strong>k\u00f6z\u00e9pt\u00e1v 17. hely<\/strong>\u00e9vel megszerezte minden id\u0151k legjobb magyar n\u0151i helyez\u00e9s\u00e9t a Vil\u00e1gj\u00e1t\u00e9kokon.<br \/>\n<a href=\"https:\/\/orienteering.sport\/event\/the-world-games-2022\/middle\/\" rel=\"noopener\" target=\"_blank\">Tov\u00e1bbi eredm\u00e9nyek<\/a><\/p>\n<p><strong><u>Trail-O VB<\/u><\/strong> &#8211; 2022.07.20-23. &#8211; Jelena Gora, Poland<br \/>\n<strong>K\u00e1rolyi Gerg\u0151<\/strong> k\u00e9pviselte a magyar sz\u00edneket a Sparib\u00f3l \u00e9s tisztesen helyt\u00e1llt.<br \/>\n<a href=\"http:\/\/wtoc2021.pl\/\" rel=\"noopener\" target=\"_blank\">Tov\u00e1bbi eredm\u00e9nyek<\/a><\/p>\n<p><strong><u>F\u0151iskol\u00e1s VB<\/u><\/strong> &#8211; 2022.08.17-21. &#8211; Magglingen, Switzerland<br \/>\n<strong>S\u00e1rk\u00f6zy Zs\u00f3fi<\/strong>, <strong>Bujdos\u00f3 Zolt\u00e1n<\/strong>, <strong>Divin P\u00e9ter<\/strong>, <strong>Nagy P\u00e9ter<\/strong> \u00e9s <strong>Ormay Misi<\/strong> k\u00e9pviselte a magyar sz\u00edneket a Sparib\u00f3l.<br \/>\n<a href=\"https:\/\/www.tajfutas.hu\/hirek\/hirkereso\/23-tajfutas\/2238-ormay-mihaly-11-az-egyetemi-vb-sprintjen\" target=\"_blank\" rel=\"noopener\">Sprint<\/a>, <a href=\"https:\/\/www.tajfutas.hu\/hirek\/hirkereso\/23-tajfutas\/2239-dupla-svajci-arany-hosszutavon\" target=\"_blank\" rel=\"noopener\">Long<\/a>, <a href=\"https:\/\/www.tajfutas.hu\/hirek\/hirkereso\/23-tajfutas\/2241-sarkozy-zsofia-17-az-egyetemi-vb-kozeptavjan\" target=\"_blank\" rel=\"noopener\">Middle<\/a>, <a href=\"https:\/\/www.tajfutas.hu\/hirek\/hirkereso\/23-tajfutas\/2242-hetedik-es-nyolcadik-hely-az-erdei-valton\" target=\"_blank\" rel=\"noopener\">Erdei v\u00e1lt\u00f3<\/a> Zs\u00f3fival, Zolival \u00e9s Misivel.<br \/>\n<a href=\"https:\/\/wucorienteering2022.ch\/\" rel=\"noopener\" target=\"_blank\">Tov\u00e1bbi eredm\u00e9nyek<\/a><\/p>\n<p><strong><u>Junior Vil\u00e1gbajnoks\u00e1g<\/u><\/strong> folytat\u00e1s &#8211; 2022.11.04-06. &#8211; Aguiar da Beira, Portug\u00e1lia<br \/>\n<a href=\"https:\/\/www.tajfutas.hu\/hirek\/hirkereso\/23-tajfutas\/2262-folytat\u00f3dik-a-junior-vilagbajnoksag\" target=\"_blank\" rel=\"noopener\">Visszat\u00e9rt<\/a> a mez\u0151ny Portug\u00e1li\u00e1ba az erdei sz\u00e1mokra \u00e9s fantasztikus eredm\u00e9nyek sz\u00fclettek. K\u00f6z\u00e9pt\u00e1von <a href=\"https:\/\/www.tajfutas.hu\/hirek\/hirkereso\/23-tajfutas\/2264-bujdoso-zoltan-junior-vilagbajnok\" target=\"_blank\" rel=\"noopener\">bajnok<\/a> lett <strong>Bujdos\u00f3 Zoli<\/strong>, m\u00e1snap <a href=\"https:\/\/www.tajfutas.hu\/hirek\/hirkereso\/23-tajfutas\/2266-ezustermes-a-lany-valtonk-a-junior-vilagbajnoksagon\" target=\"_blank\" rel=\"noopener\">hetedik<\/a> lett a fi\u00fa v\u00e1lt\u00f3<strong> Nagy P\u00e9ter \u00e9s Bujdos\u00f3 Zoli<\/strong> r\u00e9szv\u00e9tel\u00e9vel, v\u00e9g\u00fcl a z\u00e1r\u00f3 napon a hossz\u00fat\u00e1von <strong>Bujdos\u00f3 Zoli<\/strong> <a href=\"https:\/\/www.tajfutas.hu\/hirek\/hirkereso\/23-tajfutas\/2267-bujdoso-zoltan-hatodik-helyezett-lett-a-junior-vb-hosszutavjan\" target=\"_blank\" rel=\"noopener\">hatodik<\/a> lett.<br \/>\n<a href=\"https:\/\/jwoc2022.pt\/jwoc-live-center-sprint-relay-wednesday-13th-july\/\" rel=\"noopener\" target=\"_blank\">Tov\u00e1bbi eredm\u00e9nyek<\/a><\/p>\n","protected":false},"excerpt":{"rendered":"<p>Ny\u00e1ri Siketlimpia Vil\u00e1gj\u00e1t\u00e9kok &#8211; 2022.05.01-15. &#8211; Caxias do Sul, Brazilia Mih\u00e1lyi Ferenc minden egy\u00e9ni sz\u00e1mban beker\u00fclt a legjobb hatba \u00e9s az erdei v\u00e1lt\u00f3ban ez\u00fcst \u00e9rmet szerzett a magyar v\u00e1lt\u00f3. Tov\u00e1bbi eredm\u00e9nyek T\u00e1jfut\u00f3 (Feln\u0151tt) Vil\u00e1gbajnoks\u00e1g &#8211; 2022.06.26-30. &#8211; Billund, D\u00e1nia Bak\u00f3 \u00c1ron el\u0151d\u00f6nt\u0151be jutott \u00e9s v\u00e9g\u00fcl 18. helyet \u00e9rt el az els\u0151 \u00edzben megrendezett Knock-Out Sprint &hellip; <a href=\"https:\/\/www.tabanispartacus.hu\/tajfuto\/wordpress\/?page_id=6706\" class=\"more-link\"><span class=\"screen-reader-text\">2022 nemzetk\u00f6zi sparis sikerei<\/span> olvas\u00e1s\u00e1nak folytat\u00e1sa <span class=\"meta-nav\">&rarr;<\/span><\/a><\/p>\n","protected":false},"author":1,"featured_media":0,"parent":0,"menu_order":0,"comment_status":"closed","ping_status":"closed","template":"","meta":{"ngg_post_thumbnail":0},"_links":{"self":[{"href":"https:\/\/www.tabanispartacus.hu\/tajfuto\/wordpress\/index.php?rest_route=\/wp\/v2\/pages\/6706"}],"collection":[{"href":"https:\/\/www.tabanispartacus.hu\/tajfuto\/wordpress\/index.php?rest_route=\/wp\/v2\/pages"}],"about":[{"href":"https:\/\/www.tabanispartacus.hu\/tajfuto\/wordpress\/index.php?rest_route=\/wp\/v2\/types\/page"}],"author":[{"embeddable":true,"href":"https:\/\/www.tabanispartacus.hu\/tajfuto\/wordpress\/index.php?rest_route=\/wp\/v2\/users\/1"}],"replies":[{"embeddable":true,"href":"https:\/\/www.tabanispartacus.hu\/tajfuto\/wordpress\/index.php?rest_route=%2Fwp%2Fv2%2Fcomments&post=6706"}],"version-history":[{"count":11,"href":"https:\/\/www.tabanispartacus.hu\/tajfuto\/wordpress\/index.php?rest_route=\/wp\/v2\/pages\/6706\/revisions"}],"predecessor-version":[{"id":6792,"href":"https:\/\/www.tabanispartacus.hu\/tajfuto\/wordpress\/index.php?rest_route=\/wp\/v2\/pages\/6706\/revisions\/6792"}],"wp:attachment":[{"href":"https:\/\/www.tabanispartacus.hu\/tajfuto\/wordpress\/index.php?rest_route=%2Fwp%2Fv2%2Fmedia&parent=6706"}],"curies":[{"name":"wp","href":"https:\/\/api.w.org\/{rel}","templated":true}]}}

2022 nemzetközi sparis sikerei

<p><strong><u>Nyári Siketlimpia Világjátékok</u></strong> &#8211; 2022.05.01-15. &#8211; Caxias do Sul, Brazilia<br />
<strong>Mihályi Ferenc</strong> minden egyéni számban bekerült a legjobb hatba és az erdei <strong>váltó</strong>ban <strong>ezüst</strong> érmet szerzett a magyar váltó.<br />
<a href="https://www.deaflympics2021.com/wp-content/uploads/2022/05/report_2022.pdf" rel="noopener" target="_blank">További eredmények</a></p>
<p><strong><u>Tájfutó (Felnőtt) Világbajnokság</u></strong> &#8211; 2022.06.26-30. &#8211; Billund, Dánia<br />
<strong>Bakó Áron elődöntőbe jutott</strong> és végül <strong>18. helyet</strong> ért el az első ízben megrendezett <strong>Knock-Out Sprint</strong> versenyen. <strong>Sárközy Zsófi</strong> és <strong>Bujdosó Zoli</strong> is tisztesen helytálltak.<br />
<a href="https://www.woc2022.dk/" rel="noopener" target="_blank">További eredmények</a></p>
<p><strong><u>Ifjúsági Európa Bajnokság</u></strong> &#8211; 2022.07.02-04. &#8211; Salgótarján<br />
<strong>Csoboth Marci</strong> minden futamon a dobóra állt, a <strong>sprint aranyát</strong> egy-egy <strong>hosszútáv</strong> és <strong>váltó ezüsttel</strong> keretezte. Továbbá <strong>Koren Anikó</strong> és <strong>Csoboth Misi</strong> is top 30-as eredménnyel mutatkozott be első ifi EB-jükön.<br />
<a href="https://orienteering.sport/event/european-youth-orienteering-championships/welcome/" rel="noopener" target="_blank">További eredmények</a></p>
<p><strong><u>Junior Világbajnokság</u></strong> &#8211; 2022.07.11-13. &#8211; Aguiar da Beira, Portugália<br />
Erdőtűz veszély miatt csak a sprint számokat tartották meg. A váltón a magyar csapat, <strong>Bujdosó Zoli</strong>val és <strong>Nagy Péter</strong>rel egy szépen csillogó <strong>ezüst</strong> érmet szerzett.<br />
<a href="https://jwoc2022.pt/jwoc-live-center-sprint-relay-wednesday-13th-july/" rel="noopener" target="_blank">További eredmények</a></p>
<p><strong><u>Világjátékok</u></strong> &#8211; 2022.07.15-17. &#8211; Birmingham, USA<br />
<strong>Sárközy Zsófi</strong> egyedüliként képviselte Magyarországot és a <strong>középtáv 17. hely</strong>ével megszerezte minden idők legjobb magyar női helyezését a Világjátékokon.<br />
<a href="https://orienteering.sport/event/the-world-games-2022/middle/" rel="noopener" target="_blank">További eredmények</a></p>
<p><strong><u>Trail-O VB</u></strong> &#8211; 2022.07.20-23. &#8211; Jelena Gora, Poland<br />
<strong>Károlyi Gergő</strong> képviselte a magyar színeket a Spariból és tisztesen helytállt.<br />
<a href="http://wtoc2021.pl/" rel="noopener" target="_blank">További eredmények</a></p>
<p><strong><u>Főiskolás VB</u></strong> &#8211; 2022.08.17-21. &#8211; Magglingen, Switzerland<br />
<strong>Sárközy Zsófi</strong>, <strong>Bujdosó Zoltán</strong>, <strong>Divin Péter</strong>, <strong>Nagy Péter</strong> és <strong>Ormay Misi</strong> képviselte a magyar színeket a Spariból.<br />
<a href="https://www.tajfutas.hu/hirek/hirkereso/23-tajfutas/2238-ormay-mihaly-11-az-egyetemi-vb-sprintjen" target="_blank" rel="noopener">Sprint</a>, <a href="https://www.tajfutas.hu/hirek/hirkereso/23-tajfutas/2239-dupla-svajci-arany-hosszutavon" target="_blank" rel="noopener">Long</a>, <a href="https://www.tajfutas.hu/hirek/hirkereso/23-tajfutas/2241-sarkozy-zsofia-17-az-egyetemi-vb-kozeptavjan" target="_blank" rel="noopener">Middle</a>, <a href="https://www.tajfutas.hu/hirek/hirkereso/23-tajfutas/2242-hetedik-es-nyolcadik-hely-az-erdei-valton" target="_blank" rel="noopener">Erdei váltó</a> Zsófival, Zolival és Misivel.<br />
<a href="https://wucorienteering2022.ch/" rel="noopener" target="_blank">További eredmények</a></p>
<p><strong><u>Junior Világbajnokság</u></strong> folytatás &#8211; 2022.11.04-06. &#8211; Aguiar da Beira, Portugália<br />
<a href="https://www.tajfutas.hu/hirek/hirkereso/23-tajfutas/2262-folytatódik-a-junior-vilagbajnoksag" target="_blank" rel="noopener">Visszatért</a> a mezőny Portugáliába az erdei számokra és fantasztikus eredmények születtek. Középtávon <a href="https://www.tajfutas.hu/hirek/hirkereso/23-tajfutas/2264-bujdoso-zoltan-junior-vilagbajnok" target="_blank" rel="noopener">bajnok</a> lett <strong>Bujdosó Zoli</strong>, másnap <a href="https://www.tajfutas.hu/hirek/hirkereso/23-tajfutas/2266-ezustermes-a-lany-valtonk-a-junior-vilagbajnoksagon" target="_blank" rel="noopener">hetedik</a> lett a fiú váltó<strong> Nagy Péter és Bujdosó Zoli</strong> részvételével, végül a záró napon a hosszútávon <strong>Bujdosó Zoli</strong> <a href="https://www.tajfutas.hu/hirek/hirkereso/23-tajfutas/2267-bujdoso-zoltan-hatodik-helyezett-lett-a-junior-vb-hosszutavjan" target="_blank" rel="noopener">hatodik</a> lett.<br />
<a href="https://jwoc2022.pt/jwoc-live-center-sprint-relay-wednesday-13th-july/" rel="noopener" target="_blank">További eredmények</a></p>

<p>Nyári Siketlimpia Világjátékok &#8211; 2022.05.01-15. &#8211; Caxias do Sul, Brazilia Mihályi Ferenc minden egyéni számban bekerült a legjobb hatba és az erdei váltóban ezüst érmet szerzett a magyar váltó. További eredmények Tájfutó (Felnőtt) Világbajnokság &#8211; 2022.06.26-30. &#8211; Billund, Dánia Bakó Áron elődöntőbe jutott és végül 18. helyet ért el az első ízben megrendezett Knock-Out Sprint &hellip; <a href="https://www.tabanispartacus.hu/tajfuto/wordpress/?page_id=6706" class="more-link"><span class="screen-reader-text">2022 nemzetközi sparis sikerei</span> olvasásának folytatása <span class="meta-nav">&rarr;</span></a></p>
