{"id":500,"date":"2012-07-12T14:22:35","date_gmt":"2012-07-12T12:22:35","guid":{"rendered":"http:\/\/tabanispartacus.wordpress.com\/?page_id=500"},"modified":"2012-07-12T14:22:35","modified_gmt":"2012-07-12T12:22:35","slug":"versenyeink-1970-ben","status":"publish","type":"page","link":"https:\/\/www.tabanispartacus.hu\/tajfuto\/wordpress\/?page_id=500","title":{"rendered":"Versenyeink 1970-ben"},"content":{"rendered":"<p>&nbsp;<\/p>\n<table width=\"100%\" border=\"0\" cellspacing=\"0\" cellpadding=\"10\">\n<tbody>\n<tr>\n<td align=\"center\" valign=\"top\" width=\"100%\">\n<p align=\"center\">1970<\/p>\n<p align=\"LEFT\">M\u00f3r V\u00e9rtes 1<\/p>\n<p align=\"LEFT\">Els\u0151 alkalommal kaptak versenyz\u0151 kartont magyar verseny r\u00e9sztvev\u0151i. Versenyt\u00e9rk\u00e9pen el\u0151sz\u00f6r jelent meg a futhat\u00f3s\u00e1g \u00e1br\u00e1zol\u00e1sa a z\u00f6ld sz\u00edn \u00e1rnyalataival (a ny\u00e1ri sv\u00e9d O-Ringen versenysorozat t\u00e9rk\u00e9p\u00e9nek mint\u00e1j\u00e1ra).<\/p>\n<p align=\"LEFT\">Gy\u0151ztesek:<\/p>\n<p align=\"LEFT\">Nemzetk\u00f6zi:<br \/>\nF 21 I. Rolf JACOBSSON Sv\u00e9dorsz\u00e1g<br \/>\nN 19 I MONSZPART Sarolta SPARTACUS TE<br \/>\nF 21 I. Csapat :Sv\u00e9dorsz\u00e1g \/Jacobsson, Axelsson, Sellgren\/<br \/>\nN 19 I. Csapat :Sv\u00e9dorsz\u00e1g \/Johansson, \u0139hling, Marsh\/<br \/>\nF 21 I. V\u00e1lt\u00f3 : Sv\u00e9dorsz\u00e1g \/Pettersson, Radestr\u00f6m, Fridriksson\/<br \/>\nN 19 I. V\u00e1lt\u00f3 : Sv\u00e9dorsz\u00e1g \/Johansson, Knutsson, \u0139hling\/<\/p>\n<p align=\"LEFT\">Hazai:<br \/>\nF 21 II. Baranyai Antal H\u00f3dmez\u0151v\u00e1s\u00e1rhelyi MEDOSZ<br \/>\nF 17 II. Heged\u0171s Zolt\u00e1n OSC<br \/>\nF 15 III. ifj. Balla S\u00e1ndor KFKI<br \/>\nN 19 II. Szopori \u00c9va SPARTACUS TE<br \/>\nN 15 III. Fodor Cec\u00edlia BEAC<\/p>\n<\/td>\n<\/tr>\n<\/tbody>\n<\/table>\n","protected":false},"excerpt":{"rendered":"<p>&nbsp; 1970 M\u00f3r V\u00e9rtes 1 Els\u0151 alkalommal kaptak versenyz\u0151 kartont magyar verseny r\u00e9sztvev\u0151i. Versenyt\u00e9rk\u00e9pen el\u0151sz\u00f6r jelent meg a futhat\u00f3s\u00e1g \u00e1br\u00e1zol\u00e1sa a z\u00f6ld sz\u00edn \u00e1rnyalataival (a ny\u00e1ri sv\u00e9d O-Ringen versenysorozat t\u00e9rk\u00e9p\u00e9nek mint\u00e1j\u00e1ra). Gy\u0151ztesek: Nemzetk\u00f6zi: F 21 I. Rolf JACOBSSON Sv\u00e9dorsz\u00e1g N 19 I MONSZPART Sarolta SPARTACUS TE F 21 I. Csapat :Sv\u00e9dorsz\u00e1g \/Jacobsson, Axelsson, Sellgren\/ N &hellip; <a href=\"https:\/\/www.tabanispartacus.hu\/tajfuto\/wordpress\/?page_id=500\" class=\"more-link\"><span class=\"screen-reader-text\">Versenyeink 1970-ben<\/span> olvas\u00e1s\u00e1nak folytat\u00e1sa <span class=\"meta-nav\">&rarr;<\/span><\/a><\/p>\n","protected":false},"author":1,"featured_media":0,"parent":34,"menu_order":0,"comment_status":"closed","ping_status":"closed","template":"","meta":{"ngg_post_thumbnail":0},"_links":{"self":[{"href":"https:\/\/www.tabanispartacus.hu\/tajfuto\/wordpress\/index.php?rest_route=\/wp\/v2\/pages\/500"}],"collection":[{"href":"https:\/\/www.tabanispartacus.hu\/tajfuto\/wordpress\/index.php?rest_route=\/wp\/v2\/pages"}],"about":[{"href":"https:\/\/www.tabanispartacus.hu\/tajfuto\/wordpress\/index.php?rest_route=\/wp\/v2\/types\/page"}],"author":[{"embeddable":true,"href":"https:\/\/www.tabanispartacus.hu\/tajfuto\/wordpress\/index.php?rest_route=\/wp\/v2\/users\/1"}],"replies":[{"embeddable":true,"href":"https:\/\/www.tabanispartacus.hu\/tajfuto\/wordpress\/index.php?rest_route=%2Fwp%2Fv2%2Fcomments&post=500"}],"version-history":[{"count":0,"href":"https:\/\/www.tabanispartacus.hu\/tajfuto\/wordpress\/index.php?rest_route=\/wp\/v2\/pages\/500\/revisions"}],"up":[{"embeddable":true,"href":"https:\/\/www.tabanispartacus.hu\/tajfuto\/wordpress\/index.php?rest_route=\/wp\/v2\/pages\/34"}],"wp:attachment":[{"href":"https:\/\/www.tabanispartacus.hu\/tajfuto\/wordpress\/index.php?rest_route=%2Fwp%2Fv2%2Fmedia&parent=500"}],"curies":[{"name":"wp","href":"https:\/\/api.w.org\/{rel}","templated":true}]}}