{"id":465,"date":"2012-07-12T13:55:24","date_gmt":"2012-07-12T11:55:24","guid":{"rendered":"http:\/\/tabanispartacus.wordpress.com\/?page_id=465"},"modified":"2015-05-08T17:24:27","modified_gmt":"2015-05-08T15:24:27","slug":"versenyeink-1983-ban","status":"publish","type":"page","link":"https:\/\/www.tabanispartacus.hu\/tajfuto\/wordpress\/?page_id=465","title":{"rendered":"Versenyeink 1983-ban"},"content":{"rendered":"<p>&nbsp;<\/p>\n<table width=\"100%\" border=\"0\" cellspacing=\"0\" cellpadding=\"10\">\n<tbody>\n<tr>\n<td align=\"center\" valign=\"top\" width=\"100%\">\n<p align=\"CENTER\">1983<\/p>\n<p align=\"LEFT\">M\u00e1rcius 20 Spartacus kupa A-AH GSSE<\/p>\n<p align=\"LEFT\">XXXI. INTERNATIONALER OL POKAL \u0084November 7\u0094 Eml\u00e9kverseny<br \/>\nM\u00e1traf\u00fcred S\u00e1st\u00f3 1983. november 5-6.<\/p>\n<p align=\"LEFT\">Rendez\u0151: G\u00c9P- \u00c9S VEGYIPARI SPARTACUS SE. T\u00c1J\u00c9KOZ\u00d3D\u00c1SI FUT\u00d3 SZAKOSZT\u00c1LYA<\/p>\n<p align=\"LEFT\">VERSENYB\u00cdR\u00d3S\u00c1G<br \/>\nEln\u00f6k Gyalog L\u00e1szl\u00f3<br \/>\nEln\u00f6k h. Balogh Tam\u00e1s, Rib\u00e9nyi Imre<br \/>\nTitk\u00e1r Hunyadi J\u00f3zsef<br \/>\nP\u00e1lyakit\u0171z\u0151k Balla S\u00e1ndor (egy\u00e9ni) Horv\u00e1th Attila (v\u00e1lt\u00f3)<br \/>\nEllen\u0151rz\u0151b\u00edr\u00f3k Valkony Ferenc (egy\u00e9ni) Lantos Mikl\u00f3s (v\u00e1lt\u00f3)<br \/>\nTechnikai \u00fcgyek \u00d3hegyi Albin<br \/>\nNemzetk\u00f6zi \u00fcgyek B\u00e1rsony Andr\u00e1s<br \/>\nGazdas\u00e1gi \u00fcgyek Pataki Zsolt<\/p>\n<p align=\"LEFT\">\u00c1LTAL\u00c1NOS TUDNIVAL\u00d3K<br \/>\nVersenyk\u00f6zpont: M\u00e1traf\u00fcred S\u00e1st\u00f3, Heves megyei \u00datt\u00f6r\u0151t\u00e1bor<br \/>\nItt f\u00e9rfi \u00e9s n\u0151i \u00f6lt\u00f6z\u0151, valamint melegvizes mosd\u00e1si lehet\u0151s\u00e9g van. (K\u00e9rj\u00fck a versenyz\u0151ket, hogy takar\u00e9koskodjanak a melegv\u00edzzel.)<br \/>\nA t\u00e9rk\u00e9p 1983-ban helyesb\u00edtett, 1 : 15 000 m\u00e9retar\u00e1ny\u00fa, f\u00f3li\u00e1zott, m\u00e9rete: 29,2X38,5 cm.<br \/>\nAz ellen\u0151rz\u0151pontokon sz\u00far\u00f3b\u00e9lyegz\u0151 van, a pontmegnevez\u00e9sek a t\u00e9rk\u00e9pen szimbollal vannak megadva.<br \/>\nA c\u00e9lba\u00e9rkez\u00e9s ut\u00e1n 160 percig le kell adni a t\u00e9rk\u00e9peket a kluboknak a f\u00fczetben megadott sorsz\u00e1m szerinti tasakj\u00e1ba.<br \/>\nA c\u00e9lban a versenyz\u0151k sorsz\u00e1mot kapnak, amelyet a kordon v\u00e9g\u00e9n a kartonra \u00e1t\u00edrnak. A sorsz\u00e1m ellen\u00e9ben a versenyz\u0151k friss\u00edt\u0151t kapnak.<br \/>\nA verseny hivatalos nyelve a magyar \u00e9s a n\u00e9met.<br \/>\nA versenyt az IOF nemzetk\u00f6zi szab\u00e1lyai szerint rendezz\u00fck, a verseny kateg\u00f3ri\u00e1ja IOF-B kateg\u00f3ria.<br \/>\nAz \u00f6sszes kateg\u00f3ri\u00e1k els\u0151 h\u00e1rom helyezettje \u00e9remd\u00edjaz\u00e1sban \u00e9s tiszteletd\u00edjban r\u00e9szes\u00fcl.<\/p>\n<p align=\"LEFT\">P\u00e1lyaadatok:<br \/>\nKateg\u00f3ria T\u00e1v (km) Pontok sz.<br \/>\nF 21 E 14,0 25<br \/>\nF 21 A 12,0 21<br \/>\nF 21 B 10,1 14<br \/>\nF 19-20A 12,6 21<br \/>\nF 17-18B 9,5 14<br \/>\nF 15-16B 7,6 10<br \/>\nF 13-14B 4,8 8<br \/>\nF 35 B 9,6 15<br \/>\nN 21 A 8,1 16<br \/>\nN21 B 6,5 9<br \/>\nN 19-20A 6,7 10<br \/>\nN 17-18B 5,5 10<br \/>\nN 15-16B 4,9 9<br \/>\nN 13-14B 4,0 6<br \/>\nNy\u00edlt 2,7 8<\/p>\n<p align=\"LEFT\">A v\u00e1lt\u00f3 verseny m o t a l a rendszer\u0171<\/p>\n<p align=\"LEFT\">P\u00e1lyaadatok:<br \/>\nKateg\u00f3ria T\u00e1v (km) Pontok sz.<br \/>\nF 21 A 8,5-9,0 14-16<br \/>\nF 17-18B 6,8-7,0 9-11<br \/>\nN 21 A 6,5-6,7 10-12<br \/>\nN 17-18B 5,0-5,5 7-9<\/p>\n<p align=\"LEFT\">Eredm\u00e9nyek<\/p>\n<p align=\"LEFT\">H 21 E 45 indul\u00f3, 32 \u00e9rt\u00e9kelhet\u0151<br \/>\n1. Sj\u00f6gren Anders O-Ringen \/ SWE 97,01<br \/>\n2. Uchytil Vlastimil T\u0159inec \/ TCH 103,17<br \/>\n3. Moln\u00e1r G\u00e9za BEAC \/ HUN 103,21<br \/>\n4. Lantos Zolt\u00e1n BEAC \/ HUN 103,45<br \/>\n5. Poll\u00e1k Jozef VST Ko\u009aice \/ TCH 103,45<br \/>\n6. P\u00e1pai J\u00e1nos PVSK \/ HUN 105,11<br \/>\n7. Kacmar\u010dik Jaroslav T\u0159inec \/ TCH 105,41<br \/>\n8. Jonsson S\u00f6ren IFK Liding\u00f6 \/ SWE 105,55<br \/>\n9. Benedek Istv\u00e1n Szf. Vol\u00e1n \/ HUN 107,47<br \/>\n10. Kiss Zolt\u00e1n Post\u00e1s \/ HUN 108,36<\/p>\n<p align=\"LEFT\">H 19 A 41 indul\u00f3, 33 \u00e9rt\u00e9kelhet\u0151<br \/>\n1. Vavrys Petr Luha\u010dovice \/ TCH 100,48<br \/>\n<strong>2. Bardi J\u00e1nos GSSE 102,99<\/strong><br \/>\n3. Heiskanen Jarmo FIN 106,36<br \/>\n<strong>20. K\u00e1rolyi Gyula GSSE 126,35<\/strong><\/p>\n<p align=\"LEFT\">H 17 B 55 indul\u00f3, 51 \u00e9rt\u00e9kelhet\u0151<br \/>\n1. Antal G\u00e1bor Sch\u00f6nherz 69,28<br \/>\n<strong>2. Siegler Konr\u00e1d GSSE 69,31<br \/>\n<\/strong>3. Makra Zsigmond OSC 72,41<br \/>\n<strong>34. Kapit\u00e1ny S\u00e1ndor GSSE 105,69<br \/>\n38. Sz\u0151ll\u0151si G\u00e1bor GSSE 109,66<\/strong><\/p>\n<p align=\"LEFT\">H 15 B\/1 65 indul\u00f3, 62 \u00e9rt\u00e9kelhet\u0151<br \/>\n1. Vass Attila Sch\u00f6nherz 65,09<br \/>\n2. Herendi Csaba PVSK 67,58<br \/>\n<strong>4. Paulovits L\u00e1szl\u00f3 GSSE 68,44<br \/>\n5. Walter S\u00e1ndor GSSE 68,83<br \/>\n12. Koltai Zolt\u00e1n GSSE 72,86<br \/>\n43. Sch\u00f6nviszky Gy\u00f6rgy GSSE 94,38<\/strong><\/p>\n<p align=\"LEFT\">H 15 B\/2 55 indul\u00f3, 50 \u00e9rt\u00e9kelhet\u0151<br \/>\n1. Pavlovics G\u00e1bor Kap. R\u00e1k\u00f3czi 61,83<br \/>\n2. Grabecz Tibor Szf. Vol\u00e1n SC 63,74<br \/>\n<strong>20. Maczik Zolt\u00e1n GSSE 76,92<br \/>\n37. Doma Imre GSSE 87,08<\/strong><\/p>\n<p align=\"LEFT\">D 21 A 40 indul\u00f3, 39 \u00e9rt\u00e9kelhet\u0151<br \/>\n1. Rost\u00e1s Ir\u00e9n HVSE 74,03<\/p>\n<p align=\"LEFT\">2. Kucharov\u00e1 Ada VSZ Brno \/ TCH 74,91<br \/>\n3. Lendl Zita Post\u00e1s 75,46<br \/>\n4. Kov\u00e1cs Magda TIP\u00d3 79,03<br \/>\n5. Zukule Alida TIP\u00d3 79,14<br \/>\n6. Jerger Val\u00e9ria PVSK 81,12<\/p>\n<p align=\"LEFT\">D 19 A 26 indul\u00f3, 26 \u00e9rt\u00e9kelhet\u0151<br \/>\n1. Ol\u00e1h Katalin Mg. F\u0151isk. 61,28<br \/>\n2. Pokk Mariann Videoton 65,37<br \/>\n3. Stokseth Lene FET O-LAG \/ NOR 71,42<\/p>\n<p align=\"LEFT\">D 17 B 41 indul\u00f3, 41 \u00e9rt\u00e9kelhet\u0151<br \/>\n1. Pint\u00e9r Zsuzsa Post\u00e1s 51,13<br \/>\n2. Coufaltkov\u00e1 Dagmar Luha\u010dovice \/ TCH 55,08<br \/>\n3. \u00dcveges Gabriella BEAC 55,81<\/p>\n<p align=\"LEFT\">D 15 B 79 indul\u00f3, 76 \u00e9rt\u00e9kelhet\u0151<br \/>\n1. Ferenczi Timea K\u0151b\u00e1nyai Lombik 43,84<br \/>\n2. Jeler Ilona ROM 44,19<br \/>\n6. <strong>Gy\u0151rffy Gabi GSSE<\/strong> 46,88<br \/>\n60. <strong>Sz\u0151cs Szonja GSSE<\/strong> 66,82<br \/>\n62. <strong>R\u00e9dei Judit GSSE<\/strong> 68,04<\/p>\n<p align=\"LEFT\">D 13 B 24 indul\u00f3, 23 \u00e9rt\u00e9kelhet\u0151<br \/>\n1. Pffeiffer Zsuzsi SMAFC 40,97<br \/>\n2. <strong>Szab\u00f3 M\u00f3ni GSSE<\/strong> 44,23<br \/>\n12. <strong>Marosfalvi Eszter GSSE<\/strong> 57,88<\/p>\n<p align=\"LEFT\">Indul\u00f3k sz\u00e1ma \u00f6sszesen 769 f\u0151.<br \/>\nLegn\u00e9pesebb kateg\u00f3ri\u00e1k: H15B (1-2) 120 f\u0151, D15B 79 f\u0151, F21B 77 f\u0151.<\/p>\n<p><strong><a href=\"http:\/\/www.tabanispartacus.hu\/tajfuto\/wordpress\/?page_id=34\">Vissza a Spari kup\u00e1k kezd\u0151oldal\u00e1ra<\/a><\/strong><\/td>\n<\/tr>\n<\/tbody>\n<\/table>\n","protected":false},"excerpt":{"rendered":"<p>&nbsp; 1983 M\u00e1rcius 20 Spartacus kupa A-AH GSSE XXXI. INTERNATIONALER OL POKAL \u0084November 7\u0094 Eml\u00e9kverseny M\u00e1traf\u00fcred S\u00e1st\u00f3 1983. november 5-6. Rendez\u0151: G\u00c9P- \u00c9S VEGYIPARI SPARTACUS SE. T\u00c1J\u00c9KOZ\u00d3D\u00c1SI FUT\u00d3 SZAKOSZT\u00c1LYA VERSENYB\u00cdR\u00d3S\u00c1G Eln\u00f6k Gyalog L\u00e1szl\u00f3 Eln\u00f6k h. Balogh Tam\u00e1s, Rib\u00e9nyi Imre Titk\u00e1r Hunyadi J\u00f3zsef P\u00e1lyakit\u0171z\u0151k Balla S\u00e1ndor (egy\u00e9ni) Horv\u00e1th Attila (v\u00e1lt\u00f3) Ellen\u0151rz\u0151b\u00edr\u00f3k Valkony Ferenc (egy\u00e9ni) Lantos Mikl\u00f3s &hellip; <a href=\"https:\/\/www.tabanispartacus.hu\/tajfuto\/wordpress\/?page_id=465\" class=\"more-link\"><span class=\"screen-reader-text\">Versenyeink 1983-ban<\/span> olvas\u00e1s\u00e1nak folytat\u00e1sa <span class=\"meta-nav\">&rarr;<\/span><\/a><\/p>\n","protected":false},"author":1,"featured_media":0,"parent":34,"menu_order":0,"comment_status":"closed","ping_status":"closed","template":"","meta":{"ngg_post_thumbnail":0},"_links":{"self":[{"href":"https:\/\/www.tabanispartacus.hu\/tajfuto\/wordpress\/index.php?rest_route=\/wp\/v2\/pages\/465"}],"collection":[{"href":"https:\/\/www.tabanispartacus.hu\/tajfuto\/wordpress\/index.php?rest_route=\/wp\/v2\/pages"}],"about":[{"href":"https:\/\/www.tabanispartacus.hu\/tajfuto\/wordpress\/index.php?rest_route=\/wp\/v2\/types\/page"}],"author":[{"embeddable":true,"href":"https:\/\/www.tabanispartacus.hu\/tajfuto\/wordpress\/index.php?rest_route=\/wp\/v2\/users\/1"}],"replies":[{"embeddable":true,"href":"https:\/\/www.tabanispartacus.hu\/tajfuto\/wordpress\/index.php?rest_route=%2Fwp%2Fv2%2Fcomments&post=465"}],"version-history":[{"count":1,"href":"https:\/\/www.tabanispartacus.hu\/tajfuto\/wordpress\/index.php?rest_route=\/wp\/v2\/pages\/465\/revisions"}],"predecessor-version":[{"id":2455,"href":"https:\/\/www.tabanispartacus.hu\/tajfuto\/wordpress\/index.php?rest_route=\/wp\/v2\/pages\/465\/revisions\/2455"}],"up":[{"embeddable":true,"href":"https:\/\/www.tabanispartacus.hu\/tajfuto\/wordpress\/index.php?rest_route=\/wp\/v2\/pages\/34"}],"wp:attachment":[{"href":"https:\/\/www.tabanispartacus.hu\/tajfuto\/wordpress\/index.php?rest_route=%2Fwp%2Fv2%2Fmedia&parent=465"}],"curies":[{"name":"wp","href":"https:\/\/api.w.org\/{rel}","templated":true}]}}