{"id":463,"date":"2012-07-12T13:54:24","date_gmt":"2012-07-12T11:54:24","guid":{"rendered":"http:\/\/tabanispartacus.wordpress.com\/?page_id=463"},"modified":"2015-05-08T17:25:36","modified_gmt":"2015-05-08T15:25:36","slug":"versenyeink-1992-ben","status":"publish","type":"page","link":"https:\/\/www.tabanispartacus.hu\/tajfuto\/wordpress\/?page_id=463","title":{"rendered":"Versenyeink 1992-ben"},"content":{"rendered":"<p>&nbsp;<\/p>\n<table width=\"100%\" border=\"0\" cellspacing=\"0\" cellpadding=\"10\">\n<tbody>\n<tr>\n<td align=\"center\" valign=\"top\" width=\"100%\">\n<p align=\"CENTER\">1992<\/p>\n<p>&nbsp;<\/p>\n<p align=\"LEFT\"><strong>SPARTACUS-FLEXO KUPA<br \/>\n<\/strong>G\u00e1nt 1992. november 7 \u0096 8.<\/p>\n<p align=\"LEFT\">T\u00e9rk\u00e9p: G\u00c9M-HEGY m\u00e9retar\u00e1ny 1:15 000 alapszintk\u00f6z 5m<br \/>\nHelyesb\u00edt\u00e9s 1992: Sch\u00f6nviszky Gy\u00f6rgy (ifj), Csillag Vera, Szuromi Bal\u00e1zs, Moln\u00e1r Attila, Boz\u00e1n Gy\u00f6rgy, Heged\u0171s Andr\u00e1s<br \/>\nRajz: Sch\u00f6nviszky Gy\u00f6rgy (ifj) Szuromi Bal\u00e1zs<\/p>\n<p align=\"LEFT\">Eredm\u00e9nyek<\/p>\n<p align=\"LEFT\">H21E indult\/eredm\u00e9nyes: 48\/28<br \/>\n1 POLL\u00c1K JOZEF KOS*CSS 77.65 70.30 147.95<br \/>\n2 LANTOS ZOLT\u00c1N BEA 77.04 73.11 150.15<br \/>\n3 EGEI TAM\u00c1S VHS 81.37 75.72 157.09<\/p>\n<p align=\"LEFT\">H17B indult\/eredm\u00e9nyes: 66\/52<br \/>\n1 KRONVALD TAM\u00c1S CNS 57.33 45.62 102.95<br \/>\n2 DOMONYIK G\u00c1BOR MEA 50.94 53.44 104.38<br \/>\n3 TR\u00d3N VIKTOR OSC 57.66 49.04 106.70<\/p>\n<p align=\"LEFT\">H15B<br \/>\n1 VAJDA KOLOS SMA 39.41 43.62 83.03<br \/>\n2 GAZDA P\u00c1L FAB 45.47 39.21 84.68<br \/>\n3 S\u00c1RECZ LAJOS ZTC 42.84 42.40 85.24<\/p>\n<p align=\"LEFT\">H13B indult\/eredm\u00e9nyes: 42\/39<br \/>\n1 VAJDA BAL\u00c1ZS AJK 31.04 24.48 55.52<br \/>\n2 MOLN\u00c1R ATTILA BSC 30.54 26.36 56.90<br \/>\n3 ZSEBEH\u00c1ZY ZSOLT MOM 34.49 27.18 61.67<\/p>\n<p align=\"LEFT\">H11C indult\/eredm\u00e9nyes: 56\/49<br \/>\n1 SPIEGEL M\u00c1T\u00c9 SMA 19.02 16.04 35.06<br \/>\n2 DEGEN PETER WNS*AUT 19.48 15.60 35.08<br \/>\n3 ANDA ZOLT\u00c1N MMG 22.31 17.53 39.84<\/p>\n<p align=\"LEFT\">D21E indult\/eredm\u00e9nyes: 18\/13<br \/>\n1 HORV\u00c1TH ANDREA SZT 67.44 66.40 133.84<br \/>\n2 KOV\u00c1CS ILDIK\u00d3 PVS 71.93 62.67 134.60<br \/>\n3 SKERLETZ IMOLA SMA 70.36 66.68 137.04<\/p>\n<p align=\"LEFT\">D17B indult\/eredm\u00e9nyes: 41\/34<br \/>\n1 FEY ZSUZSA FEY*ROM 44.63 43.63 88.26<br \/>\n2 <strong>LUX ANDREA<\/strong> <strong>FSS<\/strong> 44.75 46.06 90.81<br \/>\n3 GORDOS MONIKA SZV 51.49 49.50 100.99<\/p>\n<p align=\"LEFT\">D15B indult\/eredm\u00e9nyes: 52\/44<br \/>\n1 LUBINSZKI M\u00c1RIA DTC 40.50 30.32 70.82<br \/>\n2 FEY ENIK\u0150 FEY*ROM 42.81 32.04 74.85<br \/>\n3 KEMPELEN ZITA OSC 45.17 36.15 81.32<br \/>\n5 <strong>GYALOG ZSUZSA<\/strong> <strong>FSS<\/strong> 47.26 41.88 89.14<\/p>\n<p align=\"LEFT\">D13B indult\/eredm\u00e9nyes: 31\/28<br \/>\n1 STARA ZDENKA OST*CSS 26.14 22.59 48.73<br \/>\n2 T\u00d3TH ZSUZSA FAB 24.46 27.98 52.44<br \/>\n3 G\u00c1L ENIK\u0150 SIN*ROM 27.15 26.57 53.72<br \/>\n6 <strong>MAKRAI \u00c9VA<\/strong> <strong>FSS<\/strong> 28.75 29.62 58.37<\/p>\n<p align=\"LEFT\">D11C indult\/eredm\u00e9nyes: 32\/26<br \/>\n1 MIKLUSOVA JANA FAR*CSS 18.72 16.92 35.64<br \/>\n2 FRIDRICH ORSOLYA BEA 21.11 16.89 38.00<br \/>\n3 H\u00c9JJAS \u00c1GOTA BEA 21.82 17.38 39.20<\/p>\n<p align=\"LEFT\">Indul\u00f3 sz\u00e1ma \u00f6sszesen: 1123 f\u0151<br \/>\nLegn\u00e9pesebb kateg\u00f3ri\u00e1k: H21B 108 f\u0151, H15B 67 f\u0151, H17B 66 f\u0151.<\/p>\n<p align=\"LEFT\">Megjegyz\u00e9s:<br \/>\n\u00d6r\u00fclt\u00fcnk, hogy technik\u00e1s \u00e9s kezd\u0151 ny\u00edlt, valamint gyermekversenyben nagysz\u00e1mban indultak.<br \/>\nNy\u00edlt kezd\u0151ben: 1. nap 35 2. nap 28 indul\u00f3<br \/>\nGyermekversenyen: 1. nap 58 2. nap 47 indul\u00f3 volt.<br \/>\nK\u00e9rj\u00fck, hogy a j\u00f6v\u0151ben nagyobb hangs\u00falyt fektessenek a lyukaszt\u00e1sok pontoss\u00e1g\u00e1ra, mert az elb\u00edr\u00e1l\u00e1st szigor\u00edtani fogjuk.<\/p>\n<p><strong><a href=\"http:\/\/www.tabanispartacus.hu\/tajfuto\/wordpress\/?page_id=34\">Vissza a Spari kup\u00e1k kezd\u0151oldal\u00e1ra<\/a><\/strong><\/td>\n<\/tr>\n<\/tbody>\n<\/table>\n","protected":false},"excerpt":{"rendered":"<p>&nbsp; 1992 &nbsp; SPARTACUS-FLEXO KUPA G\u00e1nt 1992. november 7 \u0096 8. T\u00e9rk\u00e9p: G\u00c9M-HEGY m\u00e9retar\u00e1ny 1:15 000 alapszintk\u00f6z 5m Helyesb\u00edt\u00e9s 1992: Sch\u00f6nviszky Gy\u00f6rgy (ifj), Csillag Vera, Szuromi Bal\u00e1zs, Moln\u00e1r Attila, Boz\u00e1n Gy\u00f6rgy, Heged\u0171s Andr\u00e1s Rajz: Sch\u00f6nviszky Gy\u00f6rgy (ifj) Szuromi Bal\u00e1zs Eredm\u00e9nyek H21E indult\/eredm\u00e9nyes: 48\/28 1 POLL\u00c1K JOZEF KOS*CSS 77.65 70.30 147.95 2 LANTOS ZOLT\u00c1N BEA 77.04 &hellip; <a href=\"https:\/\/www.tabanispartacus.hu\/tajfuto\/wordpress\/?page_id=463\" class=\"more-link\"><span class=\"screen-reader-text\">Versenyeink 1992-ben<\/span> olvas\u00e1s\u00e1nak folytat\u00e1sa <span class=\"meta-nav\">&rarr;<\/span><\/a><\/p>\n","protected":false},"author":1,"featured_media":0,"parent":34,"menu_order":0,"comment_status":"closed","ping_status":"closed","template":"","meta":{"ngg_post_thumbnail":0},"_links":{"self":[{"href":"https:\/\/www.tabanispartacus.hu\/tajfuto\/wordpress\/index.php?rest_route=\/wp\/v2\/pages\/463"}],"collection":[{"href":"https:\/\/www.tabanispartacus.hu\/tajfuto\/wordpress\/index.php?rest_route=\/wp\/v2\/pages"}],"about":[{"href":"https:\/\/www.tabanispartacus.hu\/tajfuto\/wordpress\/index.php?rest_route=\/wp\/v2\/types\/page"}],"author":[{"embeddable":true,"href":"https:\/\/www.tabanispartacus.hu\/tajfuto\/wordpress\/index.php?rest_route=\/wp\/v2\/users\/1"}],"replies":[{"embeddable":true,"href":"https:\/\/www.tabanispartacus.hu\/tajfuto\/wordpress\/index.php?rest_route=%2Fwp%2Fv2%2Fcomments&post=463"}],"version-history":[{"count":1,"href":"https:\/\/www.tabanispartacus.hu\/tajfuto\/wordpress\/index.php?rest_route=\/wp\/v2\/pages\/463\/revisions"}],"predecessor-version":[{"id":2456,"href":"https:\/\/www.tabanispartacus.hu\/tajfuto\/wordpress\/index.php?rest_route=\/wp\/v2\/pages\/463\/revisions\/2456"}],"up":[{"embeddable":true,"href":"https:\/\/www.tabanispartacus.hu\/tajfuto\/wordpress\/index.php?rest_route=\/wp\/v2\/pages\/34"}],"wp:attachment":[{"href":"https:\/\/www.tabanispartacus.hu\/tajfuto\/wordpress\/index.php?rest_route=%2Fwp%2Fv2%2Fmedia&parent=463"}],"curies":[{"name":"wp","href":"https:\/\/api.w.org\/{rel}","templated":true}]}}