{"id":4247,"date":"2019-02-26T17:05:28","date_gmt":"2019-02-26T17:05:28","guid":{"rendered":"http:\/\/tabanispartacus.home.blog\/?page_id=1657"},"modified":"2019-02-26T17:05:28","modified_gmt":"2019-02-26T17:05:28","slug":"velunk-tortent-2011-ben","status":"publish","type":"page","link":"https:\/\/www.tabanispartacus.hu\/tajfuto\/wordpress\/?page_id=4247","title":{"rendered":"Vel\u00fcnk t\u00f6rt\u00e9nt 2011-ben"},"content":{"rendered":"<table border=\"1\" cellspacing=\"10\" cellpadding=\"10\" align=\"center\">\n<tbody>\n<tr>\n<td><b><a title=\"XVI. Dobog\u00f3k\u0151i Hegyi Fut\u00f3verseny\" href=\"\/xvi-dobogokoi-hegyi-futoverseny\">XVI. Dobog\u00f3k\u0151i Hegyi Fut\u00f3verseny<\/a><\/b><br \/>\n2011.11.19.<\/td>\n<td>besz\u00e1mol\u00f3<\/td>\n<td>Oszk\u00f3 Attila<\/td>\n<\/tr>\n<tr>\n<td><strong>Dobog\u00f3k\u0151i Hegyi Fut\u00f3verseny<br \/>\n2011.11.19., Dobog\u00f3k\u0151<\/strong><\/td>\n<td>fot\u00f3k<\/td>\n<td><b><a title=\"Dobog\u00f3k\u0151i hfv\" href=\"https:\/\/picasaweb.google.com\/108937530125125195863\/DobogokoiHfv2011?authkey=Gv1sRgCMu18cSf5pLhsAE\" target=\"_blank\" rel=\"noopener noreferrer\">Sulyok \u00c1bel<\/a><\/b><br \/>\n<strong><a title=\"Gyalog T\u00f3dor\" href=\"https:\/\/picasaweb.google.com\/tabanispartacus.photos2\/2011DobogokoiHegyiFutoverseny\" target=\"_blank\" rel=\"noopener noreferrer\">Gyalog Laci<\/a><\/strong><\/td>\n<\/tr>\n<tr>\n<td><strong>20 \u00e9ves a Tab\u00e1ni Spartacus!<br \/>\n2011.11.17.<\/strong><\/td>\n<td>besz\u00e1mol\u00f3<\/td>\n<td><strong><a title=\"Gyalog L\u00e1szl\u00f3\" href=\"\/20-eves-a-tabani-spartacus\">Gyalog L\u00e1szl\u00f3<\/a><\/strong><\/td>\n<\/tr>\n<tr>\n<td><b><a title=\"Velence 2011\" href=\"\/velence-2011\">Velence<\/a><\/b><br \/>\n2011.11.11-13., Velence, Olaszorsz\u00e1g<\/td>\n<td>besz\u00e1mol\u00f3<\/td>\n<td>Bak\u00f3 \u00c1ron<\/td>\n<\/tr>\n<tr>\n<td><b><a title=\"\u0150szi Spari\" href=\"https:\/\/picasaweb.google.com\/108937530125125195863\/OsziSpari?authkey=Gv1sRgCOnOn8TAtOHEKA#\" target=\"_blank\" rel=\"noopener noreferrer\">\u0150szi Spari<\/a><\/b><br \/>\n2011.11.04-06<\/td>\n<td>fot\u00f3k<\/td>\n<td>Sulyok \u00c1bel<\/td>\n<\/tr>\n<tr>\n<td><b><a title=\"OCSB, OEVB\" href=\"https:\/\/picasaweb.google.com\/108937530125125195863\/OcsbOevb2011?authkey=Gv1sRgCKWj0cq-sKf71AE\" target=\"_blank\" rel=\"noopener noreferrer\">OCSB, OEVB<\/a><\/b><br \/>\n2011.10.22-23<\/td>\n<td>fot\u00f3k<\/td>\n<td>Sulyok \u00c1bel<\/td>\n<\/tr>\n<tr>\n<td><b><a title=\"ONEB\" href=\"https:\/\/picasaweb.google.com\/108937530125125195863\/ONEB2011?authkey=Gv1sRgCJnZqri91pfNXg\" target=\"_blank\" rel=\"noopener noreferrer\">ONEB<\/a><\/b><br \/>\n2011.10.15-16<\/td>\n<td>fot\u00f3k<\/td>\n<td>Sulyok \u00c1bel<\/td>\n<\/tr>\n<tr>\n<td><b><a title=\"\u0150szi edz\u0151t\u00e1borok besz\u00e1mol\u00f3\" href=\"\/oszi-edzotaborok-beszamolo\">\u0150szi edz\u0151t\u00e1borok<\/a><\/b><br \/>\n2011.10.13<\/td>\n<td>besz\u00e1mol\u00f3<\/td>\n<td>Gyalog Zoli<\/td>\n<\/tr>\n<tr>\n<td><b><a title=\"\u00c1gasegyh\u00e1zai edz\u0151t\u00e1bor\" href=\"https:\/\/picasaweb.google.com\/108937530125125195863\/Agasegyhaza2011?authkey=Gv1sRgCJrPy8aq1tqE8QE\" target=\"_blank\" rel=\"noopener noreferrer\">\u00c1gasegyh\u00e1zai edz\u0151t\u00e1bor<\/a><\/b><br \/>\n2011.10.07-09<\/td>\n<td>fot\u00f3k<\/td>\n<td>Sulyok \u00c1bel<\/td>\n<\/tr>\n<tr>\n<td><b><a title=\"Piliscsabai edz\u0151t\u00e1bor\" href=\"https:\/\/picasaweb.google.com\/108937530125125195863\/ETPiliscsaba?authkey=Gv1sRgCKm38rrs4-eqxgE\" target=\"_blank\" rel=\"noopener noreferrer\">Piliscsabai edz\u0151t\u00e1bor<\/a><\/b><br \/>\n2011.09.24<\/td>\n<td>fot\u00f3k<\/td>\n<td>Sulyok \u00c1bel<\/td>\n<\/tr>\n<tr>\n<td><b><a title=\"Cseh OB\" href=\"https:\/\/picasaweb.google.com\/108937530125125195863\/CsehOB2011?authkey=Gv1sRgCOndkOqTx96StAE\" target=\"_blank\" rel=\"noopener noreferrer\">Cseh OB<\/a><\/b><br \/>\n2011.09.17-18<\/td>\n<td>fot\u00f3k<\/td>\n<td>Sulyok \u00c1bel<\/td>\n<\/tr>\n<tr>\n<td><b><a title=\"POCSB\" href=\"https:\/\/picasaweb.google.com\/108937530125125195863\/POCSB2011?authkey=Gv1sRgCOmNk7uRz86DGw\" target=\"_blank\" rel=\"noopener noreferrer\">POCSB<\/a><\/b><br \/>\n2011.09.04<\/td>\n<td>fot\u00f3k<\/td>\n<td>Sulyok \u00c1bel<\/td>\n<\/tr>\n<tr>\n<td><b><a title=\"ROB\" href=\"https:\/\/picasaweb.google.com\/108937530125125195863\/ROB2011?authkey=Gv1sRgCLyKkqzl4ZT_Sg\" target=\"_blank\" rel=\"noopener noreferrer\">ROB<\/a><\/b><br \/>\n2011.09.03<\/td>\n<td>fot\u00f3k<\/td>\n<td>Sulyok \u00c1bel<\/td>\n<\/tr>\n<tr>\n<td><b><a title=\"Hung\u00e1ria kupa\" href=\"https:\/\/picasaweb.google.com\/108937530125125195863\/HunCup2011?authkey=Gv1sRgCNH-tKnTxPnnYw\" target=\"_blank\" rel=\"noopener noreferrer\">Hung\u00e1ria kupa<\/a><\/b><br \/>\n2011.08.17-21<\/td>\n<td>fot\u00f3k<\/td>\n<td>Sulyok \u00c1bel<\/td>\n<\/tr>\n<tr>\n<td><b><a title=\"Dob\u00f3 ev. Eger\" href=\"https:\/\/picasaweb.google.com\/117446353492862558575\/20110814_dobo_eger\" target=\"_blank\" rel=\"noopener noreferrer\">Dob\u00f3 ev. Eger<\/a><\/b><br \/>\n2011.08.14<\/td>\n<td>fot\u00f3k<\/td>\n<td>Zoli, Ancsi<\/td>\n<\/tr>\n<tr>\n<td><b><a title=\"Bp-i park edz\u0151t\u00e1bor\" href=\"https:\/\/picasaweb.google.com\/117446353492862558575\/20110810_Bp_edzotabor\" target=\"_blank\" rel=\"noopener noreferrer\">Bp-i park edz\u0151t\u00e1bor<\/a><\/b><br \/>\n2011.08.08-12<\/td>\n<td>fot\u00f3k<\/td>\n<td>t\u00f6bben is<\/td>\n<\/tr>\n<tr>\n<td><b><a title=\"Szlov\u00e1k Karszt Kupa\" href=\"https:\/\/picasaweb.google.com\/tabanispartacus.photos3\/20110730_szlovak_karszt\" target=\"_blank\" rel=\"noopener noreferrer\">Szlov\u00e1k Karszt Kupa<\/a><\/b><br \/>\n2011.07.25-31<\/td>\n<td>fot\u00f3k<\/td>\n<td>Zoli, Ancsi, \u00e9s a t\u00f6bbiek<\/td>\n<\/tr>\n<tr>\n<td><b><a title=\"G\u00e1nti ny\u00e1ri edz\u0151t\u00e1bor\" href=\"https:\/\/picasaweb.google.com\/tabanispartacus.photos3\/20110705_nyari_gant_edzotab\" target=\"_blank\" rel=\"noopener noreferrer\">G\u00e1nti ny\u00e1ri edz\u0151t\u00e1bor<\/a><\/b><br \/>\n2011.07.05-08<\/td>\n<td>fot\u00f3k<\/td>\n<td>Zoli, B\u00e1lint, \u00e9s a t\u00f6bbiek<\/td>\n<\/tr>\n<tr>\n<td><b><a title=\"G\u00e1nti ny\u00e1ri edz\u0151t\u00e1bor\" href=\"\/jwoc-2011\">JWOC<\/a><\/b><br \/>\nLengyelorsz\u00e1g, 2011.07.01-09.<\/td>\n<td>besz\u00e1mol\u00f3<\/td>\n<td>Liszka Kriszti\u00e1n<\/td>\n<\/tr>\n<tr>\n<td><b><a title=\"Junior VB\" href=\"https:\/\/picasaweb.google.com\/tabanispartacus.photos3\/20110701_junior_VB\" target=\"_blank\" rel=\"noopener noreferrer\">Junior VB<\/a><\/b><br \/>\n2011.07.01-09<\/td>\n<td>fot\u00f3k<\/td>\n<td>Liszka Kriszti\u00e1n<\/td>\n<\/tr>\n<tr>\n<td><b><a title=\"Csehorsz\u00e1gi Eur\u00f3pa Bajnoks\u00e1g\" href=\"\/beszamolo-a-2011-es-csehorszagi-europa-bajnoksagrol\">Csehorsz\u00e1gi Eur\u00f3pa Bajnoks\u00e1g<\/a><\/b><br \/>\n2011.06.24-26.<\/td>\n<td>besz\u00e1mol\u00f3<\/td>\n<td>Liszka Eszti<\/td>\n<\/tr>\n<tr>\n<td>Ifi \u00e9s Serd\u00fcl\u0151 Eur\u00f3pa Bajnoks\u00e1g &#8211; norm\u00e1lt\u00e1v, v\u00e1lt\u00f3<br \/>\n2011.06.25-26.<\/td>\n<td>fot\u00f3k<\/td>\n<td><b><a title=\"Ifi \u00e9s Serd\u00fcl\u0151 Eur\u00f3pa Bajnoks\u00e1g - norm\u00e1lt\u00e1v\" href=\"https:\/\/picasaweb.google.com\/tabanispartacus.photos3\/20110626_EB_normal\" target=\"_blank\" rel=\"noopener noreferrer\">Gyalog Zoli<\/a><br \/>\n<a title=\"Ifi \u00e9s Serd\u00fcl\u0151 Eur\u00f3pa Bajnoks\u00e1g\" href=\"https:\/\/picasaweb.google.com\/tabanispartacus.photos3\/20110626_EB_Pisti\" target=\"_blank\" rel=\"noopener noreferrer\">M\u00e1th\u00e9 Istv\u00e1n<\/a><\/b><\/td>\n<\/tr>\n<tr>\n<td>Ifi \u00e9s Serd\u00fcl\u0151 Eur\u00f3pa Bajnoks\u00e1g &#8211; sprint<br \/>\n2011.06.24.<\/td>\n<td>fot\u00f3k<\/td>\n<td><b><a title=\"Ifi \u00e9s Serd\u00fcl\u0151 Eur\u00f3pa Bajnoks\u00e1g - sprint\" href=\"https:\/\/picasaweb.google.com\/tabanispartacus.photos3\/20110625_EBSprint\" target=\"_blank\" rel=\"noopener noreferrer\">Weiler Zsolt<\/a><\/b><br \/>\n<b><a title=\"Ifi \u00e9s Serd\u00fcl\u0151 Eur\u00f3pa Bajnoks\u00e1g - sprint\" href=\"https:\/\/picasaweb.google.com\/tabanispartacus.photos3\/20110625_EBSprint\" target=\"_blank\" rel=\"noopener noreferrer\">Gyalog Zoli<\/a><\/b><\/td>\n<\/tr>\n<tr>\n<td><b><a title=\"Sparis eredm\u00e9nyek az Ifi \u00e9s Serd\u00fcl\u0151 Eur\u00f3pa Bajnoks\u00e1gon\" href=\"\/sparis-eredmenyek-az-ifi-es-serdulo-europa-bajnoksagon\">Sparis eredm\u00e9nyek az Ifi \u00e9s Serd\u00fcl\u0151 Eur\u00f3pa Bajnoks\u00e1gon\u00a0<\/a><\/b><br \/>\nJyndrich\u00fav Hradec, Csehorsz\u00e1g, 2011.06.23-26.<\/td>\n<td>besz\u00e1mol\u00f3<\/td>\n<td>Gyalog Laci<\/td>\n<\/tr>\n<tr>\n<td><b><a title=\"A szparis t\u00e1jfut\u00f3k nemzetk\u00f6zi sikerek el\u0151tt\" href=\"\/a-szparis-tajfutok-nemzetkozi-sikerek-elott\">6 v\u00e1logatottunk k\u00e9sz\u00fcl a h\u00f3v\u00e9gi\/j\u00falius elejei vil\u00e1gversenyekre<\/a><\/b><br \/>\n2011.06.16.<\/td>\n<td>besz\u00e1mol\u00f3<\/td>\n<td>Gyalog Laci<\/td>\n<\/tr>\n<tr>\n<td><b><a title=\"V\u00e1lt\u00f3 OB\" href=\"https:\/\/picasaweb.google.com\/tabanispartacus.photos3\/20110613_VOB\" target=\"_blank\" rel=\"noopener noreferrer\">V\u00e1lt\u00f3 OB<\/a><\/b><br \/>\n2011.06.13.<\/td>\n<td>fot\u00f3k<\/td>\n<td>Gyalog Laci, Peregi Tam\u00e1s<\/td>\n<\/tr>\n<tr>\n<td><b><a title=\"K\u00f6z\u00e9pt\u00e1v\u00fa OB\" href=\"https:\/\/picasaweb.google.com\/tabanispartacus.photos3\/20110612_KOB\" target=\"_blank\" rel=\"noopener noreferrer\">K\u00f6z\u00e9pt\u00e1v\u00fa OB<\/a><\/b><br \/>\n2011.06.12.<\/td>\n<td>fot\u00f3k<\/td>\n<td>Gyalog Laci, Csipi Erzs\u00e9bet<\/td>\n<\/tr>\n<tr>\n<td><b><a title=\"Herman v\u00e1lt\u00f3\" href=\"https:\/\/picasaweb.google.com\/tabanispartacus.photos3\/0605_Herend_valto\" target=\"_blank\" rel=\"noopener noreferrer\">Herman v\u00e1lt\u00f3<\/a><\/b><br \/>\n2011.06.05.<\/td>\n<td>fot\u00f3k<\/td>\n<td>Gyalog Zoli<\/td>\n<\/tr>\n<tr>\n<td><b><a title=\"5 f\u0151s, Herend Kupa\" href=\"https:\/\/picasaweb.google.com\/tabanispartacus.photos3\/20110528_5fosHerend\" target=\"_blank\" rel=\"noopener noreferrer\">5 f\u0151s, Herend Kupa<\/a><\/b><br \/>\n2011.05.28-29.<\/td>\n<td>fot\u00f3k<\/td>\n<td>Gyalog Zoli<\/td>\n<\/tr>\n<tr>\n<td><b><a title=\"Orsz\u00e1gos Di\u00e1kolimpia\" href=\"https:\/\/picasaweb.google.com\/tabanispartacus.photos3\/20110522_DOL#\" target=\"_blank\" rel=\"noopener noreferrer\">Orsz\u00e1gos Di\u00e1kolimpia<\/a><\/b><br \/>\n2011.05.21-22.<\/td>\n<td>fot\u00f3k<\/td>\n<td>Gyalog Zoli<\/td>\n<\/tr>\n<tr>\n<td><b><a title=\"K&amp;H maratonv\u00e1lt\u00f3\" href=\"https:\/\/picasaweb.google.com\/tabanispartacus.photos3\/20110515_KH#\" target=\"_blank\" rel=\"noopener noreferrer\">K&amp;H maratonv\u00e1lt\u00f3<\/a><\/b><br \/>\n2011.05.15.<\/td>\n<td>fot\u00f3k<\/td>\n<td>Gyalog Zoli<\/td>\n<\/tr>\n<tr>\n<td><b><a title=\"\u00c9jszakai OB\" href=\"https:\/\/picasaweb.google.com\/tabanispartacus.photos3\/20110514_EOB#\" target=\"_blank\" rel=\"noopener noreferrer\">\u00c9jszakai OB\u00a0<\/a><\/b><br \/>\n2011.05.14.<\/td>\n<td>fot\u00f3k<\/td>\n<td>Gyalog Zoli<\/td>\n<\/tr>\n<tr>\n<td><b><a title=\"Sz\u00e9lr\u00f3zsa \u00e9jszakai, Tipo Kupa\" href=\"https:\/\/picasaweb.google.com\/tabanispartacus.photos3\/20110507_szelrozsa_tipo#\" target=\"_blank\" rel=\"noopener noreferrer\">Sz\u00e9lr\u00f3zsa \u00e9jszakai, Tipo Kupa\u00a0<\/a><\/b><br \/>\n2011.05.07-09.<\/td>\n<td>fot\u00f3k<\/td>\n<td>Gyalog Zoli<\/td>\n<\/tr>\n<tr>\n<td><b><a title=\"N\u00f3gr\u00e1d Nagyd\u00edj\" href=\"https:\/\/picasaweb.google.com\/tabanispartacus.photos3\/20110430_Nograd#\" target=\"_blank\" rel=\"noopener noreferrer\">N\u00f3gr\u00e1d Nagyd\u00edj\u00a0<\/a><\/b><br \/>\n2011.04.30-01.<\/td>\n<td>fot\u00f3k<\/td>\n<td>Dobr\u00f3ka Anett, Gyalog Zoli<\/td>\n<\/tr>\n<tr>\n<td><b><a title=\"Hegyisport-Semmelweis, jun.v\u00e1l.edz\u0151t.\" href=\"https:\/\/picasaweb.google.com\/tabanispartacus.photos3\/20110424_Hegyisport_Semmelweis_val_edzot#\" target=\"_blank\" rel=\"noopener noreferrer\">Hegyisport-Semmelweis, jun.v\u00e1l.edz\u0151t.\u00a0<\/a><\/b><br \/>\n2011.04.23-24.<\/td>\n<td>fot\u00f3k<\/td>\n<td>Gyalog Zoli<\/td>\n<\/tr>\n<tr>\n<td><b><a title=\"F\u00f6ld Napja 2011\" href=\"https:\/\/picasaweb.google.com\/tabanispartacus.photos3\/20110420_fold_napja#\" target=\"_blank\" rel=\"noopener noreferrer\">F\u00f6ld Napja 2011\u00a0<\/a><\/b><br \/>\n2011.04.20.<\/td>\n<td>fot\u00f3k<\/td>\n<td>Sparisok<\/td>\n<\/tr>\n<tr>\n<td><b><a title=\"Bp.Di\u00e1kolimpia\" href=\"https:\/\/picasaweb.google.com\/tabanispartacus.photos3\/20110416_Bp_dol_Pisti#\" target=\"_blank\" rel=\"noopener noreferrer\">Di\u00e1kolimpia \u00e9s T\u00e1j\u00e9koz\u00f3d\u00e1si Fesztiv\u00e1l\u00a0<\/a><\/b><br \/>\n2011.04.16.<\/td>\n<td>fot\u00f3k<\/td>\n<td>M\u00e1th\u00e9 Pisti<\/td>\n<\/tr>\n<tr>\n<td><b><a title=\"Di\u00e1kolimpia\" href=\"https:\/\/picasaweb.google.com\/tabanispartacus.photos3\/20110416BpDOLEsTajekozodasiFesztival#\" target=\"_blank\" rel=\"noopener noreferrer\">Di\u00e1kolimpia \u00e9s T\u00e1j\u00e9koz\u00f3d\u00e1si Fesztiv\u00e1l\u00a0<\/a><\/b><br \/>\n2011.04.16.<\/td>\n<td>fot\u00f3k<\/td>\n<td>&#8211;<\/td>\n<\/tr>\n<tr>\n<td><b><a title=\"Di\u00e1kolimpia\" href=\"\/\/drive.google.com\/open?id=1zNFKegYACXTZaCuCdn3lMrvL4ZYL3-Sy\" target=\"_blank\" rel=\"noopener noreferrer\">Di\u00e1kolimpia \u00f6sszefoglal\u00f3<\/a><\/b><br \/>\n2011.04.16.<\/td>\n<td>besz\u00e1mol\u00f3<\/td>\n<td>Gyalog L\u00e1szl\u00f3<\/td>\n<\/tr>\n<tr>\n<td><b><a title=\"Post\u00e1s Kupa\" href=\"https:\/\/picasaweb.google.com\/tabanispartacus.photos3\/20110409_postas_kupa#\" target=\"_blank\" rel=\"noopener noreferrer\">Post\u00e1s Kupa<\/a><\/b><br \/>\n2011.04.09-10.<\/td>\n<td>fot\u00f3k<\/td>\n<td>Gyalog Zolt\u00e1n, Gyalog L\u00e1szl\u00f3<\/td>\n<\/tr>\n<tr>\n<td><b><a title=\"HOB\" href=\"https:\/\/picasaweb.google.com\/tabanispartacus.photos3\/20110402_HOB#\" target=\"_blank\" rel=\"noopener noreferrer\">HOB<\/a><\/b><br \/>\n2011.04.02.<\/td>\n<td>fot\u00f3k<\/td>\n<td>Gyalog Zolt\u00e1n<\/td>\n<\/tr>\n<tr>\n<td><b><a title=\"2011 m\u00e1rciusi besz\u00e1mol\u00f3\" href=\"\/2011-marciusi-beszamolo\">M\u00e1rciusi besz\u00e1mol\u00f3<\/a><\/b><br \/>\n2011.03.30.<\/td>\n<td>besz\u00e1mol\u00f3<\/td>\n<td>Gyalog Zolt\u00e1n<\/td>\n<\/tr>\n<tr>\n<td><b><a title=\"Bp.Dol helysz\u00ednk\u00e9pek\" href=\"https:\/\/picasaweb.google.com\/tabanispartacus.photos3\/20110416_bpdol_helyszin#\" target=\"_blank\" rel=\"noopener noreferrer\">Bp.Dol helysz\u00ednk\u00e9pek<\/a><\/b><br \/>\n2011.03.30.<\/td>\n<td>fot\u00f3k<\/td>\n<td>Gyalog Zolt\u00e1n<\/td>\n<\/tr>\n<tr>\n<td><b><a title=\"Ny\u00edrs\u00e9g Kupa\" href=\"https:\/\/picasaweb.google.com\/tabanispartacus.photos3\/20110327Nyirseg_valto#\" target=\"_blank\" rel=\"noopener noreferrer\">Ny\u00edrs\u00e9g Kupa<\/a><\/b><br \/>\n2011.03.27.<\/td>\n<td>fot\u00f3k<\/td>\n<td>Gyalog Zolt\u00e1n<\/td>\n<\/tr>\n<tr>\n<td><b><a title=\"Budapest K\u00f6z\u00e9pt\u00e1v\u00fa Bajnoks\u00e1g\" href=\"https:\/\/picasaweb.google.com\/tabanispartacus.photos3\/20110326_Bp_kozeptav?authkey=Gv1sRgCIyY6tX14obfIw#\" target=\"_blank\" rel=\"noopener noreferrer\">Budapest K\u00f6z\u00e9pt\u00e1v\u00fa Bajnoks\u00e1g<\/a><\/b><br \/>\n2011.03.26.<\/td>\n<td>fot\u00f3k<\/td>\n<td>Gyalog Zolt\u00e1n<\/td>\n<\/tr>\n<tr>\n<td><b><a title=\"Budapest K\u00f6z\u00e9pt\u00e1v\u00fa Bajnoks\u00e1g\" href=\"https:\/\/picasaweb.google.com\/tabanispartacus.photos3\/20110326BpKozeptavuBajnoksagHegyvidekKupa#\" target=\"_blank\" rel=\"noopener noreferrer\">Budapest K\u00f6z\u00e9pt\u00e1v\u00fa Bajnoks\u00e1g<\/a><\/b><br \/>\n2011.03.26.<\/td>\n<td>fot\u00f3k<\/td>\n<td>Zai B\u00e1lint<\/td>\n<\/tr>\n<tr>\n<td><b><a title=\"T\u00e1jfut\u00f3 Maraton\" href=\"https:\/\/picasaweb.google.com\/tabanispartacus.photos3\/20110320TajfutoMaraton#\" target=\"_blank\" rel=\"noopener noreferrer\">T\u00e1jfut\u00f3 Maraton<\/a><\/b><br \/>\n2011.03.20.<\/td>\n<td>fot\u00f3k<\/td>\n<td>Gyalog Zolt\u00e1n<\/td>\n<\/tr>\n<tr>\n<td><b><a title=\"Tavaszi Spari 2-3\" href=\"https:\/\/picasaweb.google.com\/tabanispartacus.photos3\/20110314Tavaszi_spari#\" target=\"_blank\" rel=\"noopener noreferrer\">Tavaszi Spari 2-3<\/a><\/b><br \/>\n2011.03.15.<\/td>\n<td>fot\u00f3k<\/td>\n<td>Zai B\u00e1lint<\/td>\n<\/tr>\n<tr>\n<td><b><a title=\"Tavaszi Spari 2-2\" href=\"https:\/\/picasaweb.google.com\/tabanispartacus.photos3\/20110315Tavaszi_spari#\" target=\"_blank\" rel=\"noopener noreferrer\">Tavaszi Spari 2-2<\/a><\/b><br \/>\n2011.03.14.<\/td>\n<td>fot\u00f3k<\/td>\n<td>Gyalog Zolt\u00e1n<\/td>\n<\/tr>\n<tr>\n<td><b><a title=\"Tavaszi Spari 2\" href=\"https:\/\/picasaweb.google.com\/tabanispartacus.photos3\/20110315_tavaszi_spari#\" target=\"_blank\" rel=\"noopener noreferrer\">Tavaszi Spari 2<\/a><\/b><br \/>\n2011.03.14.<\/td>\n<td>fot\u00f3k<\/td>\n<td>Gyalog Zolt\u00e1n<\/td>\n<\/tr>\n<tr>\n<td><b><a title=\"Tavaszi Spari 1-1\" href=\"https:\/\/picasaweb.google.com\/tabanispartacus.photos3\/20110314_2_tavaszi_spari#\" target=\"_blank\" rel=\"noopener noreferrer\">Tavaszi Spari 1-1<\/a><\/b><br \/>\n2011.03.14.<\/td>\n<td>fot\u00f3k<\/td>\n<td>Gyalog Zolt\u00e1n<\/td>\n<\/tr>\n<tr>\n<td><b><a title=\"Tavaszi Spari 1\" href=\"https:\/\/picasaweb.google.com\/tabanispartacus.photos3\/48TavasziSpartacusKupa1Nap#\" target=\"_blank\" rel=\"noopener noreferrer\">Tavaszi Spari 1<\/a><\/b><br \/>\n2011.03.14.<\/td>\n<td>fot\u00f3k<\/td>\n<td>Gyalog Zolt\u00e1n<\/td>\n<\/tr>\n<tr>\n<td><b><a title=\"febru\u00e1ri besz\u00e1mol\u00f3\" href=\"\/2011-februari-beszamolo\">Febru\u00e1ri besz\u00e1mol\u00f3<\/a><\/b><br \/>\n2011.03.02.<\/td>\n<td>besz\u00e1mol\u00f3<\/td>\n<td>Gyalog Zolt\u00e1n<\/td>\n<\/tr>\n<tr>\n<td><b><a title=\"janu\u00e1ri besz\u00e1mol\u00f3\" href=\"\/2011-januari-beszamolo\">Janu\u00e1ri besz\u00e1mol\u00f3<\/a><\/b><br \/>\n2011.02.07.<\/td>\n<td>besz\u00e1mol\u00f3<\/td>\n<td>Gyalog Zolt\u00e1n<\/td>\n<\/tr>\n<tr>\n<td><b><a title=\"Kiskunhalasi edz\u0151t\u00e1bor\" href=\"https:\/\/picasaweb.google.com\/tabanispartacus.photos3\/20110206Kiskunhalas_et#\">Kiskunhalasi edz\u0151t\u00e1bor<\/a><\/b><br \/>\n2011.02.06-07.<\/td>\n<td>fot\u00f3k<\/td>\n<td>Gyalog Zolt\u00e1n<\/td>\n<\/tr>\n<tr>\n<td><b><a title=\"T\u00e9li fizikai g\u00e1nti edz\u0151t\u00e1bor\" href=\"https:\/\/picasaweb.google.com\/tabanispartacus.photos3\/20110131Gant_fiz_et#\" target=\"_blank\" rel=\"noopener noreferrer\">T\u00e9li fizikai g\u00e1nti edz\u0151t\u00e1bor<\/a><\/b><br \/>\n2011.01.31.<\/td>\n<td>fot\u00f3k<\/td>\n<td>Gyalog Zolt\u00e1n<\/td>\n<\/tr>\n<tr>\n<td><b><a title=\"BTFSZ besz\u00e1mol\u00f3\" href=\"\/tajekoztato-a-tabani-spartacus-ske-tajfuto-szakosztalyanak-munkajarol\">Besz\u00e1mol\u00f3 a BTFSZ bajnokok vacsor\u00e1j\u00e1n<\/a><\/b><\/p>\n<p>2011.01.12.<\/td>\n<td>besz\u00e1mol\u00f3<\/td>\n<td>Gyalog Zolt\u00e1n<\/td>\n<\/tr>\n<tr>\n<td><b><a title=\"\u00c9vz\u00e1r\u00f3\" href=\"https:\/\/picasaweb.google.com\/tabanispartacus.photos3\/0108_evzaro#\" target=\"_blank\" rel=\"noopener noreferrer\">\u00c9vz\u00e1r\u00f3<\/a><\/b><br \/>\n2011.01.08.<\/td>\n<td>fot\u00f3k<\/td>\n<td>Gyalog Zolt\u00e1n<\/td>\n<\/tr>\n<tr>\n<td><b><a title=\"edz\u0151i besz\u00e1mol\u00f3 2010-r\u0151l\" href=\"\/edzoi-beszamolo-a-2010-es-evrol\">Edz\u0151i besz\u00e1mol\u00f3 2010-r\u0151l<\/a><\/b><\/p>\n<p>2011.01.08.<\/td>\n<td>besz\u00e1mol\u00f3<\/td>\n<td>Gyalog Zolt\u00e1n<\/td>\n<\/tr>\n<tr>\n<td><b><a title=\"szakoszt\u00e1lyvezet\u0151i besz\u00e1mol\u00f3 2010-r\u0151l\" href=\"\/a-tajfuto-szakosztaly-2010-evi-tevekenysege\">Szakoszt\u00e1lyvezet\u0151i besz\u00e1mol\u00f3 2010-r\u0151l<\/a><\/b><\/p>\n<p>2011.01.08.<\/td>\n<td>besz\u00e1mol\u00f3<\/td>\n<td>Gyalog L\u00e1szl\u00f3<\/td>\n<\/tr>\n<\/tbody>\n<\/table>\n","protected":false},"excerpt":{"rendered":"<p>XVI. Dobog\u00f3k\u0151i Hegyi Fut\u00f3verseny 2011.11.19. besz\u00e1mol\u00f3 Oszk\u00f3 Attila Dobog\u00f3k\u0151i Hegyi Fut\u00f3verseny 2011.11.19., Dobog\u00f3k\u0151 fot\u00f3k Sulyok \u00c1bel Gyalog Laci 20 \u00e9ves a Tab\u00e1ni Spartacus! 2011.11.17. besz\u00e1mol\u00f3 Gyalog L\u00e1szl\u00f3 Velence 2011.11.11-13., Velence, Olaszorsz\u00e1g besz\u00e1mol\u00f3 Bak\u00f3 \u00c1ron \u0150szi Spari 2011.11.04-06 fot\u00f3k Sulyok \u00c1bel OCSB, OEVB 2011.10.22-23 fot\u00f3k Sulyok \u00c1bel ONEB 2011.10.15-16 fot\u00f3k Sulyok \u00c1bel \u0150szi edz\u0151t\u00e1borok 2011.10.13 besz\u00e1mol\u00f3 &hellip; <a href=\"https:\/\/www.tabanispartacus.hu\/tajfuto\/wordpress\/?page_id=4247\" class=\"more-link\"><span class=\"screen-reader-text\">Vel\u00fcnk t\u00f6rt\u00e9nt 2011-ben<\/span> olvas\u00e1s\u00e1nak folytat\u00e1sa <span class=\"meta-nav\">&rarr;<\/span><\/a><\/p>\n","protected":false},"author":9,"featured_media":0,"parent":0,"menu_order":0,"comment_status":"closed","ping_status":"closed","template":"","meta":{"ngg_post_thumbnail":0},"_links":{"self":[{"href":"https:\/\/www.tabanispartacus.hu\/tajfuto\/wordpress\/index.php?rest_route=\/wp\/v2\/pages\/4247"}],"collection":[{"href":"https:\/\/www.tabanispartacus.hu\/tajfuto\/wordpress\/index.php?rest_route=\/wp\/v2\/pages"}],"about":[{"href":"https:\/\/www.tabanispartacus.hu\/tajfuto\/wordpress\/index.php?rest_route=\/wp\/v2\/types\/page"}],"author":[{"embeddable":true,"href":"https:\/\/www.tabanispartacus.hu\/tajfuto\/wordpress\/index.php?rest_route=\/wp\/v2\/users\/9"}],"replies":[{"embeddable":true,"href":"https:\/\/www.tabanispartacus.hu\/tajfuto\/wordpress\/index.php?rest_route=%2Fwp%2Fv2%2Fcomments&post=4247"}],"version-history":[{"count":0,"href":"https:\/\/www.tabanispartacus.hu\/tajfuto\/wordpress\/index.php?rest_route=\/wp\/v2\/pages\/4247\/revisions"}],"wp:attachment":[{"href":"https:\/\/www.tabanispartacus.hu\/tajfuto\/wordpress\/index.php?rest_route=%2Fwp%2Fv2%2Fmedia&parent=4247"}],"curies":[{"name":"wp","href":"https:\/\/api.w.org\/{rel}","templated":true}]}}