{"id":423,"date":"2012-07-12T12:48:41","date_gmt":"2012-07-12T10:48:41","guid":{"rendered":"http:\/\/tabanispartacus.wordpress.com\/?page_id=423"},"modified":"2012-07-12T12:48:41","modified_gmt":"2012-07-12T10:48:41","slug":"versenyeink-2004-ben","status":"publish","type":"page","link":"https:\/\/www.tabanispartacus.hu\/tajfuto\/wordpress\/?page_id=423","title":{"rendered":"Versenyeink 2004-ben"},"content":{"rendered":"<p>&nbsp;<\/p>\n<table width=\"100%\" border=\"0\" cellspacing=\"0\" cellpadding=\"10\">\n<tbody>\n<tr>\n<td valign=\"top\" width=\"100%\">\n<p align=\"center\"><strong><span style=\"font-size:small;\">2004<\/span><\/strong><\/p>\n<p align=\"left\">\n<p><strong>9. Dobog\u00f3k\u0151i Hegyi Fut\u00f3verseny<\/strong><br \/>\n<em>2004. november 20., Dobog\u00f3k\u0151<\/em><\/p>\n<ul>\n<li>\n<p align=\"left\"><strong><a href=\"http:\/\/www.tabanispartacus.hu\/tajfuto\/index.php?page=2004\/dobogoko_kiiras\">Ki\u00edr\u00e1s<\/a><\/strong><\/p>\n<\/li>\n<li>\n<p align=\"left\"><a href=\"http:\/\/www.tabanispartacus.hu\/tajfuto\/2004\/dobogoko_ered.xls\"><strong>Eredm\u00e9nyek<\/strong><\/a><\/p>\n<\/li>\n<\/ul>\n<hr size=\"1\" \/>\n<p><strong>52. \u0150szi Spartacus kupa 2004.<br \/>\n52nd Autumn Spartacus Cup 2004<\/strong><br \/>\n<em>2004. november 6-7., Cs\u00e1kv\u00e1r<\/em><\/p>\n<p align=\"left\">Magyarul:<\/p>\n<ul>\n<li>\n<p align=\"left\"><strong><a href=\"http:\/\/www.tabanispartacus.hu\/tajfuto\/index.php?page=2004\/osz_kiiras\">Ki\u00edr\u00e1s<\/a><\/strong><\/p>\n<\/li>\n<li>\n<p align=\"left\"><strong><a href=\"http:\/\/www.tabanispartacus.hu\/tajfuto\/2004\/entryform.xls\">Let\u00f6lthet\u0151 nevez\u00e9si lap<\/a><\/strong> (.xls &#8211; 51 KB)<\/p>\n<\/li>\n<li>\n<p align=\"left\"><strong><a href=\"http:\/\/www.tabanispartacus.hu\/tajfuto\/2004\/osz_list_cat.htm\">Nevez\u00e9sek kateg\u00f3ri\u00e1nk\u00e9nt<\/a> <\/strong>(okt\u00f3ber 21-i \u00e1llapot)<\/p>\n<\/li>\n<li>\n<p align=\"left\"><strong><a href=\"http:\/\/www.tabanispartacus.hu\/tajfuto\/2004\/osz_list_club.htm\">Nevez\u00e9sek klubonk\u00e9nt<\/a> <\/strong>(okt\u00f3ber 21-i \u00e1llapot)<\/p>\n<\/li>\n<li>\n<p align=\"left\"><strong><a href=\"http:\/\/www.tabanispartacus.hu\/tajfuto\/index.php?page=2004\/osz_ertesito\">\u00c9rtes\u00edt\u0151<\/a><\/strong><\/p>\n<\/li>\n<li>\n<p align=\"left\"><strong><a href=\"http:\/\/www.tabanispartacus.hu\/tajfuto\/2004\/osz_startlist_cat.htm\">Rajtlista kateg\u00f3ri\u00e1nk\u00e9nt<\/a> <\/strong>(az okt\u00f3ber 26-ig be\u00e9rkezett nevez\u00e9sekkel)<\/p>\n<\/li>\n<li>\n<p align=\"left\"><strong><a href=\"http:\/\/www.tabanispartacus.hu\/tajfuto\/2004\/osz_startlist_club.htm\">Rajtlista klubonk\u00e9nt<\/a> <\/strong>(az okt\u00f3ber 26-ig be\u00e9rkezett nevez\u00e9sekkel)<\/p>\n<\/li>\n<li>\n<p align=\"left\"><strong><a href=\"http:\/\/www.tabanispartacus.hu\/tajfuto\/2004\/osz_startlist.xls\">Rajtlista kateg\u00f3ri\u00e1nk\u00e9nt<\/a><\/strong> (Excel form\u00e1tum, november 3-i \u00e1llapot)<\/p>\n<\/li>\n<li>\n<p align=\"left\"><strong><a href=\"http:\/\/www.tabanispartacus.hu\/tajfuto\/2004\/osz_ered.htm\">Eredm\u00e9ny<\/a><\/strong><\/p>\n<\/li>\n<li>\n<p align=\"left\"><strong><a href=\"http:\/\/www.tabanispartacus.hu\/tajfuto\/2004\/osz_split1.htm\">R\u00e9szid\u0151k 1. nap<\/a><\/strong><\/p>\n<\/li>\n<li>\n<p align=\"left\"><strong><a href=\"http:\/\/www.tabanispartacus.hu\/tajfuto\/2004\/osz_split2.htm\">R\u00e9szid\u0151k 2. nap<\/a><\/strong><\/p>\n<\/li>\n<li>\n<p align=\"left\"><strong><a href=\"http:\/\/www.tabanispartacus.hu\/tajfuto\/2004\/osz_gyerekverseny.xls\">Gyerekverseny<\/a><\/strong><\/p>\n<\/li>\n<\/ul>\n<p align=\"left\">In English:<\/p>\n<ul>\n<li>\n<p align=\"left\"><strong><a href=\"http:\/\/www.tabanispartacus.hu\/tajfuto\/index.php?page=2004\/osz_kiirase\">Invitation<\/a><\/strong><\/p>\n<\/li>\n<li>\n<p align=\"left\"><strong><a href=\"http:\/\/www.tabanispartacus.hu\/tajfuto\/2004\/entryform.xls\">Downloadable entry form<\/a><\/strong> (.xls &#8211; 51 KB)<\/p>\n<\/li>\n<li>\n<p align=\"left\"><strong><a href=\"http:\/\/www.tabanispartacus.hu\/tajfuto\/2004\/osz_list_cat.htm\">List of entries by categories<\/a><\/strong> (arrived until 10.21.)<\/p>\n<\/li>\n<li>\n<p align=\"left\"><strong><a href=\"http:\/\/www.tabanispartacus.hu\/tajfuto\/2004\/osz_list_club.htm\">List of entries by club<\/a> <\/strong>(arrived until 10.21.)<\/p>\n<\/li>\n<li>\n<p align=\"left\"><strong><a href=\"http:\/\/www.tabanispartacus.hu\/tajfuto\/index.php?page=2004\/osz_ertesito_e\">Information<\/a><\/strong><\/p>\n<\/li>\n<li>\n<p align=\"left\"><strong><a href=\"http:\/\/www.tabanispartacus.hu\/tajfuto\/2004\/osz_startlist_cat.htm\">Startlists by categories<\/a> <\/strong>(including entries arrived until 10.26.)<\/p>\n<\/li>\n<li>\n<p align=\"left\"><strong><a href=\"http:\/\/www.tabanispartacus.hu\/tajfuto\/2004\/osz_startlist_club.htm\">Startlists by clubs<\/a> <\/strong>(including entries arrived until 10.26.)<\/p>\n<\/li>\n<li>\n<p align=\"left\"><strong><a href=\"http:\/\/www.tabanispartacus.hu\/tajfuto\/2004\/osz_startlist.xls\">Startlists by categories<\/a><\/strong> (Excel file including entries arrived until 11.03.)<\/p>\n<\/li>\n<li>\n<p align=\"left\"><strong><a href=\"http:\/\/www.tabanispartacus.hu\/tajfuto\/2004\/osz_ered.htm\">Results<\/a><\/strong><\/p>\n<\/li>\n<li>\n<p align=\"left\"><strong><a href=\"http:\/\/www.tabanispartacus.hu\/tajfuto\/2004\/osz_split1.htm\">Split times 1st day<\/a><\/strong><\/p>\n<\/li>\n<li>\n<p align=\"left\"><strong><a href=\"http:\/\/www.tabanispartacus.hu\/tajfuto\/2004\/osz_split2.htm\">Split times 2nd day<\/a><\/strong><\/p>\n<\/li>\n<li>\n<p align=\"left\"><strong><a href=\"http:\/\/www.tabanispartacus.hu\/tajfuto\/2004\/osz_gyerekverseny.xls\">Children&#8217;s race<\/a><\/strong><\/p>\n<\/li>\n<\/ul>\n<hr size=\"1\" \/>\n<p><strong>Budapest Nagyd\u00edj &#8211; Tavaszi Spartacus kupa 2004.<br \/>\nBudapest Grand Prix &#8211; Spring Spartacus Cup 2004<\/strong><br \/>\n<em>2004. m\u00e1rcius 27-28., Cs\u00e1kv\u00e1r<\/em><\/p>\n<p align=\"left\">Magyarul:<\/p>\n<ul>\n<li>\n<p align=\"left\"><strong><a href=\"http:\/\/www.tabanispartacus.hu\/tajfuto\/index.php?page=2004\/tavasz_kiiras\">Ki\u00edr\u00e1s<\/a><\/strong><\/p>\n<\/li>\n<li>\n<p align=\"left\"><strong><a href=\"http:\/\/www.tabanispartacus.hu\/tajfuto\/2004\/entryform.doc\">Let\u00f6lthet\u0151 nevez\u00e9si lap<\/a><\/strong> (.doc &#8211; 46 KB)<\/p>\n<\/li>\n<li>\n<p align=\"left\"><strong><a href=\"http:\/\/www.tabanispartacus.hu\/tajfuto\/index.php?page=2004\/tavasz_ertesito\">\u00c9rtes\u00edt\u0151<\/a><\/strong><\/p>\n<\/li>\n<li>\n<p align=\"left\"><strong><a href=\"http:\/\/www.tabanispartacus.hu\/tajfuto\/2004\/tavasz_startlist_cat.htm\">Rajtlista kateg\u00f3ri\u00e1nk\u00e9nt<\/a><\/strong><\/p>\n<\/li>\n<li>\n<p align=\"left\"><strong><a href=\"http:\/\/www.tabanispartacus.hu\/tajfuto\/2004\/tavasz_startlist_club.htm\">Rajtlista klubonk\u00e9nt<\/a><\/strong><\/p>\n<\/li>\n<li>\n<p align=\"left\"><strong><a href=\"http:\/\/www.tabanispartacus.hu\/tajfuto\/2004\/tavasz_ered.htm\">Eredm\u00e9ny<\/a><\/strong><\/p>\n<\/li>\n<li>\n<p align=\"left\"><strong><a href=\"http:\/\/www.tabanispartacus.hu\/tajfuto\/2004\/tavasz_split1.htm\">R\u00e9szid\u0151k 1. nap<\/a><\/strong><\/p>\n<\/li>\n<li>\n<p align=\"left\"><strong><a href=\"http:\/\/www.tabanispartacus.hu\/tajfuto\/2004\/tavasz_split2.htm\">R\u00e9szid\u0151k 2. nap<\/a><\/strong><\/p>\n<\/li>\n<\/ul>\n<p align=\"left\">In English:<\/p>\n<ul>\n<li>\n<p align=\"left\"><strong><a href=\"http:\/\/www.tabanispartacus.hu\/tajfuto\/index.php?page=2004\/tavasz_kiirase\">Invitation<\/a><\/strong><\/p>\n<\/li>\n<li>\n<p align=\"left\"><strong><a href=\"http:\/\/www.tabanispartacus.hu\/tajfuto\/2004\/entryform.doc\">Downloadable entry form<\/a><\/strong> (.doc &#8211; 46 KB)<\/p>\n<\/li>\n<li>\n<p align=\"left\"><strong><a href=\"http:\/\/www.tabanispartacus.hu\/tajfuto\/index.php?page=2004\/tavasz_ertesitoe\">Information<\/a><\/strong><\/p>\n<\/li>\n<li>\n<p align=\"left\"><strong><a href=\"http:\/\/www.tabanispartacus.hu\/tajfuto\/2004\/tavasz_startlist_cat.htm\">Startlists by categories<\/a><\/strong><\/p>\n<\/li>\n<li>\n<p align=\"left\"><strong><a href=\"http:\/\/www.tabanispartacus.hu\/tajfuto\/2004\/tavasz_startlist_club.htm\">Startlists by clubs<\/a><\/strong><\/p>\n<\/li>\n<li>\n<p align=\"left\"><strong><a href=\"http:\/\/www.tabanispartacus.hu\/tajfuto\/2004\/tavasz_ered.htm\">Results<\/a><\/strong><\/p>\n<\/li>\n<li>\n<p align=\"left\"><strong><a href=\"http:\/\/www.tabanispartacus.hu\/tajfuto\/2004\/tavasz_split1.htm\">Split times 1st day<\/a><\/strong><\/p>\n<\/li>\n<li>\n<p align=\"left\"><strong><a href=\"http:\/\/www.tabanispartacus.hu\/tajfuto\/2004\/tavasz_split2.htm\">Split times 2nd day<\/a><\/strong><\/p>\n<\/li>\n<\/ul>\n<\/td>\n<\/tr>\n<\/tbody>\n<\/table>\n","protected":false},"excerpt":{"rendered":"<p>&nbsp; 2004 9. Dobog\u00f3k\u0151i Hegyi Fut\u00f3verseny 2004. november 20., Dobog\u00f3k\u0151 Ki\u00edr\u00e1s Eredm\u00e9nyek 52. \u0150szi Spartacus kupa 2004. 52nd Autumn Spartacus Cup 2004 2004. november 6-7., Cs\u00e1kv\u00e1r Magyarul: Ki\u00edr\u00e1s Let\u00f6lthet\u0151 nevez\u00e9si lap (.xls &#8211; 51 KB) Nevez\u00e9sek kateg\u00f3ri\u00e1nk\u00e9nt (okt\u00f3ber 21-i \u00e1llapot) Nevez\u00e9sek klubonk\u00e9nt (okt\u00f3ber 21-i \u00e1llapot) \u00c9rtes\u00edt\u0151 Rajtlista kateg\u00f3ri\u00e1nk\u00e9nt (az okt\u00f3ber 26-ig be\u00e9rkezett nevez\u00e9sekkel) Rajtlista klubonk\u00e9nt &hellip; <a href=\"https:\/\/www.tabanispartacus.hu\/tajfuto\/wordpress\/?page_id=423\" class=\"more-link\"><span class=\"screen-reader-text\">Versenyeink 2004-ben<\/span> olvas\u00e1s\u00e1nak folytat\u00e1sa <span class=\"meta-nav\">&rarr;<\/span><\/a><\/p>\n","protected":false},"author":1,"featured_media":0,"parent":34,"menu_order":0,"comment_status":"closed","ping_status":"closed","template":"","meta":{"ngg_post_thumbnail":0},"_links":{"self":[{"href":"https:\/\/www.tabanispartacus.hu\/tajfuto\/wordpress\/index.php?rest_route=\/wp\/v2\/pages\/423"}],"collection":[{"href":"https:\/\/www.tabanispartacus.hu\/tajfuto\/wordpress\/index.php?rest_route=\/wp\/v2\/pages"}],"about":[{"href":"https:\/\/www.tabanispartacus.hu\/tajfuto\/wordpress\/index.php?rest_route=\/wp\/v2\/types\/page"}],"author":[{"embeddable":true,"href":"https:\/\/www.tabanispartacus.hu\/tajfuto\/wordpress\/index.php?rest_route=\/wp\/v2\/users\/1"}],"replies":[{"embeddable":true,"href":"https:\/\/www.tabanispartacus.hu\/tajfuto\/wordpress\/index.php?rest_route=%2Fwp%2Fv2%2Fcomments&post=423"}],"version-history":[{"count":1,"href":"https:\/\/www.tabanispartacus.hu\/tajfuto\/wordpress\/index.php?rest_route=\/wp\/v2\/pages\/423\/revisions"}],"predecessor-version":[{"id":4048,"href":"https:\/\/www.tabanispartacus.hu\/tajfuto\/wordpress\/index.php?rest_route=\/wp\/v2\/pages\/423\/revisions\/4048"}],"up":[{"embeddable":true,"href":"https:\/\/www.tabanispartacus.hu\/tajfuto\/wordpress\/index.php?rest_route=\/wp\/v2\/pages\/34"}],"wp:attachment":[{"href":"https:\/\/www.tabanispartacus.hu\/tajfuto\/wordpress\/index.php?rest_route=%2Fwp%2Fv2%2Fmedia&parent=423"}],"curies":[{"name":"wp","href":"https:\/\/api.w.org\/{rel}","templated":true}]}}