{"id":408,"date":"2012-07-12T12:29:28","date_gmt":"2012-07-12T10:29:28","guid":{"rendered":"http:\/\/tabanispartacus.wordpress.com\/?page_id=408"},"modified":"2012-07-12T12:29:28","modified_gmt":"2012-07-12T10:29:28","slug":"versenyeink-2010-ben","status":"publish","type":"page","link":"https:\/\/www.tabanispartacus.hu\/tajfuto\/wordpress\/?page_id=408","title":{"rendered":"Versenyeink 2010-ben"},"content":{"rendered":"<p>&nbsp;<\/p>\n<table width=\"100%\" border=\"0\" cellspacing=\"0\" cellpadding=\"10\">\n<tbody>\n<tr>\n<td valign=\"top\" width=\"100%\">\n<p align=\"center\"><strong><span style=\"font-size:small;\">2010<\/span><\/strong><\/p>\n<table>\n<tbody>\n<tr>\n<td><a title=\"XV. Dobog\u00f3k\u0151i Hegyi Fut\u00f3verseny\" href=\"http:\/\/www.tabanispartacus.hu\/tajfuto\/sparikupa_10.htm#dobogoko\"><strong>XV. Dobog\u00f3k\u0151i Hegyi Fut\u00f3verseny<\/strong><\/a><\/td>\n<td>2010.11.20.<\/td>\n<\/tr>\n<tr>\n<td><a title=\"\u0150szi Spartacus Kupa\/Autumn Spartacus Cup\" href=\"http:\/\/www.tabanispartacus.hu\/tajfuto\/sparikupa_10.htm#oszi\"><strong>\u0150szi Spartacus Kupa\/Autumn Spartacus Cup<\/strong><\/a><\/td>\n<td>2010.11.06-07.<\/td>\n<\/tr>\n<tr>\n<td><a title=\"Gell\u00e9rthegy Kupa\" href=\"http:\/\/www.tabanispartacus.hu\/tajfuto\/sparikupa_10.htm#gellert\"><strong>Gell\u00e9rthegy Kupa<\/strong><\/a><\/td>\n<td>2010.08.11.<\/td>\n<\/tr>\n<tr>\n<td><a title=\"Ny\u00e1ri Spartacus Kupa\" href=\"http:\/\/www.tabanispartacus.hu\/tajfuto\/sparikupa_10.htm#nyari\"><strong>Ny\u00e1ri Spartacus Kupa<\/strong><\/a><\/td>\n<td>2010.06.30.<\/td>\n<\/tr>\n<tr>\n<td><a title=\"Budapesti Pontbegy\u0171jt\u0151 Csapatbajnoks\u00e1g\" href=\"http:\/\/www.tabanispartacus.hu\/tajfuto\/sparikupa_10.htm#bppcsb\"><strong>Budapesti Pontbegy\u0171jt\u0151 Csapatbajnoks\u00e1g<\/strong><\/a><\/td>\n<td>2010.04.24.<\/td>\n<\/tr>\n<tr>\n<td><a title=\"Tavaszi Spartacus Kupa\/Spring Spartacus Cup\" href=\"http:\/\/www.tabanispartacus.hu\/tajfuto\/sparikupa_10.htm#tavaszi\"><strong>Tavaszi Spartacus Kupa\/Spring Spartacus Cup<\/strong><\/a><\/td>\n<td>2010.03.13-15.<\/td>\n<\/tr>\n<\/tbody>\n<\/table>\n<hr \/>\n<p>&nbsp;<\/p>\n<p id=\"dobogoko\" align=\"left\"><strong>XV. Dobog\u00f3k\u0151i Hegyi Fut\u00f3verseny<\/strong><br \/>\n<em>2010. november 20., Pilis-Visegr\u00e1di-hegys\u00e9g, Dobog\u00f3k\u0151<\/em><\/p>\n<p>&nbsp;<\/p>\n<ul>\n<li><strong><a title=\"Honlapja\" href=\"http:\/\/www.tabanispartacus.hu\/tajfuto\/2010\/dobogokoi\/dobogo.htm\">Honlapja<\/a><\/strong><\/li>\n<\/ul>\n<p>&nbsp;<\/p>\n<p>&nbsp;<\/p>\n<hr \/>\n<p>&nbsp;<\/p>\n<p id=\"oszi\" align=\"left\"><strong>\u0150szi Spartacus Kupa\/Autumn Spartacus Cup<\/strong><br \/>\n<em>2010. november 6-7., V\u00e9rtes<\/em><\/p>\n<p>Magyarul:<\/p>\n<p>&nbsp;<\/p>\n<ul>\n<li><strong><a title=\"Honlapja\" href=\"http:\/\/www.tabanispartacus.hu\/tajfuto\/2010\/oszi\/hirek.htm\">Honlapja<\/a><\/strong><\/li>\n<\/ul>\n<p>&nbsp;<\/p>\n<p>In English:<\/p>\n<p>&nbsp;<\/p>\n<ul>\n<li><strong><a title=\"Own website\" href=\"http:\/\/www.tabanispartacus.hu\/tajfuto\/2010\/oszi\/news.htm\">Own website<\/a><\/strong><\/li>\n<\/ul>\n<p>&nbsp;<\/p>\n<p>&nbsp;<\/p>\n<hr \/>\n<p>&nbsp;<\/p>\n<p id=\"gellert\" align=\"left\"><strong>Gell\u00e9rthegy Kupa<\/strong><br \/>\n<em>2010. augusztus 11., szerda, Gell\u00e9rt-hegy<\/em><\/p>\n<p>&nbsp;<\/p>\n<ul>\n<li><strong><a href=\"http:\/\/www.tabanispartacus.hu\/tajfuto\/index.php?page=2010\/gellert\/gellert_kiiras_2010\">Ki\u00edr\u00e1s<\/a><\/strong><\/li>\n<li><strong><a href=\"http:\/\/www.tabanispartacus.hu\/tajfuto\/2010\/gellert\/gellert_eredmenyek.xls\">Eredm\u00e9nyek<\/a><\/strong><\/li>\n<\/ul>\n<p>&nbsp;<\/p>\n<p>&nbsp;<\/p>\n<hr \/>\n<p>&nbsp;<\/p>\n<p id=\"nyari\" align=\"left\"><strong>Ny\u00e1ri Spartacus Kupa<\/strong><br \/>\n<em>2010. j\u00fanius 30. szerda, Tab\u00e1n<\/em><\/p>\n<p>&nbsp;<\/p>\n<ul>\n<li><strong><a href=\"http:\/\/www.tabanispartacus.hu\/tajfuto\/index.php?page=2010\/nyari\/nyari_kiiras\">Ki\u00edr\u00e1s<\/a><\/strong><\/li>\n<li><strong><a title=\"Norm\u00e1l\" href=\"http:\/\/www.tabanispartacus.hu\/tajfuto\/2010\/nyari\/nyari_spartacus_kupa_2010_eredmenyek.html\">Eredm\u00e9nyek<\/a><\/strong><\/li>\n<li><strong><a title=\"SI\" href=\"http:\/\/www.tabanispartacus.hu\/tajfuto\/2010\/nyari\/nyari_spartacus_kupa_2010_si_eredmenyek.html\">SI eredm\u00e9nyek<\/a><\/strong><\/li>\n<\/ul>\n<p>&nbsp;<\/p>\n<p>&nbsp;<\/p>\n<hr \/>\n<p id=\"bppcsb\" align=\"left\"><strong>Budapesti Pontbegy\u0171jt\u0151 Csapatbajnoks\u00e1g<\/strong><br \/>\n<em>2010. \u00e1prilis 24., Gell\u00e9rt-hegy<\/em><\/p>\n<ul>\n<li><strong><a href=\"http:\/\/www.tabanispartacus.hu\/tajfuto\/index.php?page=2010\/bp_pcsb\/bp_pcsb_kiiras\">Ki\u00edr\u00e1s<\/a><\/strong><\/li>\n<li><strong><a href=\"http:\/\/www.tabanispartacus.hu\/tajfuto\/2010\/bp_pcsb\/2010Bp_PCSB_ertesito.doc\">\u00c9rtes\u00edt\u0151<\/a><\/strong><\/li>\n<li><strong>Eredm\u00e9nyek<\/strong>\n<ul>\n<li><strong><a title=\"Csapat\" href=\"http:\/\/www.tabanispartacus.hu\/tajfuto\/2010\/bp_pcsb\/2010pcsbpre.html\">Csapat<\/a><\/strong><\/li>\n<li><strong><a title=\"Csapat SI\" href=\"http:\/\/www.tabanispartacus.hu\/tajfuto\/2010\/bp_pcsb\/2010pcsbsi.html\">Csapat SI<\/a><\/strong><\/li>\n<li><strong><a title=\"Egy\u00e9ni\" href=\"http:\/\/www.tabanispartacus.hu\/tajfuto\/2010\/bp_pcsb\/pcsb_egyeni_eredmenyek.pdf\">Egy\u00e9ni Ny\u00edlt<\/a><\/strong><\/li>\n<\/ul>\n<\/li>\n<\/ul>\n<p>&nbsp;<\/p>\n<hr \/>\n<p id=\"tavaszi\" align=\"left\"><strong>Tavaszi Spartacus Kupa\/Spring Spartacus Cup<\/strong><br \/>\n<em>m\u00e1rcius 13-15., K\u0151h\u00e1ny\u00e1spuszta, V\u00e9rtes hg.<\/em><\/p>\n<p>Magyarul:<\/p>\n<ul>\n<li><strong><a href=\"http:\/\/www.tabanispartacus.hu\/tajfuto\/index.php?page=2010\/tavaszi\/2010_tavaszi_kiiras_hu\">Ki\u00edr\u00e1s<\/a><\/strong><\/li>\n<li><strong><a href=\"http:\/\/www.tabanispartacus.hu\/tajfuto\/index.php?page=2010\/tavaszi\/2010_tavaszi_ertesito_hu\">\u00c9rtes\u00edt\u0151<\/a><\/strong><\/li>\n<li><strong>Rajtlist\u00e1k<\/strong>\n<ul>\n<li><strong><a href=\"http:\/\/www.tabanispartacus.hu\/tajfuto\/2010\/tavaszi\/tspari_1nap.html\">Els\u0151 nap<\/a><\/strong><\/li>\n<li><strong><a href=\"http:\/\/www.tabanispartacus.hu\/tajfuto\/2010\/tavaszi\/tspari_2nap.html\">M\u00e1sodik nap<\/a><\/strong><\/li>\n<li><strong><a href=\"http:\/\/www.tabanispartacus.hu\/tajfuto\/2010\/tavaszi\/tspari_3nap.html\">Harmadik nap<\/a><\/strong><\/li>\n<li><strong><a href=\"http:\/\/www.tabanispartacus.hu\/tajfuto\/2010\/tavaszi\/tspari_katrajt.html\">Kateg\u00f3ri\u00e1nk\u00e9nt<\/a><\/strong><\/li>\n<li><strong><a href=\"http:\/\/www.tabanispartacus.hu\/tajfuto\/2010\/tavaszi\/tspari_klubrajt.html\">Klubonk\u00e9nt<\/a><\/strong><\/li>\n<\/ul>\n<\/li>\n<li><strong>Eredm\u00e9nyek<\/strong>\n<ul>\n<li><strong><a href=\"http:\/\/www.tabanispartacus.hu\/tajfuto\/2010\/tavaszi\/1nap.html\">Els\u0151 nap<\/a><\/strong><\/li>\n<li><strong><a href=\"http:\/\/www.tabanispartacus.hu\/tajfuto\/2010\/tavaszi\/1nap_si.html\">Els\u0151 nap SI<\/a><\/strong><\/li>\n<li><strong><a href=\"http:\/\/www.tabanispartacus.hu\/tajfuto\/2010\/tavaszi\/2nap.html\">M\u00e1sodik nap<\/a><\/strong><\/li>\n<li><strong><a href=\"http:\/\/www.tabanispartacus.hu\/tajfuto\/2010\/tavaszi\/2nap_si.html\">M\u00e1sodik nap SI<\/a><\/strong><\/li>\n<li><strong><a href=\"http:\/\/www.tabanispartacus.hu\/tajfuto\/2010\/tavaszi\/3nap.html\">Harmadik nap<\/a><\/strong><\/li>\n<li><strong><a href=\"http:\/\/www.tabanispartacus.hu\/tajfuto\/2010\/tavaszi\/3nap_si.html\">Harmadik nap SI<\/a><\/strong><\/li>\n<li><strong><a href=\"http:\/\/www.tabanispartacus.hu\/tajfuto\/2010\/tavaszi\/3nap_osszetett.html\">\u00d6sszetett<\/a><\/strong><\/li>\n<li><strong><a href=\"http:\/\/www.tabanispartacus.hu\/tajfuto\/2010\/tavaszi\/bp_normaltav.html\">Budapest Ny\u00edlt Norm\u00e1lt\u00e1v\u00fa Bajnoks\u00e1ga<\/a><\/strong><\/li>\n<li><strong><a href=\"http:\/\/www.tabanispartacus.hu\/tajfuto\/2010\/tavaszi\/bp_kozeptav.html\">Budapest Ny\u00edlt K\u00f6z\u00e9pt\u00e1v\u00fa Bajnoks\u00e1ga<\/a><\/strong><\/li>\n<\/ul>\n<\/li>\n<\/ul>\n<p align=\"left\">In English:<\/p>\n<ul>\n<li><strong><a href=\"http:\/\/www.tabanispartacus.hu\/tajfuto\/index.php?page=2010\/tavaszi\/2010_tavaszi_kiiras_en\">Invitation<\/a><\/strong><\/li>\n<li><strong><a href=\"http:\/\/www.tabanispartacus.hu\/tajfuto\/index.php?page=2010\/tavaszi\/2010_tavaszi_ertesito_en\">Information<\/a><\/strong><\/li>\n<li><strong>Startlists<\/strong>\n<ul>\n<li><strong><a href=\"http:\/\/www.tabanispartacus.hu\/tajfuto\/2010\/tavaszi\/tspari_1nap.html\">First day<\/a><\/strong><\/li>\n<li><strong><a href=\"http:\/\/www.tabanispartacus.hu\/tajfuto\/2010\/tavaszi\/tspari_2nap.html\">Second day<\/a><\/strong><\/li>\n<li><strong><a href=\"http:\/\/www.tabanispartacus.hu\/tajfuto\/2010\/tavaszi\/tspari_3nap.html\">Third day<\/a><\/strong><\/li>\n<li><strong><a href=\"http:\/\/www.tabanispartacus.hu\/tajfuto\/2010\/tavaszi\/tspari_katrajt.html\">By Categories<\/a><\/strong><\/li>\n<li><strong><a href=\"http:\/\/www.tabanispartacus.hu\/tajfuto\/2010\/tavaszi\/tspari_klubrajt.html\">By Clubs<\/a><\/strong><\/li>\n<\/ul>\n<\/li>\n<li><strong>Results<\/strong>\n<ul>\n<li><strong><a href=\"http:\/\/www.tabanispartacus.hu\/tajfuto\/2010\/tavaszi\/1nap.html\">First day<\/a><\/strong><\/li>\n<li><strong><a href=\"http:\/\/www.tabanispartacus.hu\/tajfuto\/2010\/tavaszi\/1nap_si.html\">First day SI<\/a><\/strong><\/li>\n<li><strong><a href=\"http:\/\/www.tabanispartacus.hu\/tajfuto\/2010\/tavaszi\/2nap.html\">Second day<\/a><\/strong><\/li>\n<li><strong><a href=\"http:\/\/www.tabanispartacus.hu\/tajfuto\/2010\/tavaszi\/2nap_si.html\">Second day SI<\/a><\/strong><\/li>\n<li><strong><a href=\"http:\/\/www.tabanispartacus.hu\/tajfuto\/2010\/tavaszi\/3nap.html\">Third day<\/a><\/strong><\/li>\n<li><strong><a href=\"http:\/\/www.tabanispartacus.hu\/tajfuto\/2010\/tavaszi\/3nap_si.html\">Third day SI<\/a><\/strong><\/li>\n<li><strong><a href=\"http:\/\/www.tabanispartacus.hu\/tajfuto\/2010\/tavaszi\/3nap_osszetett.html\">Overall<\/a><\/strong><\/li>\n<li><strong><a href=\"http:\/\/www.tabanispartacus.hu\/tajfuto\/2010\/tavaszi\/bp_normaltav.html\">Normal distance Budapest Open Championship<\/a><\/strong><\/li>\n<li><strong><a href=\"http:\/\/www.tabanispartacus.hu\/tajfuto\/2010\/tavaszi\/bp_kozeptav.html\">Middle distance Budapest Open Championship<\/a><\/strong><\/li>\n<\/ul>\n<\/li>\n<\/ul>\n<\/td>\n<\/tr>\n<\/tbody>\n<\/table>\n","protected":false},"excerpt":{"rendered":"<p>&nbsp; 2010 XV. Dobog\u00f3k\u0151i Hegyi Fut\u00f3verseny 2010.11.20. \u0150szi Spartacus Kupa\/Autumn Spartacus Cup 2010.11.06-07. Gell\u00e9rthegy Kupa 2010.08.11. Ny\u00e1ri Spartacus Kupa 2010.06.30. Budapesti Pontbegy\u0171jt\u0151 Csapatbajnoks\u00e1g 2010.04.24. Tavaszi Spartacus Kupa\/Spring Spartacus Cup 2010.03.13-15. &nbsp; XV. Dobog\u00f3k\u0151i Hegyi Fut\u00f3verseny 2010. november 20., Pilis-Visegr\u00e1di-hegys\u00e9g, Dobog\u00f3k\u0151 &nbsp; Honlapja &nbsp; &nbsp; &nbsp; \u0150szi Spartacus Kupa\/Autumn Spartacus Cup 2010. november 6-7., V\u00e9rtes Magyarul: &hellip; <a href=\"https:\/\/www.tabanispartacus.hu\/tajfuto\/wordpress\/?page_id=408\" class=\"more-link\"><span class=\"screen-reader-text\">Versenyeink 2010-ben<\/span> olvas\u00e1s\u00e1nak folytat\u00e1sa <span class=\"meta-nav\">&rarr;<\/span><\/a><\/p>\n","protected":false},"author":1,"featured_media":0,"parent":34,"menu_order":0,"comment_status":"closed","ping_status":"closed","template":"","meta":{"ngg_post_thumbnail":0},"_links":{"self":[{"href":"https:\/\/www.tabanispartacus.hu\/tajfuto\/wordpress\/index.php?rest_route=\/wp\/v2\/pages\/408"}],"collection":[{"href":"https:\/\/www.tabanispartacus.hu\/tajfuto\/wordpress\/index.php?rest_route=\/wp\/v2\/pages"}],"about":[{"href":"https:\/\/www.tabanispartacus.hu\/tajfuto\/wordpress\/index.php?rest_route=\/wp\/v2\/types\/page"}],"author":[{"embeddable":true,"href":"https:\/\/www.tabanispartacus.hu\/tajfuto\/wordpress\/index.php?rest_route=\/wp\/v2\/users\/1"}],"replies":[{"embeddable":true,"href":"https:\/\/www.tabanispartacus.hu\/tajfuto\/wordpress\/index.php?rest_route=%2Fwp%2Fv2%2Fcomments&post=408"}],"version-history":[{"count":0,"href":"https:\/\/www.tabanispartacus.hu\/tajfuto\/wordpress\/index.php?rest_route=\/wp\/v2\/pages\/408\/revisions"}],"up":[{"embeddable":true,"href":"https:\/\/www.tabanispartacus.hu\/tajfuto\/wordpress\/index.php?rest_route=\/wp\/v2\/pages\/34"}],"wp:attachment":[{"href":"https:\/\/www.tabanispartacus.hu\/tajfuto\/wordpress\/index.php?rest_route=%2Fwp%2Fv2%2Fmedia&parent=408"}],"curies":[{"name":"wp","href":"https:\/\/api.w.org\/{rel}","templated":true}]}}