{"id":3890,"date":"2019-01-02T12:51:53","date_gmt":"2019-01-02T11:51:53","guid":{"rendered":"http:\/\/www.tabanispartacus.hu\/tajfuto\/wordpress\/?page_id=3890"},"modified":"2019-10-28T15:20:58","modified_gmt":"2019-10-28T14:20:58","slug":"competitions-2019","status":"publish","type":"page","link":"https:\/\/www.tabanispartacus.hu\/tajfuto\/wordpress\/?page_id=3890","title":{"rendered":"Competitions 2019"},"content":{"rendered":"<p><a href=\"http:\/\/www.tabanispartacus.hu\/tajfuto\/wordpress\/?page_id=3889\"><img loading=\"lazy\" src=\"http:\/\/www.tabanispartacus.hu\/tajfuto\/2016\/tavaszi\/elem\/z_hun.gif\" alt=\"\" width=\"80\" height=\"50\" align=\"right\" \/><\/a><\/p>\n<table>\n<tbody>\n<tr>\n<td style=\"font-size: 75%;\"><strong><a href=\"#oszi\">67th Autumn Spartacus Cup<\/a><\/strong><\/td>\n<td style=\"font-size: 75%;\">1-3 November 2019, V\u00e9rtes<\/td>\n<\/tr>\n<tr>\n<td style=\"font-size: 75%;\"><strong><a href=\"#tavaszi\">56th Spring Spartacus Cup<\/a><\/strong><\/td>\n<td style=\"font-size: 75%;\">15-17 March 2019.,\u00a0Sz\u00e1r, V\u00e9rtes<\/td>\n<\/tr>\n<\/tbody>\n<\/table>\n<p><strong id=\"oszi\">Autumn Spartacus Cup, <\/strong>Prologue Race<br \/>\n2019. 11. 01., Budapest (Gell\u00e9rt-hegy)<\/p>\n<ul>\n<li><a href=\"http:\/\/www.tabanispartacus.hu\/tajfuto\/wordpress\/wp-content\/uploads\/2019\/10\/bulletin_2.pdf\"><strong>Bulletin<\/strong><\/a><\/li>\n<li><strong><a href=\"http:\/\/www.tabanispartacus.hu\/tajfuto\/wordpress\/wp-content\/uploads\/2019\/09\/Invitation.pdf\">Invitation<\/a><\/strong><\/li>\n<\/ul>\n<p><strong id=\"oszi\">67th Autumn Spartacus Cup<\/strong><br \/>\n2019. 11. 02-03.,\u00a0Cs\u00e1kv\u00e1r<\/p>\n<ul>\n<li><strong><a href=\"http:\/\/www.tabanispartacus.hu\/tajfuto\/wordpress\/wp-content\/uploads\/2019\/10\/19-oszi-ert-en-v1.pdf\">Bulletin<\/a><\/strong><\/li>\n<\/ul>\n<p><strong id=\"tavaszi\">56th Spring Spartacus Cup<\/strong><br \/>\n<em>15-17 March 2019.,\u00a0Sz\u00e1r, V\u00e9rtes<\/em><\/p>\n<ul>\n<li><strong><a href=\"http:\/\/www.tabanispartacus.hu\/tajfuto\/2019\/tavaszi\/2019_Tsp_invitation_v3.pdf\" target=\"_blank\" rel=\"noopener noreferrer\">Invitation<\/a><\/strong><\/li>\n<li><strong><a href=\"http:\/\/www.tabanispartacus.hu\/tajfuto\/wordpress\/wp-content\/uploads\/2019\/03\/Bulletin_v2.pdf\">Bulletin<\/a><\/strong><\/li>\n<li><strong>Startlist (Day 1,2)<\/strong> <a href=\"https:\/\/drive.google.com\/open?id=1n-k_CW34lTlVqfUw-J5Gbd1KHK6wQRYU\"><strong>clubs<\/strong><\/a><strong>,<\/strong> <a href=\"https:\/\/drive.google.com\/open?id=17suqJoGK1Q2w22KzbXjNuvdyZ1e7q6kD\"><strong>categories<\/strong><\/a><\/li>\n<li><strong>Results <a href=\"http:\/\/www.tabanispartacus.hu\/tajfuto\/wordpress\/?page_id=4741\">Day 1<\/a>, <\/strong><a href=\"http:\/\/www.tabanispartacus.hu\/tajfuto\/wordpress\/?page_id=4758\"><strong>Day 2<\/strong><\/a><\/li>\n<li><strong>Startlist <a href=\"https:\/\/drive.google.com\/open?id=1PeHBiWeR-YzDq6irNTjdH8GsatlvozKv\">Day 3<\/a><\/strong><\/li>\n<li><strong><a href=\"http:\/\/www.tabanispartacus.hu\/tajfuto\/wordpress\/?page_id=4770\">Day 3 and Total results<\/a><\/strong><\/li>\n<\/ul>\n","protected":false},"excerpt":{"rendered":"<p>67th Autumn Spartacus Cup 1-3 November 2019, V\u00e9rtes 56th Spring Spartacus Cup 15-17 March 2019.,\u00a0Sz\u00e1r, V\u00e9rtes Autumn Spartacus Cup, Prologue Race 2019. 11. 01., Budapest (Gell\u00e9rt-hegy) Bulletin Invitation 67th Autumn Spartacus Cup 2019. 11. 02-03.,\u00a0Cs\u00e1kv\u00e1r Bulletin 56th Spring Spartacus Cup 15-17 March 2019.,\u00a0Sz\u00e1r, V\u00e9rtes Invitation Bulletin Startlist (Day 1,2) clubs, categories Results Day 1, Day &hellip; <a href=\"https:\/\/www.tabanispartacus.hu\/tajfuto\/wordpress\/?page_id=3890\" class=\"more-link\"><span class=\"screen-reader-text\">Competitions 2019<\/span> olvas\u00e1s\u00e1nak folytat\u00e1sa <span class=\"meta-nav\">&rarr;<\/span><\/a><\/p>\n","protected":false},"author":1,"featured_media":0,"parent":0,"menu_order":0,"comment_status":"closed","ping_status":"closed","template":"","meta":{"ngg_post_thumbnail":0},"_links":{"self":[{"href":"https:\/\/www.tabanispartacus.hu\/tajfuto\/wordpress\/index.php?rest_route=\/wp\/v2\/pages\/3890"}],"collection":[{"href":"https:\/\/www.tabanispartacus.hu\/tajfuto\/wordpress\/index.php?rest_route=\/wp\/v2\/pages"}],"about":[{"href":"https:\/\/www.tabanispartacus.hu\/tajfuto\/wordpress\/index.php?rest_route=\/wp\/v2\/types\/page"}],"author":[{"embeddable":true,"href":"https:\/\/www.tabanispartacus.hu\/tajfuto\/wordpress\/index.php?rest_route=\/wp\/v2\/users\/1"}],"replies":[{"embeddable":true,"href":"https:\/\/www.tabanispartacus.hu\/tajfuto\/wordpress\/index.php?rest_route=%2Fwp%2Fv2%2Fcomments&post=3890"}],"version-history":[{"count":14,"href":"https:\/\/www.tabanispartacus.hu\/tajfuto\/wordpress\/index.php?rest_route=\/wp\/v2\/pages\/3890\/revisions"}],"predecessor-version":[{"id":5375,"href":"https:\/\/www.tabanispartacus.hu\/tajfuto\/wordpress\/index.php?rest_route=\/wp\/v2\/pages\/3890\/revisions\/5375"}],"wp:attachment":[{"href":"https:\/\/www.tabanispartacus.hu\/tajfuto\/wordpress\/index.php?rest_route=%2Fwp%2Fv2%2Fmedia&parent=3890"}],"curies":[{"name":"wp","href":"https:\/\/api.w.org\/{rel}","templated":true}]}}