{"id":356,"date":"2012-07-12T11:56:36","date_gmt":"2012-07-12T09:56:36","guid":{"rendered":"http:\/\/tabanispartacus.wordpress.com\/?page_id=356"},"modified":"2012-07-12T11:56:36","modified_gmt":"2012-07-12T09:56:36","slug":"eredmenyeink-1964-ben","status":"publish","type":"page","link":"https:\/\/www.tabanispartacus.hu\/tajfuto\/wordpress\/?page_id=356","title":{"rendered":"Eredm\u00e9nyeink 1964-ben"},"content":{"rendered":"<p><strong>1964<\/strong><\/p>\n<table border=\"0\">\n<tbody>\n<tr>\n<td colspan=\"3\"><strong>13. Orsz\u00e1gos Egy\u00e9ni Bajnoks\u00e1g (1964., 1. Aggtelek \u2013 nappal,<br \/>\n2. J\u00f3svaf\u0151 \u2013 \u00e9jjel, 3-4. Herbolya \u2013 \u00e9jjel-nappal)<\/strong><\/td>\n<\/tr>\n<tr>\n<td>Feln\u0151tt f\u00e9rfi (1. Skerletz Iv\u00e1n<\/td>\n<td>Bp. Honv\u00e9d<\/td>\n<td>4 hp)<\/td>\n<\/tr>\n<tr>\n<td><strong>2. \u00d6rsi Andr\u00e1s<\/strong><\/td>\n<td><strong>Bp. Spartacus<\/strong><\/td>\n<td><strong>9 hp<\/strong><\/td>\n<\/tr>\n<tr>\n<td>5. Sch\u0151nviszky Gy\u00f6rgy<\/td>\n<td>Bp. Spartacus<\/td>\n<td>35 hp<\/td>\n<\/tr>\n<tr>\n<td>6. Sch\u0151nviszky L\u00e1szl\u00f3<\/td>\n<td>Bp. Spartacus<\/td>\n<td>36 hp<\/td>\n<\/tr>\n<tr>\n<td>11. S\u00e9ra L\u00e1szl\u00f3<\/td>\n<td>Bp. Spartacus<\/td>\n<td>43 hp<\/td>\n<\/tr>\n<tr>\n<td>15. Peiker Gy\u00f6rgy<\/td>\n<td>Bp. Spartacus<\/td>\n<td>50 hp<\/td>\n<\/tr>\n<tr>\n<td>27. Rib\u00e9nyi Imre<\/td>\n<td>Bp. Spartacus<\/td>\n<td>97 hp<\/td>\n<\/tr>\n<tr>\n<td><\/td>\n<td><\/td>\n<td><\/td>\n<\/tr>\n<tr>\n<td>Ifj\u00fas\u00e1gi fi\u00fa<\/td>\n<td><\/td>\n<td><\/td>\n<\/tr>\n<tr>\n<td>47. Janza Frigyes<\/td>\n<td>Bp. Spartacus<\/td>\n<td>600 hp\/284 p<\/td>\n<\/tr>\n<tr>\n<td><\/td>\n<td><\/td>\n<td><\/td>\n<\/tr>\n<tr>\n<td>Feln\u0151tt n\u0151i (1. Monspart Sarolta<\/td>\n<td>Bp. Pedag\u00f3gus<\/td>\n<td>81:35)<\/td>\n<\/tr>\n<tr>\n<td>20. Sch\u00f6nviszky L\u00e1szl\u00f3n\u00e9<\/td>\n<td>Bp. Spartacus<\/td>\n<td>196:22<\/td>\n<\/tr>\n<tr>\n<td>28. Rib\u00e9nyi Ildik\u00f3<\/td>\n<td>Bp. Spartacus<\/td>\n<td>100 hp \/ 219:53<\/td>\n<\/tr>\n<tr>\n<td>32. N\u00e9meth Judit<\/td>\n<td>Bp. Spartacus<\/td>\n<td>200 hp \/ 160:38<\/td>\n<\/tr>\n<tr>\n<td>45. \u0150rhalmi Olga<\/td>\n<td>Bp. Spartacus<\/td>\n<td>600 hp \/ 252 p<\/td>\n<\/tr>\n<tr>\n<td><\/td>\n<td><\/td>\n<td><\/td>\n<\/tr>\n<tr>\n<td colspan=\"3\"><strong>15. Orsz\u00e1gos Csapatbajnoks\u00e1g (4 fordul\u00f3, 4 f\u0151s csapatok., 1964)<br \/>\n<\/strong>(az egy\u00e9ni bajnoks\u00e1ggal egy\u00fctt rendezve)<\/td>\n<\/tr>\n<tr>\n<td>Feln\u0151tt f\u00e9rfi<\/td>\n<td><\/td>\n<td><\/td>\n<\/tr>\n<tr>\n<td colspan=\"2\"><strong>1. Bp. Spartacus (\u00d6rsi Andr\u00e1s, Peiker Gy\u00f6rgy,<br \/>\nSch\u0151nviszky Gy\u00f6rgy, Sch\u0151nviszky L\u00e1szl\u00f3)<\/strong><\/td>\n<td><strong>3 hp<\/strong><\/td>\n<\/tr>\n<tr>\n<td colspan=\"2\"><\/td>\n<td><\/td>\n<\/tr>\n<tr>\n<td colspan=\"2\">Feln\u0151tt n\u0151i (1. Bp. Pedag\u00f3gus [Cser, Gy\u0151ry, Monspart, S\u00e1rfalvi]<\/td>\n<td>420:28)<\/td>\n<\/tr>\n<tr>\n<td colspan=\"2\">8. <strong>Bp. Spartacus<\/strong> (Sch\u00f6nviszky L\u00e1szl\u00f3n\u00e9, N\u00e9meth Judit,<br \/>\n\u0150rhalmi Olga, Rib\u00e9nyi Ildik\u00f3)<\/td>\n<td>900 hp \/ 824:53<\/td>\n<\/tr>\n<tr>\n<td><\/td>\n<td><\/td>\n<td><\/td>\n<\/tr>\n<tr>\n<td colspan=\"3\"><strong>Eur\u00f3pa Bajnoks\u00e1g (1964. 09. 26\u201327., Le Brassus, Sv\u00e1jc)<\/strong><\/td>\n<\/tr>\n<tr>\n<td colspan=\"2\">F\u00e9rfiak egy\u00e9ni (60 indul\u00f3, 15,0 km \/ 15 ep)<\/td>\n<td><\/td>\n<\/tr>\n<tr>\n<td>(1. Erkki Kohvakka<\/td>\n<td>FIN<\/td>\n<td>1:42:09)<\/td>\n<\/tr>\n<tr>\n<td>42. Sch\u0151nviszky Gy\u00f6rgy<\/td>\n<td> HUN<\/td>\n<td> 2:58:10<\/td>\n<\/tr>\n<tr>\n<td><\/td>\n<td><\/td>\n<td><\/td>\n<\/tr>\n<tr>\n<td>F\u00e9rfiak v\u00e1lt\u00f3 (10 indul\u00f3)<\/td>\n<td><\/td>\n<td><\/td>\n<\/tr>\n<tr>\n<td colspan=\"2\">(1. FIN [Salmenkyla, Koskinen, Tapsell, Kohvakka]<\/td>\n<td> 3:50:42)<\/td>\n<\/tr>\n<tr>\n<td colspan=\"2\">8. HUN (<em>Sch\u0151nviszky Gy\u00f6rgy<\/em><strong>,<\/strong> Dese\u0151, Ny\u00e1ri, Skerletz)<\/td>\n<td> 5:27:27<\/td>\n<\/tr>\n<tr>\n<td><\/td>\n<td><\/td>\n<td><\/td>\n<\/tr>\n<tr>\n<td><\/td>\n<td><\/td>\n<td><\/td>\n<\/tr>\n<\/tbody>\n<\/table>\n","protected":false},"excerpt":{"rendered":"<p>1964 13. Orsz\u00e1gos Egy\u00e9ni Bajnoks\u00e1g (1964., 1. Aggtelek \u2013 nappal, 2. J\u00f3svaf\u0151 \u2013 \u00e9jjel, 3-4. Herbolya \u2013 \u00e9jjel-nappal) Feln\u0151tt f\u00e9rfi (1. Skerletz Iv\u00e1n Bp. Honv\u00e9d 4 hp) 2. \u00d6rsi Andr\u00e1s Bp. Spartacus 9 hp 5. Sch\u0151nviszky Gy\u00f6rgy Bp. Spartacus 35 hp 6. Sch\u0151nviszky L\u00e1szl\u00f3 Bp. Spartacus 36 hp 11. S\u00e9ra L\u00e1szl\u00f3 Bp. Spartacus 43 hp &hellip; <a href=\"https:\/\/www.tabanispartacus.hu\/tajfuto\/wordpress\/?page_id=356\" class=\"more-link\"><span class=\"screen-reader-text\">Eredm\u00e9nyeink 1964-ben<\/span> olvas\u00e1s\u00e1nak folytat\u00e1sa <span class=\"meta-nav\">&rarr;<\/span><\/a><\/p>\n","protected":false},"author":1,"featured_media":0,"parent":22,"menu_order":0,"comment_status":"closed","ping_status":"closed","template":"","meta":{"ngg_post_thumbnail":0},"_links":{"self":[{"href":"https:\/\/www.tabanispartacus.hu\/tajfuto\/wordpress\/index.php?rest_route=\/wp\/v2\/pages\/356"}],"collection":[{"href":"https:\/\/www.tabanispartacus.hu\/tajfuto\/wordpress\/index.php?rest_route=\/wp\/v2\/pages"}],"about":[{"href":"https:\/\/www.tabanispartacus.hu\/tajfuto\/wordpress\/index.php?rest_route=\/wp\/v2\/types\/page"}],"author":[{"embeddable":true,"href":"https:\/\/www.tabanispartacus.hu\/tajfuto\/wordpress\/index.php?rest_route=\/wp\/v2\/users\/1"}],"replies":[{"embeddable":true,"href":"https:\/\/www.tabanispartacus.hu\/tajfuto\/wordpress\/index.php?rest_route=%2Fwp%2Fv2%2Fcomments&post=356"}],"version-history":[{"count":0,"href":"https:\/\/www.tabanispartacus.hu\/tajfuto\/wordpress\/index.php?rest_route=\/wp\/v2\/pages\/356\/revisions"}],"up":[{"embeddable":true,"href":"https:\/\/www.tabanispartacus.hu\/tajfuto\/wordpress\/index.php?rest_route=\/wp\/v2\/pages\/22"}],"wp:attachment":[{"href":"https:\/\/www.tabanispartacus.hu\/tajfuto\/wordpress\/index.php?rest_route=%2Fwp%2Fv2%2Fmedia&parent=356"}],"curies":[{"name":"wp","href":"https:\/\/api.w.org\/{rel}","templated":true}]}}