{"id":3530,"date":"2017-10-17T08:59:19","date_gmt":"2017-10-17T06:59:19","guid":{"rendered":"http:\/\/www.tabanispartacus.hu\/tajfuto\/wordpress\/?page_id=3530"},"modified":"2018-11-05T23:15:05","modified_gmt":"2018-11-05T22:15:05","slug":"upcoming-events","status":"publish","type":"page","link":"https:\/\/www.tabanispartacus.hu\/tajfuto\/wordpress\/?page_id=3530","title":{"rendered":"Competitions 2018"},"content":{"rendered":"<p><a href=\"http:\/\/www.tabanispartacus.hu\/tajfuto\/wordpress\/?page_id=3535\"><img loading=\"lazy\" src=\"http:\/\/www.tabanispartacus.hu\/tajfuto\/2016\/tavaszi\/elem\/z_hun.gif\" alt=\"\" width=\"80\" height=\"50\" align=\"right\" \/><\/a><\/p>\n<table>\n<tbody>\n<tr>\n<td style=\"font-size: 75%;\"><strong><a href=\"#oszi\">66th Autumn Spartacus Cup<\/a><\/strong><\/td>\n<td style=\"font-size: 75%;\">3-4 November 2018, V\u00e1rgesztes-K\u0151h\u00e1ny\u00e1spuszta, V\u00e9rtes<\/td>\n<\/tr>\n<tr>\n<td style=\"font-size: 75%;\"><strong><a href=\"#kob\">Hungarian Middle Distance and Relay Championships<\/a><\/strong><\/td>\n<td style=\"font-size: 75%;\">23-24 June 2018,\u00a0G\u00e9m-hegy K, V\u00e9rtes<\/td>\n<\/tr>\n<tr>\n<td style=\"font-size: 75%;\"><strong><a href=\"#tavaszi\">CEYOC and 55th Spring Spartacus Cup<\/a><\/strong><\/td>\n<td style=\"font-size: 75%;\">6-8 April 2018.,\u00a0Cs\u00e1kv\u00e1r\u2013V\u00e9rteskozma, V\u00e9rtes<\/td>\n<\/tr>\n<\/tbody>\n<\/table>\n<p>&nbsp;<\/p>\n<p><strong id=\"oszi\">Autumn Spartacus Cup<\/strong><br \/>\n<em>3-4 November 2018, V\u00e1rgesztes-K\u0151h\u00e1ny\u00e1spuszta, V\u00e9rtes<em><\/em><\/em><\/p>\n<ul>\n<li><strong><strong><a href=\"http:\/\/www.tabanispartacus.hu\/tajfuto\/2018\/oszi\/2018_Osp_kiiras_en_v2.pdf\" target=\"_blank\">Invitation<\/a><\/strong><\/strong><\/li>\n<li><strong><a href=\"http:\/\/www.tabanispartacus.hu\/tajfuto\/2018\/oszi\/18TSpK_en_ertesito_v2.pdf\" target=\"_blank\">Bulletin2<\/a><\/strong><\/li>\n<li><a href=\"http:\/\/www.tabanispartacus.hu\/tajfuto\/2018\/oszi\/Rajtlista_klubonkent.html\" target=\"_blank\"><strong>Startlist by clubs<\/strong><\/a><\/li>\n<li><strong>Results<\/strong>\n<ul>\n<li><a href=\"http:\/\/www.tabanispartacus.hu\/tajfuto\/2018\/oszi\/OSZI_SPARTACUS_KUPA2018-Eredmenyek1.html\" target=\"_blank\"><strong>Day 1<\/strong><\/a><strong><strong> (<a href=\"http:\/\/www.tabanispartacus.hu\/tajfuto\/2018\/oszi\/OSZI_SPARTACUS_KUPA2018-Reszidos_eredmenyek1.html\" target=\"_blank\">Split times<\/a>)<\/strong><\/strong><\/li>\n<li><strong>Day2 (<a href=\"http:\/\/www.tabanispartacus.hu\/tajfuto\/2018\/oszi\/OSZI_SPARTACUS_KUPA2018-Reszidos_eredmenyek2.html\" target=\"_blank\">Split times<\/a>)<\/strong><\/li>\n<li><strong><a href=\"http:\/\/www.tabanispartacus.hu\/tajfuto\/2018\/oszi\/OSZI_SPARTACUS_KUPA2018-Osszetett_eredmenyek.html\" target=\"_blank\">Total results<\/a><\/strong><\/li>\n<li><strong>Microsprint\u00a0<a href=\"http:\/\/www.tabanispartacus.hu\/tajfuto\/2018\/oszi\/Mikrosprint_2018_autumnSPA-Reszidos_eredmenyek-Palya1.html\" target=\"_blank\">Course1<\/a>,\u00a0<a href=\"http:\/\/www.tabanispartacus.hu\/tajfuto\/2018\/oszi\/Mikrosprint_2018_autumnSPA-Reszidos_eredmenyek-Palya2.html\" target=\"_blank\">Course2<\/a>,\u00a0<a href=\"http:\/\/www.tabanispartacus.hu\/tajfuto\/2018\/oszi\/Mikrosprint_2018_autumnSPA-Reszidos_eredmenyek-Palya3.html\" target=\"_blank\">Course3<\/a><\/strong><\/li>\n<\/ul>\n<\/li>\n<li><a href=\"https:\/\/www.flickr.com\/photos\/101487580@N03\/sets\/72157673139637797\" target=\"_blank\"><strong>Photos<\/strong><\/a><\/li>\n<\/ul>\n<p><strong id=\"kob\">Hungarian Middle Distance and Relay Championships<\/strong><br \/>\n<em>23-24 June 2018,\u00a0G\u00e9m-hegy K, V\u00e9rtes<\/em><\/p>\n<p><strong id=\"tavaszi\">CEYOC and 55th Spring Spartacus Cup<\/strong><br \/>\n<em>6-8 April 2018.,\u00a0Cs\u00e1kv\u00e1r\u2013V\u00e9rteskozma, V\u00e9rtes<\/em><\/p>\n<ul>\n<li><strong><strong><a href=\"http:\/\/www.tabanispartacus.hu\/tajfuto\/2018\/tavaszi-ceyoc\/ceyoc_55_spa_spring_cup_j2x.jpg\" target=\"_blank\">Leaflet<\/a><\/strong><\/strong><\/li>\n<li><strong><a href=\"http:\/\/www.tabanispartacus.hu\/tajfuto\/2018\/tavaszi-ceyoc\/ceyoc2018-bulletin1.pdf\" target=\"_blank\">Bulletin1<\/a><\/strong><\/li>\n<li><a href=\"http:\/\/www.tabanispartacus.hu\/tajfuto\/2018\/tavaszi-ceyoc\/CEYOC2018-Bulletin2.pdf\" target=\"_blank\"><strong>Bulletin2<\/strong><\/a><\/li>\n<li><strong><a href=\"http:\/\/www.tabanispartacus.hu\/tajfuto\/2018\/tavaszi-ceyoc\/2018_tsp_invitation_en_dizajnos_180207.pdf\" target=\"_blank\">Invitation<\/a><\/strong><\/li>\n<li><strong><a href=\"http:\/\/www.tabanispartacus.hu\/tajfuto\/2018\/tavaszi-ceyoc\/2018_tsp_information_en_javitott1.pdf\" target=\"_blank\">Information<\/a><\/strong><\/li>\n<li><a href=\"http:\/\/www.tabanispartacus.hu\/tajfuto\/2018\/tavaszi-ceyoc\/CEYOC-2018-Bulletin3.pdf\" target=\"_blank\"><strong>Bulletin3<\/strong><\/a><\/li>\n<li><strong><strong>Startlist<\/strong><\/strong>\n<ul>\n<li><strong><a href=\"http:\/\/www.tabanispartacus.hu\/tajfuto\/2018\/tavaszi-ceyoc\/2018_tsp_startlist_classes.pdf\" target=\"_blank\">categories<\/a><\/strong><\/li>\n<li><strong><a href=\"http:\/\/www.tabanispartacus.hu\/tajfuto\/2018\/tavaszi-ceyoc\/2018_tsp_startlist_clubs.pdf\" target=\"_blank\">clubs<\/a><\/strong><\/li>\n<\/ul>\n<\/li>\n<li><strong>Results<\/strong>\n<ul>\n<li><strong>CEYOC<\/strong>\n<ul>\n<li><strong><a href=\"http:\/\/www.tabanispartacus.hu\/tajfuto\/2018\/tavaszi-ceyoc\/CEYOC2018Relay-Eredmenyek_kategoriankent.html\" target=\"_blank\">Relay<\/a> (<a href=\"http:\/\/www.tabanispartacus.hu\/tajfuto\/2018\/tavaszi-ceyoc\/CEYOC2018Relay-Reszidos_eredmenyek.html\" target=\"_blank\">Split times<\/a>)<\/strong><\/li>\n<li><strong><a href=\"http:\/\/www.tabanispartacus.hu\/tajfuto\/2018\/tavaszi-ceyoc\/CEYOC2018-Eredmenyek-Classic_distance.html\" target=\"_blank\">Long distance<\/a> (<a href=\"http:\/\/www.tabanispartacus.hu\/tajfuto\/2018\/tavaszi-ceyoc\/CEYOC2018-Reszidos_eredmenyek-Classic_distance.html\" target=\"_blank\">Split times<\/a>)<\/strong><\/li>\n<li><strong><a href=\"http:\/\/www.tabanispartacus.hu\/tajfuto\/2018\/tavaszi-ceyoc\/CEYOC2018-Eredmenyek-Middle_distance.html\" target=\"_blank\">Middle distance<\/a> (<a href=\"http:\/\/www.tabanispartacus.hu\/tajfuto\/2018\/tavaszi-ceyoc\/CEYOC2018-Reszidos_eredmenyek-Middle_distance.html\" target=\"_blank\">Split times<\/a>)<\/strong><\/li>\n<\/ul>\n<\/li>\n<li><strong>55th Spring Spartacus Cup<\/strong>\n<ul>\n<li><strong><a href=\"http:\/\/www.tabanispartacus.hu\/tajfuto\/2018\/tavaszi-ceyoc\/2018TavasziSpartacusKupaProlog-Eredmenyek.html\" target=\"_blank\">Prolog<\/a> (<a href=\"http:\/\/www.tabanispartacus.hu\/tajfuto\/2018\/tavaszi-ceyoc\/2018TavasziSpartacusKupaProlog-Reszidos_eredmenyek.html\" target=\"_blank\">Split times<\/a>)<\/strong><\/li>\n<li><strong><a href=\"http:\/\/www.tabanispartacus.hu\/tajfuto\/2018\/tavaszi-ceyoc\/CEYOC-SpringSpartacusCup2018-Eredmenyek-Classic_distance.html\" target=\"_blank\">Classic distance<\/a> (<a href=\"http:\/\/www.tabanispartacus.hu\/tajfuto\/2018\/tavaszi-ceyoc\/CEYOC-SpringSpartacusCup2018-Reszidos_ eredmenyek-Classic_distance.html\" target=\"_blank\">Split times<\/a>)<\/strong><\/li>\n<li><strong><a href=\"http:\/\/www.tabanispartacus.hu\/tajfuto\/2018\/tavaszi-ceyoc\/CEYOC-SpringSpartacusCup2018-Eredmenyek-Middle_distance.html\" target=\"_blank\">Middle distance<\/a>\u00a0(<a href=\"http:\/\/www.tabanispartacus.hu\/tajfuto\/2018\/tavaszi-ceyoc\/CEYOC-SpringSpartacusCup2018-Reszidos_eredmenyek-Middle_distance.html\" target=\"_blank\">Split times<\/a>)<\/strong><\/li>\n<li><a href=\"http:\/\/www.tabanispartacus.hu\/tajfuto\/2018\/tavaszi-ceyoc\/CEYOC-SpringSpartacusCup2018-Osszetett_eredmenyek.html\" target=\"_blank\"><strong>Overall results<\/strong><\/a><\/li>\n<\/ul>\n<\/li>\n<\/ul>\n<\/li>\n<li><strong>Photos<\/strong>\n<ul>\n<li><strong><a href=\"https:\/\/www.flickr.com\/photos\/101487580@N03\/sets\/72157695457219035\" target=\"_blank\">Relay-Prolog<\/a><\/strong><\/li>\n<li><strong><a href=\"https:\/\/www.flickr.com\/photos\/101487580@N03\/sets\/72157693667805111\" target=\"_blank\">Long distance<\/a><\/strong><\/li>\n<li><strong><a href=\"https:\/\/www.flickr.com\/photos\/101487580@N03\/sets\/72157689696182550\" target=\"_blank\">Middle distance<\/a><\/strong><\/li>\n<\/ul>\n<\/li>\n<\/ul>\n","protected":false},"excerpt":{"rendered":"<p>66th Autumn Spartacus Cup 3-4 November 2018, V\u00e1rgesztes-K\u0151h\u00e1ny\u00e1spuszta, V\u00e9rtes Hungarian Middle Distance and Relay Championships 23-24 June 2018,\u00a0G\u00e9m-hegy K, V\u00e9rtes CEYOC and 55th Spring Spartacus Cup 6-8 April 2018.,\u00a0Cs\u00e1kv\u00e1r\u2013V\u00e9rteskozma, V\u00e9rtes &nbsp; Autumn Spartacus Cup 3-4 November 2018, V\u00e1rgesztes-K\u0151h\u00e1ny\u00e1spuszta, V\u00e9rtes Invitation Bulletin2 Startlist by clubs Results Day 1 (Split times) Day2 (Split times) Total results Microsprint\u00a0Course1,\u00a0Course2,\u00a0Course3 &hellip; <a href=\"https:\/\/www.tabanispartacus.hu\/tajfuto\/wordpress\/?page_id=3530\" class=\"more-link\"><span class=\"screen-reader-text\">Competitions 2018<\/span> olvas\u00e1s\u00e1nak folytat\u00e1sa <span class=\"meta-nav\">&rarr;<\/span><\/a><\/p>\n","protected":false},"author":1,"featured_media":0,"parent":0,"menu_order":0,"comment_status":"closed","ping_status":"closed","template":"","meta":{"ngg_post_thumbnail":0},"_links":{"self":[{"href":"https:\/\/www.tabanispartacus.hu\/tajfuto\/wordpress\/index.php?rest_route=\/wp\/v2\/pages\/3530"}],"collection":[{"href":"https:\/\/www.tabanispartacus.hu\/tajfuto\/wordpress\/index.php?rest_route=\/wp\/v2\/pages"}],"about":[{"href":"https:\/\/www.tabanispartacus.hu\/tajfuto\/wordpress\/index.php?rest_route=\/wp\/v2\/types\/page"}],"author":[{"embeddable":true,"href":"https:\/\/www.tabanispartacus.hu\/tajfuto\/wordpress\/index.php?rest_route=\/wp\/v2\/users\/1"}],"replies":[{"embeddable":true,"href":"https:\/\/www.tabanispartacus.hu\/tajfuto\/wordpress\/index.php?rest_route=%2Fwp%2Fv2%2Fcomments&post=3530"}],"version-history":[{"count":38,"href":"https:\/\/www.tabanispartacus.hu\/tajfuto\/wordpress\/index.php?rest_route=\/wp\/v2\/pages\/3530\/revisions"}],"predecessor-version":[{"id":3851,"href":"https:\/\/www.tabanispartacus.hu\/tajfuto\/wordpress\/index.php?rest_route=\/wp\/v2\/pages\/3530\/revisions\/3851"}],"wp:attachment":[{"href":"https:\/\/www.tabanispartacus.hu\/tajfuto\/wordpress\/index.php?rest_route=%2Fwp%2Fv2%2Fmedia&parent=3530"}],"curies":[{"name":"wp","href":"https:\/\/api.w.org\/{rel}","templated":true}]}}