{"id":2615,"date":"2015-12-27T13:57:43","date_gmt":"2015-12-27T12:57:43","guid":{"rendered":"http:\/\/www.tabanispartacus.hu\/tajfuto\/wordpress\/?page_id=2615"},"modified":"2017-09-25T09:49:36","modified_gmt":"2017-09-25T07:49:36","slug":"versenyeink-2016-ban","status":"publish","type":"page","link":"https:\/\/www.tabanispartacus.hu\/tajfuto\/wordpress\/?page_id=2615","title":{"rendered":"Versenyeink 2016-ban"},"content":{"rendered":"<p><a href=\"http:\/\/www.tabanispartacus.hu\/tajfuto\/wordpress\/?page_id=2698\"><img loading=\"lazy\" src=\"http:\/\/www.tabanispartacus.hu\/tajfuto\/2016\/tavaszi\/Union-jack.jpg\" alt=\"\" width=\"80\" height=\"50\" align=\"right\" \/><\/a><\/p>\n<table>\n<tbody>\n<tr>\n<td style=\"font-size: 80%;\"><strong><a href=\"#dobogokoi\">XXI. Dobog\u00f3k\u0151i Hegyi Fut\u00f3verseny<\/a><\/strong><\/td>\n<td style=\"font-size: 80%;\">2016. 11. 19., Dobog\u00f3k\u0151, Pilis\u2013Visegr\u00e1di-hegys\u00e9g<\/td>\n<\/tr>\n<tr>\n<td style=\"font-size: 80%;\"><strong><a href=\"#oszi\">64. \u0150szi Spartacus Kupa<\/a><\/strong><\/td>\n<td style=\"font-size: 80%;\">2016. 11. 05-06., G\u00e1nt, V\u00e9rtes<\/td>\n<\/tr>\n<tr>\n<td style=\"font-size: 80%;\"><strong><a href=\"#ob\">Norm\u00e1lt\u00e1v\u00fa Orsz\u00e1gos Egy\u00e9ni Bajnoks\u00e1g<\/a><\/strong><\/td>\n<td style=\"font-size: 80%;\">2016. 10. 16., Cs\u00e1kber\u00e9ny, V\u00e9rtes<\/td>\n<\/tr>\n<tr>\n<td style=\"font-size: 80%;\"><strong><a href=\"#ob\">Orsz\u00e1gos Egyes\u00fcleti V\u00e1lt\u00f3 Bajnoks\u00e1g<\/a><\/strong><\/td>\n<td style=\"font-size: 80%;\">2016. 10. 15., Cs\u00e1kber\u00e9ny, V\u00e9rtes<\/td>\n<\/tr>\n<tr>\n<td style=\"font-size: 80%;\"><strong><a href=\"#nyari\">Ny\u00e1ri Spartacus Kupa<\/a><\/strong><\/td>\n<td style=\"font-size: 80%;\">2016. 08. 17., Tab\u00e1n &#8211; Gell\u00e9rt-hegy<\/td>\n<\/tr>\n<tr>\n<td style=\"font-size: 80%;\"><strong><a href=\"#gellerthegy\">Gell\u00e9rt-hegy Kupa<\/a><\/strong><\/td>\n<td style=\"font-size: 80%;\">2016. 06. 22., Gell\u00e9rt-hegy<\/td>\n<\/tr>\n<tr>\n<td style=\"font-size: 80%;\"><strong><a href=\"#wod\">Vil\u00e1gnap Kupa<\/a><\/strong><\/td>\n<td style=\"font-size: 80%;\">2016. 05. 11., V\u00e1rosliget<\/td>\n<\/tr>\n<tr>\n<td style=\"font-size: 80%;\"><strong><a href=\"#gladiator\">Gladi\u00e1tor Kupa<\/a><\/strong><\/td>\n<td style=\"font-size: 80%;\">2016. 04. 27., Budapest, V\u00e9rmez\u0151<\/td>\n<\/tr>\n<tr>\n<td style=\"font-size: 80%;\"><strong><a href=\"#tavaszi\">53. Tavaszi Spartacus Kupa<\/a><\/strong><\/td>\n<td style=\"font-size: 80%;\">2016. 03. 19-20., Cs\u00e1kber\u00e9ny &#8211; Horog-v\u00f6lgy, V\u00e9rtes<\/td>\n<\/tr>\n<\/tbody>\n<\/table>\n<p>&nbsp;<\/p>\n<p><strong id=\"dobogokoi\">XXI. Dobog\u00f3k\u0151i Hegyi Fut\u00f3verseny<\/strong><br \/>\n<em>2016. 11. 19., <em>Dobog\u00f3k\u0151, Pilis-Visegr\u00e1di-hegys\u00e9g<\/em><\/em><\/p>\n<ul>\n<li>Eml\u00e9kez\u00e9s a <a href=\"http:\/\/www.tabanispartacus.hu\/tajfuto\/2016\/KovariEndre_levele_CserBircsihez_161115_j2.pdf\" target=\"_blank\">kezdetek<\/a>r\u0151l \u00e9s <a href=\"http:\/\/www.tabanispartacus.hu\/tajfuto\/2016\/Skerletz_Ivanrol_j.pdf\" target=\"_blank\">Skerletz Iv\u00e1n<\/a>r\u00f3l, a maratoni t\u00e1v els\u0151 gy\u0151ztes\u00e9r\u0151l.<\/li>\n<li><a href=\"http:\/\/www.tabanispartacus.hu\/tajfuto\/2016\/dobogokoi\/2016Dko-kiiras_161025.pdf\">Ki\u00edr\u00e1s<\/a><\/li>\n<li><a href=\"https:\/\/www.facebook.com\/dobogokoihegyifuto\/?fref=ts\" target=\"_blank\">Facebook<\/a><\/li>\n<li>\u00datvonalle\u00edr\u00e1sok\n<ul>\n<li><a href=\"http:\/\/www.tabanispartacus.hu\/tajfuto\/2016\/dobogokoi\/maratoni_utvonal_2016.pdf\">Maraton<\/a><\/li>\n<li><a href=\"http:\/\/www.tabanispartacus.hu\/tajfuto\/2016\/dobogokoi\/felmaratoni_utvonal_2016.pdf\">F\u00e9lmaraton<\/a><\/li>\n<li><a href=\"http:\/\/www.tabanispartacus.hu\/tajfuto\/2016\/dobogokoi\/kismaratoni_utvonal_2016.pdf\">Kismaraton<\/a><\/li>\n<\/ul>\n<\/li>\n<li>T\u00e9rk\u00e9pek (mivel az \u00fatvonal nem v\u00e1ltozott, a tavalyi t\u00e9rk\u00e9pek)\n<ul>\n<li><a href=\"http:\/\/www.tabanispartacus.hu\/tajfuto\/2016\/dobogokoi\/hegyi_maratonx.jpg\">Maraton<\/a><\/li>\n<li><a href=\"http:\/\/www.tabanispartacus.hu\/tajfuto\/2016\/dobogokoi\/hegyi_felmaratonx.jpg\">F\u00e9lmaraton<\/a><\/li>\n<li><a href=\"http:\/\/www.tabanispartacus.hu\/tajfuto\/2016\/dobogokoi\/hegyi_kismaratonx.jpg\">Kismaraton<\/a><\/li>\n<li><a href=\"http:\/\/www.tabanispartacus.hu\/tajfuto\/2016\/dobogokoi\/minimaratonx.jpg\">Minimaraton<\/a><\/li>\n<li><a href=\"http:\/\/www.tabanispartacus.hu\/tajfuto\/2016\/dobogokoi\/nehez_teljesitmenyturax.jpg\">Neh\u00e9z teljes\u00edtm\u00e9nyt\u00fara<\/a><\/li>\n<li><a href=\"http:\/\/www.tabanispartacus.hu\/tajfuto\/2016\/dobogokoi\/konnyu_teljesitmenyturax.jpg\">K\u00f6nny\u0171 teljes\u00edtm\u00e9nyt\u00fara<\/a><\/li>\n<\/ul>\n<\/li>\n<li>Gps track-ek\n<ul>\n<li><a href=\"http:\/\/www.tabanispartacus.hu\/tajfuto\/2016\/dobogokoi\/maraton.gpx\">Maraton<\/a><\/li>\n<li><a href=\"http:\/\/www.tabanispartacus.hu\/tajfuto\/2016\/dobogokoi\/felmaraton.gpx\">F\u00e9lmaraton<\/a><\/li>\n<li><a href=\"http:\/\/www.tabanispartacus.hu\/tajfuto\/2016\/dobogokoi\/kismaraton.gpx\">Kismaraton<\/a><\/li>\n<li><a href=\"http:\/\/www.tabanispartacus.hu\/tajfuto\/2016\/dobogokoi\/minimaraton.gpx\">Minimaraton<\/a><\/li>\n<\/ul>\n<\/li>\n<li><a href=\"http:\/\/www.tabanispartacus.hu\/tajfuto\/2016\/dobogokoi\/dkoi_1.htm\" target=\"_blank\">Fut\u00f3eredm\u00e9nyek<\/a><\/li>\n<li><a href=\"http:\/\/www.tabanispartacus.hu\/tajfuto\/2016\/dobogokoi\/dkoi_si_1.htm\" target=\"_blank\">R\u00e9szid\u0151s fut\u00f3eredm\u00e9nyek<\/a><\/li>\n<li><a href=\"http:\/\/www.tabanispartacus.hu\/tajfuto\/2016\/dobogokoi\/Turaeredmenyek_j.pdf\" target=\"_blank\">T\u00faraeredm\u00e9nyek<\/a><\/li>\n<\/ul>\n<p><strong id=\"oszi\">64. \u0150szi Spartacus Kupa<\/strong><br \/>\n<em>2016. 11. 05-06., <em>G\u00e1nt, B\u00e1nyatelep, V\u00e9rtes hg.<\/em><\/em><\/p>\n<ul>\n<li><a href=\"http:\/\/www.tabanispartacus.hu\/tajfuto\/2016\/oszi\/2016_osp_kiiras_hu_v4.pdf\">Ki\u00edr\u00e1s<\/a><\/li>\n<li><a href=\"https:\/\/www.facebook.com\/events\/1798343303783231\/\" target=\"_blank\">Facebook<\/a><\/li>\n<li><a href=\"http:\/\/www.tabanispartacus.hu\/tajfuto\/2016\/oszi\/16-oszi-ert-hu_v6.pdf\">\u00c9rtes\u00edt\u0151<\/a><\/li>\n<li>Rajtlista <a href=\"http:\/\/www.tabanispartacus.hu\/tajfuto\/2016\/oszi\/ospari_rajtlista_v.html\">kateg\u00f3ri\u00e1nk\u00e9nt<\/a><\/li>\n<li>Rajtlista <a href=\"http:\/\/www.tabanispartacus.hu\/tajfuto\/2016\/oszi\/ospari_klublista_v.html\">klubonk\u00e9nt<\/a><\/li>\n<li>1.nap <a href=\"http:\/\/www.tabanispartacus.hu\/tajfuto\/2016\/oszi\/ospari16_1nap.html\" target=\"_blank\">eredm\u00e9nyek<\/a><\/li>\n<li><a href=\"http:\/\/www.tabanispartacus.hu\/tajfuto\/2016\/oszi\/ospari16_1nap_si.html\" target=\"_blank\">R\u00e9szid\u0151s eredm\u00e9nyek<\/a><\/li>\n<li><a href=\"http:\/\/www.tabanispartacus.hu\/tajfuto\/2016\/oszi\/ospari16_1nap_si_kiterjesztett.html\" target=\"_blank\">R\u00e9szid\u0151s eredm\u00e9nyek (kiterjesztett)<\/a><\/li>\n<li><a href=\"http:\/\/www.tabanispartacus.hu\/tajfuto\/wordpress\/wp-content\/uploads\/2016\/11\/2016_oszi_labirintus_1.html\">Labirintus kupa eredm\u00e9nyek (1)<\/a><\/li>\n<li><a href=\"http:\/\/www.tabanispartacus.hu\/tajfuto\/wordpress\/wp-content\/uploads\/2016\/11\/2016_oszi_labirintus_2.html\">Labirintus kupa eredm\u00e9nyek (2)<\/a><\/li>\n<li><a href=\"http:\/\/www.tabanispartacus.hu\/tajfuto\/wordpress\/wp-content\/uploads\/2016\/11\/2016_spa_labirintus_kupa.html\">Labirintus kupa \u00f6sszetett eredm\u00e9nyek<\/a><\/li>\n<li>2.nap <a href=\"http:\/\/www.tabanispartacus.hu\/tajfuto\/2016\/oszi\/ospari16_2nap.html\" target=\"_blank\">eredm\u00e9nyek<\/a><\/li>\n<li><a href=\"http:\/\/www.tabanispartacus.hu\/tajfuto\/2016\/oszi\/ospari16_2nap_si.html\" target=\"_blank\">R\u00e9szid\u0151s eredm\u00e9nyek<\/a><\/li>\n<li><a href=\"http:\/\/www.tabanispartacus.hu\/tajfuto\/2016\/oszi\/ospari16_2nap_si_kiterjesztett.html\" target=\"_blank\">R\u00e9szid\u0151s eredm\u00e9nyek (kiterjesztett)<\/a><\/li>\n<li>\u00d6sszetett <a href=\"http:\/\/www.tabanispartacus.hu\/tajfuto\/2016\/oszi\/ospari16_osszetett.html\" target=\"_blank\">eredm\u00e9nyek<\/a><\/li>\n<\/ul>\n<p><strong id=\"ob\">Orsz\u00e1gos Egyes\u00fcleti V\u00e1lt\u00f3 Bajnoks\u00e1g \u00e9s Norm\u00e1lt\u00e1v\u00fa Orsz\u00e1gos Egy\u00e9ni Bajnoks\u00e1g<\/strong><br \/>\n<em>2016. 10. 15-16., <em>Cs\u00e1kber\u00e9ny, V\u00e9rtes<\/em><\/em><\/p>\n<ul>\n<li><a href=\"http:\/\/www.tabanispartacus.hu\/tajfuto\/2016\/oneb_oevb\/ONEB_OEVB_kiiras_vegso_j.pdf\">Ki\u00edr\u00e1s<\/a><\/li>\n<li><a href=\"https:\/\/www.facebook.com\/events\/478008462393159\/\" target=\"_blank\">Facebook<\/a><\/li>\n<li><a href=\"http:\/\/www.tabanispartacus.hu\/tajfuto\/2016\/oneb_oevb\/csakbereny_tajfutox.jpg\">R\u00e9gi t\u00e9rk\u00e9p<\/a><\/li>\n<li><a href=\"http:\/\/www.tabanispartacus.hu\/tajfuto\/wordpress\/wp-content\/uploads\/2016\/10\/\u00c9rtes\u00edt\u0151_2016_ONEB_OEVB2.pdf\">Verseny\u00e9rtes\u00edt\u0151<\/a><\/li>\n<li><a href=\"http:\/\/www.tabanispartacus.hu\/tajfuto\/2016\/oneb_oevb\/rajtlista_klub_v2.html\">ONEB rajtlista egyes\u00fcletenk\u00e9nt<\/a><\/li>\n<li><a href=\"http:\/\/www.tabanispartacus.hu\/tajfuto\/2016\/oneb_oevb\/oneb_rajtlista.pdf\">ONEB rajtlista kateg\u00f3ri\u00e1nk\u00e9nt<\/a><\/li>\n<li>OEVB <a href=\"http:\/\/www.tabanispartacus.hu\/tajfuto\/wordpress\/wp-content\/uploads\/2016\/10\/oevb_eredmeny.html\" target=\"_blank\">eredm\u00e9nyek<\/a> (<a href=\"http:\/\/www.tabanispartacus.hu\/tajfuto\/wordpress\/wp-content\/uploads\/2016\/10\/oevb_si_eredmeny.html\" target=\"_blank\">r\u00e9szid\u0151s<\/a>, <a href=\"http:\/\/www.tabanispartacus.hu\/tajfuto\/wordpress\/wp-content\/uploads\/2016\/10\/oevb_eredmeny_futonkent.html\" target=\"_blank\">fut\u00f3nk\u00e9nti<\/a>)<\/li>\n<li>OEVB ny\u00edlt <a href=\"http:\/\/www.tabanispartacus.hu\/tajfuto\/wordpress\/wp-content\/uploads\/2016\/10\/oevb_nyilt_eredmeny.html\" target=\"_blank\">eredm\u00e9nyek<\/a> (<a href=\"http:\/\/www.tabanispartacus.hu\/tajfuto\/wordpress\/wp-content\/uploads\/2016\/10\/oevb_nyilt_si_eredmeny.html\" target=\"_blank\">r\u00e9szid\u0151s<\/a>)<\/li>\n<li>ONEB <a href=\"http:\/\/www.tabanispartacus.hu\/tajfuto\/wordpress\/wp-content\/uploads\/2016\/11\/oneb_eredmeny.html\">eredmenyek<\/a> (<a href=\"http:\/\/www.tabanispartacus.hu\/tajfuto\/wordpress\/wp-content\/uploads\/2016\/11\/oneb_si_eredmeny.html\">r\u00e9szid\u0151s<\/a>)<\/li>\n<\/ul>\n<p><strong id=\"nyari\">Ny\u00e1ri Spartacus kupa<\/strong><br \/>\n<em>2016. 08. 17.,\u00a0<em>Budapest,\u00a0Tab\u00e1n \u2013 Gell\u00e9rt-hegy<\/em><\/em><\/p>\n<ul>\n<li><a href=\"http:\/\/www.tabanispartacus.hu\/tajfuto\/2016\/nyarispartacus\/nyari_spa2016.pdf\">Ki\u00edr\u00e1s<\/a><\/li>\n<li><a href=\"http:\/\/www.tabanispartacus.hu\/tajfuto\/2016\/nyarispartacus\/eredmenyek_diff.pdf\">Eredm\u00e9nyek<\/a><\/li>\n<\/ul>\n<p><strong id=\"gellerthegy\">Gell\u00e9rt-hegy kupa<\/strong><br \/>\n<em>2016. 06. 22.,\u00a0<em>Budapest, Gell\u00e9rt-hegy<\/em><\/em><\/p>\n<ul>\n<li><a href=\"http:\/\/www.tabanispartacus.hu\/tajfuto\/2016\/gellerthegy\/Gellertertesito2016.pdf\">Ki\u00edr\u00e1s<\/a><\/li>\n<li><a title=\"Gell\u00e9rthegy Kupa 2016 - Eredm\u00e9nyek\" href=\"http:\/\/www.tabanispartacus.hu\/tajfuto\/wordpress\/wp-content\/uploads\/2016\/06\/GHK_2016_Results.pdf\">Eredm\u00e9nyek<\/a><\/li>\n<\/ul>\n<p><strong id=\"wod\">Vil\u00e1gnap kupa<\/strong><br \/>\n<em>2016. 05. 11., <em>Budapest, V\u00e1rosliget <\/em><\/em><\/p>\n<ul>\n<li><a href=\"http:\/\/www.tabanispartacus.hu\/tajfuto\/2016\/wod\/kiiras3a.pdf\">Ki\u00edr\u00e1s<\/a><\/li>\n<li><a href=\"http:\/\/www.tabanispartacus.hu\/tajfuto\/2016\/wod\/VilagnapKupa2016-Results.html\">Eredm\u00e9nyek<\/a><\/li>\n<li><a href=\"http:\/\/www.tabanispartacus.hu\/tajfuto\/2016\/wod\/VilagnapKupa2016-SplitResults.html\">R\u00e9szid\u0151s eredm\u00e9nyek<\/a><\/li>\n<\/ul>\n<p><strong id=\"gladiator\">Gladi\u00e1tor kupa<\/strong><br \/>\n<em>2016. 04. 27., <em>Budapest, V\u00e9rmez\u0151 <\/em><\/em><\/p>\n<ul>\n<li><a href=\"http:\/\/www.tabanispartacus.hu\/tajfuto\/2016\/gladiator\/Gladiator_ertesito.pdf\">\u00c9rtes\u00edt\u0151<\/a><\/li>\n<li><a href=\"http:\/\/www.tabanispartacus.hu\/tajfuto\/2016\/gladiator\/eredmenyek.docx\">Eredm\u00e9nyek<\/a><\/li>\n<li><a href=\"http:\/\/www.tabanispartacus.hu\/tajfuto\/2016\/gladiator\/reszidos_eredmenyek.xlsx\">R\u00e9szid\u0151s eredm\u00e9nyek<\/a><\/li>\n<\/ul>\n<p><strong id=\"tavaszi\" style=\"font-size: 16px;\">53.Tavaszi Spartacus Kupa<\/strong><br \/>\n<em>2016. 03. 19-20., <em>Cs\u00e1kber\u00e9ny, V\u00e9rtes<\/em><\/em><\/p>\n<ul>\n<li><strong><a href=\"http:\/\/www.tabanispartacus.hu\/tajfuto\/2016\/tavaszi\/16tspk_hu_kiiras_151210.pdf\">Ki\u00edr\u00e1s<\/a><\/strong><strong><\/strong><\/li>\n<li><strong><a href=\"http:\/\/www.tabanispartacus.hu\/tajfuto\/2016\/tavaszi\/1-TSpKErtesito16-7_hu.pdf\" target=\"_blank\">\u00c9rtes\u00edt\u0151<\/a><\/strong><strong><\/strong><\/li>\n<li><strong><a href=\"\/tajfuto\/2016\/tavaszi\/palyaadatok_j_hu.pdf\" target=\"_blank\">P\u00e1lyaadatok<\/a><\/strong><\/li>\n<li><strong><a href=\"\/tajfuto\/2016\/tavaszi\/tspari16_12.pdf\" target=\"_blank\">Rajtlista kateg\u00f3ri\u00e1nk\u00e9nt<\/a><\/strong><\/li>\n<li><strong><a href=\"\/tajfuto\/2016\/tavaszi\/tspari16_klub.pdf\" target=\"_blank\">Rajtlista klubonk\u00e9nt<\/a><\/strong><\/li>\n<li><strong><a href=\"http:\/\/www.tabanispartacus.hu\/tajfuto\/2016\/tavaszi\/1nap.html\">Eredm\u00e9nyek (1. nap)<\/a><\/strong><\/li>\n<li><strong><a href=\"http:\/\/www.tabanispartacus.hu\/tajfuto\/2016\/tavaszi\/1nap_si.html\">R\u00e9szid\u0151s eredm\u00e9nyek (1.nap)<\/a><\/strong><\/li>\n<li><strong><a href=\"http:\/\/www.tabanispartacus.hu\/tajfuto\/2016\/tavaszi\/bp_kozeptav.html\">Budapest Ny\u00edlt K\u00f6z\u00e9pt\u00e1v\u00fa Bajnoks\u00e1ga eredm\u00e9nyek<\/a><\/strong><\/li>\n<li><strong><a href=\"http:\/\/www.tabanispartacus.hu\/tajfuto\/2016\/tavaszi\/rajtlista_2nap.html\">Rajtlista (vad\u00e1szrajt) (2. nap)<\/a><\/strong><\/li>\n<li><strong><a href=\"http:\/\/www.tabanispartacus.hu\/tajfuto\/2016\/tavaszi\/2nap.html\">Eredm\u00e9nyek (2. nap)<\/a><\/strong><\/li>\n<li><strong><a href=\"http:\/\/www.tabanispartacus.hu\/tajfuto\/2016\/tavaszi\/2nap_si.html\">R\u00e9szid\u0151s eredm\u00e9nyek (2.nap)<\/a><\/strong><\/li>\n<li><strong><a href=\"http:\/\/www.tabanispartacus.hu\/tajfuto\/2016\/tavaszi\/bp_normaltav.html\"> Budapest Ny\u00edlt Norm\u00e1lt\u00e1v\u00fa Bajnoks\u00e1ga eredm\u00e9nyek<\/a><\/strong><\/li>\n<li><strong><a href=\"http:\/\/www.tabanispartacus.hu\/tajfuto\/2016\/tavaszi\/osszetett.html\">\u00d6sszetett eredm\u00e9nyek<\/a><\/strong><\/li>\n<li><a href=\"\/tajfuto\/2016\/tavaszi\/53_tavaszi_labirintus.html\" target=\"_blank\"><strong>Labirintus eredm\u00e9nyek<\/strong><\/a><\/li>\n<\/ul>\n<p><iframe loading=\"lazy\" src=\"https:\/\/www.google.com\/maps\/d\/embed?mid=zpxc8IyfrjsY.krJIZTxPqtfY\" width=\"700\" height=\"550\"><\/iframe><\/p>\n","protected":false},"excerpt":{"rendered":"<p>XXI. Dobog\u00f3k\u0151i Hegyi Fut\u00f3verseny 2016. 11. 19., Dobog\u00f3k\u0151, Pilis\u2013Visegr\u00e1di-hegys\u00e9g 64. \u0150szi Spartacus Kupa 2016. 11. 05-06., G\u00e1nt, V\u00e9rtes Norm\u00e1lt\u00e1v\u00fa Orsz\u00e1gos Egy\u00e9ni Bajnoks\u00e1g 2016. 10. 16., Cs\u00e1kber\u00e9ny, V\u00e9rtes Orsz\u00e1gos Egyes\u00fcleti V\u00e1lt\u00f3 Bajnoks\u00e1g 2016. 10. 15., Cs\u00e1kber\u00e9ny, V\u00e9rtes Ny\u00e1ri Spartacus Kupa 2016. 08. 17., Tab\u00e1n &#8211; Gell\u00e9rt-hegy Gell\u00e9rt-hegy Kupa 2016. 06. 22., Gell\u00e9rt-hegy Vil\u00e1gnap Kupa 2016. 05. &hellip; <a href=\"https:\/\/www.tabanispartacus.hu\/tajfuto\/wordpress\/?page_id=2615\" class=\"more-link\"><span class=\"screen-reader-text\">Versenyeink 2016-ban<\/span> olvas\u00e1s\u00e1nak folytat\u00e1sa <span class=\"meta-nav\">&rarr;<\/span><\/a><\/p>\n","protected":false},"author":1,"featured_media":0,"parent":0,"menu_order":0,"comment_status":"closed","ping_status":"closed","template":"","meta":{"ngg_post_thumbnail":0},"_links":{"self":[{"href":"https:\/\/www.tabanispartacus.hu\/tajfuto\/wordpress\/index.php?rest_route=\/wp\/v2\/pages\/2615"}],"collection":[{"href":"https:\/\/www.tabanispartacus.hu\/tajfuto\/wordpress\/index.php?rest_route=\/wp\/v2\/pages"}],"about":[{"href":"https:\/\/www.tabanispartacus.hu\/tajfuto\/wordpress\/index.php?rest_route=\/wp\/v2\/types\/page"}],"author":[{"embeddable":true,"href":"https:\/\/www.tabanispartacus.hu\/tajfuto\/wordpress\/index.php?rest_route=\/wp\/v2\/users\/1"}],"replies":[{"embeddable":true,"href":"https:\/\/www.tabanispartacus.hu\/tajfuto\/wordpress\/index.php?rest_route=%2Fwp%2Fv2%2Fcomments&post=2615"}],"version-history":[{"count":120,"href":"https:\/\/www.tabanispartacus.hu\/tajfuto\/wordpress\/index.php?rest_route=\/wp\/v2\/pages\/2615\/revisions"}],"predecessor-version":[{"id":2666,"href":"https:\/\/www.tabanispartacus.hu\/tajfuto\/wordpress\/index.php?rest_route=\/wp\/v2\/pages\/2615\/revisions\/2666"}],"wp:attachment":[{"href":"https:\/\/www.tabanispartacus.hu\/tajfuto\/wordpress\/index.php?rest_route=%2Fwp%2Fv2%2Fmedia&parent=2615"}],"curies":[{"name":"wp","href":"https:\/\/api.w.org\/{rel}","templated":true}]}}