{"id":2225,"date":"2014-11-08T15:26:46","date_gmt":"2014-11-08T14:26:46","guid":{"rendered":"http:\/\/www.tabanispartacus.hu\/tajfuto\/wordpress\/?page_id=2225"},"modified":"2021-12-02T18:09:57","modified_gmt":"2021-12-02T17:09:57","slug":"osszegzes-a-2014-evi-pontversenyrol-2","status":"publish","type":"page","link":"https:\/\/www.tabanispartacus.hu\/tajfuto\/wordpress\/?page_id=2225","title":{"rendered":"A 2014. \u00e9vi t\u00e1jfut\u00f3 orsz\u00e1gos bajnoks\u00e1gok pontverseny\u00e9nek gy\u0151ztese a Tab\u00e1ni Spartacus"},"content":{"rendered":"<p align=\"CENTER\">R\u00e9szletek a pontversenyr\u0151l<\/p>\n<p align=\"JUSTIFY\">A t\u00e1jfut\u00f3 szak\u00e1g (a t\u00e1jfut\u00e1s) bajnoki pontverseny\u00e9ben 2014-ben nagy f\u00f6l\u00e9nnyel a Tab\u00e1ni Spartacus SKE lett az els\u0151.<\/p>\n<p align=\"JUSTIFY\"><strong>477 <\/strong>bajnoki pontj\u00e1val (az \u00f6sszes bajnoki pont 19,4%-\u00e1val) k\u00f6zel 100 (99) ponttal el\u0151zte meg a Szegedi Vasutast (<strong>378<\/strong> pont) \u00e9s 119-cell a P\u00e9csi Vasutast (<strong>358<\/strong> pont). Negyedik a Di\u00f3sgy\u0151r (287 pont), \u00f6t\u00f6dik a MOM lett (179 pont).<\/p>\n<p align=\"JUSTIFY\">A 9 bajnoks\u00e1g k\u00f6z\u00fcl az els\u0151 \u00f6tben a Spari szerezte a legt\u00f6bb pontot, az utols\u00f3 n\u00e9gyben k\u00e9tszer a hazai p\u00e1ly\u00e1n a DTC, az ONEB-en a Szeged, az egyes\u00fcleti v\u00e1lt\u00f3n a P\u00e9cs lett a legeredm\u00e9nyesebb.<\/p>\n<p align=\"JUSTIFY\">A bajnoks\u00e1gokat illet\u0151en is nagy a Sparis f\u00f6l\u00e9ny. <strong>23<\/strong> bajnoks\u00e1got nyert\u00fcnk (16 egy\u00e9ni \u00e9s 7 csapat), a PVS <strong>11<\/strong>-et (5+6), A SZV \u00e9s a DTC <strong>10<\/strong>-et (5+5, illetve 3+7), a MOM <strong>9<\/strong>-et (6+3).<\/p>\n<p align=\"JUSTIFY\">A t\u00f6bbi bajnoki c\u00edmen a TTE (4 csapat), a BSC \u00e9s a SIR (2-2 egy\u00e9ni), a MAT \u00e9s a TSE (1-1 egy\u00e9ni), illetve a GOC (1 csapat) osztozott.<\/p>\n<p align=\"JUSTIFY\">Az egyes bajnoki kateg\u00f3ri\u00e1kat n\u00e9zve a Spari 4 kateg\u00f3ri\u00e1ban (N20, N14, F21, F16), a Szeged 3-ban (N21, N16, F14), a DTC kett\u0151ben (F20 \u00e9s F18), a PVS egyben (N18) szerezte a legt\u00f6bb bajnoki pontot.<\/p>\n<p align=\"JUSTIFY\">Az egy\u00e9ni bajnoks\u00e1gok k\u00f6z\u00fcl N18-ban Vir\u00e1g mind az 5 egy\u00e9ni OB-t megnyerte , Vanda N20-ban 4-et az 5-b\u0151l. \u00c1ron 2 feln\u0151tt bajnoks\u00e1got nyert, Dorka is k\u00e9t arannyal z\u00e1rt N14-ben. 1-1 aranyat nyert Dani (F18), Patrik \u00e9s Erik (F16). Csapatban F16-ban mindh\u00e1rom bajnoks\u00e1got nyert\u00e9k, az F21 \u00e9s N20-as csapat 2-t (OVB, PCSB)<\/p>\n<p align=\"JUSTIFY\"><a href=\"http:\/\/www.tabanispartacus.hu\/tajfuto\/velunktortent\/2014\/2014_OB-eredm_vegl-sorrend_141108.pdf\">R\u00e9szletek<\/a> a teljes szparis eredm\u00e9nylist\u00e1ban.<\/p>\n<p align=\"JUSTIFY\">T\u00f3dor<\/p>\n","protected":false},"excerpt":{"rendered":"<p>R\u00e9szletek a pontversenyr\u0151l A t\u00e1jfut\u00f3 szak\u00e1g (a t\u00e1jfut\u00e1s) bajnoki pontverseny\u00e9ben 2014-ben nagy f\u00f6l\u00e9nnyel a Tab\u00e1ni Spartacus SKE lett az els\u0151. 477 bajnoki pontj\u00e1val (az \u00f6sszes bajnoki pont 19,4%-\u00e1val) k\u00f6zel 100 (99) ponttal el\u0151zte meg a Szegedi Vasutast (378 pont) \u00e9s 119-cell a P\u00e9csi Vasutast (358 pont). Negyedik a Di\u00f3sgy\u0151r (287 pont), \u00f6t\u00f6dik a MOM lett &hellip; <a href=\"https:\/\/www.tabanispartacus.hu\/tajfuto\/wordpress\/?page_id=2225\" class=\"more-link\"><span class=\"screen-reader-text\">A 2014. \u00e9vi t\u00e1jfut\u00f3 orsz\u00e1gos bajnoks\u00e1gok pontverseny\u00e9nek gy\u0151ztese a Tab\u00e1ni Spartacus<\/span> olvas\u00e1s\u00e1nak folytat\u00e1sa <span class=\"meta-nav\">&rarr;<\/span><\/a><\/p>\n","protected":false},"author":1,"featured_media":0,"parent":0,"menu_order":0,"comment_status":"closed","ping_status":"closed","template":"","meta":{"ngg_post_thumbnail":0},"_links":{"self":[{"href":"https:\/\/www.tabanispartacus.hu\/tajfuto\/wordpress\/index.php?rest_route=\/wp\/v2\/pages\/2225"}],"collection":[{"href":"https:\/\/www.tabanispartacus.hu\/tajfuto\/wordpress\/index.php?rest_route=\/wp\/v2\/pages"}],"about":[{"href":"https:\/\/www.tabanispartacus.hu\/tajfuto\/wordpress\/index.php?rest_route=\/wp\/v2\/types\/page"}],"author":[{"embeddable":true,"href":"https:\/\/www.tabanispartacus.hu\/tajfuto\/wordpress\/index.php?rest_route=\/wp\/v2\/users\/1"}],"replies":[{"embeddable":true,"href":"https:\/\/www.tabanispartacus.hu\/tajfuto\/wordpress\/index.php?rest_route=%2Fwp%2Fv2%2Fcomments&post=2225"}],"version-history":[{"count":7,"href":"https:\/\/www.tabanispartacus.hu\/tajfuto\/wordpress\/index.php?rest_route=\/wp\/v2\/pages\/2225\/revisions"}],"predecessor-version":[{"id":6226,"href":"https:\/\/www.tabanispartacus.hu\/tajfuto\/wordpress\/index.php?rest_route=\/wp\/v2\/pages\/2225\/revisions\/6226"}],"wp:attachment":[{"href":"https:\/\/www.tabanispartacus.hu\/tajfuto\/wordpress\/index.php?rest_route=%2Fwp%2Fv2%2Fmedia&parent=2225"}],"curies":[{"name":"wp","href":"https:\/\/api.w.org\/{rel}","templated":true}]}}