{"id":1877,"date":"2014-02-23T16:04:54","date_gmt":"2014-02-23T15:04:54","guid":{"rendered":"http:\/\/www.tabanispartacus.hu\/tajfuto\/wordpress\/?page_id=1877"},"modified":"2014-02-23T16:27:45","modified_gmt":"2014-02-23T15:27:45","slug":"sajtonk-2013","status":"publish","type":"page","link":"https:\/\/www.tabanispartacus.hu\/tajfuto\/wordpress\/?page_id=1877","title":{"rendered":"Sajt\u00f3nk 2013"},"content":{"rendered":"\n<table id=\"wp-table-reloaded-id-12-no-1\" class=\"wp-table-reloaded wp-table-reloaded-id-12\">\n<thead>\n\t<tr class=\"row-1 odd\">\n\t\t<th class=\"column-1\"><\/th><th class=\"column-2\">\u00dajs\u00e1g neve, sz\u00e1ma<\/th><th class=\"column-3\">oldal<\/th><th class=\"column-4\"><\/th><th class=\"column-5\">Cikk c\u00edme<\/th><th class=\"column-6\">Cikk szerz\u0151je<\/th>\n\t<\/tr>\n<\/thead>\n<tbody>\n\t<tr class=\"row-2 even\">\n\t\t<td rowspan=\"32\" class=\"column-1 rowspan-32\">2013<\/td><td class=\"column-2\"><a target='_blank' href='\/tajfuto\/sajtonk\/2013\/13-1tajolo_4-5_bptajfutonapok.jpg'>T\u00e1jol\u00f3, 13\/1<\/a><\/td><td class=\"column-3\">4\u20135<\/td><td class=\"column-4\">T13\/01<\/td><td class=\"column-5\">Budapesti T\u00e1jfut\u00f3 Napok \/ C\u00edmek \u00e1tad\u00e1sa (T\u00f3dor, \u00c1ron, \u00c1bel \/ Zoli)<\/td><td class=\"column-6\">- (Schell A.)<\/td>\n\t<\/tr>\n\t<tr class=\"row-3 odd\">\n\t\t<td class=\"column-2\"><a target='_blank' href='\/tajfuto\/sajtonk\/2013\/13-1tajolo_29_helyreig.kerelem.jpg'>T\u00e1jol\u00f3, 13\/1<\/a><\/td><td class=\"column-3\">29<\/td><td class=\"column-4\">T13\/01<\/td><td class=\"column-5\">Helyreigaz\u00edt\u00e1si k\u00e9relem (Spartacus 60 \u00e9ves k\u00f6nyvr\u0151l)<\/td><td class=\"column-6\">Sch\u00f6nviszky Gy\u00f6rgy<\/td>\n\t<\/tr>\n\t<tr class=\"row-4 even\">\n\t\t<td class=\"column-2\"><a target='_blank' href='\/tajfuto\/sajtonk\/2013\/13-1tajolo_cimlap_ripszam_magyari-weiler.jpg'>T\u00e1jol\u00f3, 13\/1<\/a><\/td><td class=\"column-3\">c\u00edmlap<\/td><td class=\"column-4\">T13\/01<\/td><td class=\"column-5\">C\u00edmlap: Havas, jeges \u00faton futottak az idei Ripsz\u00e1m verseny r\u00e9sztvev\u0151i (Weiler Zsolt, Magyari \u00c1rpi)<\/td><td class=\"column-6\">-<\/td>\n\t<\/tr>\n\t<tr class=\"row-5 odd\">\n\t\t<td class=\"column-2\"><a target='_blank' href='\/tajfuto\/sajtonk\/2013\/13-1tajolo_hatlap_bako-teremtajfuto.jpg'>T\u00e1jol\u00f3, 13\/1<\/a><\/td><td class=\"column-3\">h\u00e1tlap<\/td><td class=\"column-4\">T13\/01<\/td><td class=\"column-5\">H\u00e1ts\u00f3 bor\u00edt\u00f3: Bak\u00f3 \u00c1ron a Teremt\u00e1jfut\u00f3 Budapest bajnoks\u00e1gon<\/td><td class=\"column-6\">-<\/td>\n\t<\/tr>\n\t<tr class=\"row-6 even\">\n\t\t<td class=\"column-2\"><a target='_blank' href='\/tajfuto\/sajtonk\/2013\/13-2tajolo_22-23_versenybiroi-nyilvantartas.jpg'>T\u00e1jol\u00f3, 13\/2<\/a><\/td><td class=\"column-3\">22\u201323<\/td><td class=\"column-4\">T13\/02<\/td><td class=\"column-5\">A versenyb\u00edr\u00f3i nyilv\u00e1ntart\u00e1s v\u00e1ltoz\u00e1sai<\/td><td class=\"column-6\">Gyalog L\u00e1szl\u00f3 <\/td>\n\t<\/tr>\n\t<tr class=\"row-7 odd\">\n\t\t<td class=\"column-2\"><a target='_blank' href='\/tajfuto\/sajtonk\/2013\/13-2tajolo_23_tavaszi_trailo_program.jpg'>T\u00e1jol\u00f3, 13\/2<\/a><\/td><td class=\"column-3\">23<\/td><td class=\"column-4\">T13\/02<\/td><td class=\"column-5\">Tavaszi TrailO program<\/td><td class=\"column-6\">-<\/td>\n\t<\/tr>\n\t<tr class=\"row-8 even\">\n\t\t<td class=\"column-2\"><a target='_blank' href='\/tajfuto\/sajtonk\/2013\/13-2tajolo_24-i_szakosztalyi-pontverseny38eve.jpg'>T\u00e1jol\u00f3, 13\/2<\/a><\/td><td class=\"column-3\">24\u2013I<\/td><td class=\"column-4\">T13\/02<\/td><td class=\"column-5\">A szakoszt\u00e1lyi pontverseny 38 \u00e9ve (1975\u20132012)<\/td><td class=\"column-6\">Gyalog L\u00e1szl\u00f3 (T\u00f3dor)<\/td>\n\t<\/tr>\n\t<tr class=\"row-9 odd\">\n\t\t<td class=\"column-2\"><a target='_blank' href='\/tajfuto\/sajtonk\/2013\/13-2tajolo_28_a_tsp-nyerte-a-szo-pontv-t.jpg'>T\u00e1jol\u00f3, 13\/2<\/a><\/td><td class=\"column-3\">28<\/td><td class=\"column-4\">T13\/02<\/td><td class=\"column-5\">A Tab\u00e1ni Spartacus nyerte a 2012. \u00e9vi szakoszt\u00e1lyi pontversenyt<\/td><td class=\"column-6\">-<\/td>\n\t<\/tr>\n\t<tr class=\"row-10 even\">\n\t\t<td class=\"column-2\"><a target='_blank' href='\/tajfuto\/sajtonk\/2013\/13-2tajolo_29_mtfsz-kozgy_evedzoje_bajn-ponv-2.jpg'>T\u00e1jol\u00f3, 13\/2<\/a><\/td><td class=\"column-3\">29<\/td><td class=\"column-4\">T13\/02<\/td><td class=\"column-5\">MTFSZ k\u00f6zgy\u0171l\u00e9s \/ D\u00edjak \u00e1tad\u00e1sa \/ \u00c9v edz\u0151je-d\u00edjat kapott: Gyalog Zolt\u00e1n<\/td><td class=\"column-6\">-<\/td>\n\t<\/tr>\n\t<tr class=\"row-11 odd\">\n\t\t<td class=\"column-2\"><a target='_blank' href='\/tajfuto\/sajtonk\/2013\/13-2tajolo_41_baloght-atl-evers_liszkae-fairplay-dij.jpg'>T\u00e1jol\u00f3, 13\/2<\/a><\/td><td class=\"column-3\">41<\/td><td class=\"column-4\">T13\/02<\/td><td class=\"column-5\">R\u00f6vid h\u00edrek \/ Balogh Tam\u00e1s, Liszka Eszter<\/td><td class=\"column-6\">(Boz\u00e1n Gy\u00f6rgy)<\/td>\n\t<\/tr>\n\t<tr class=\"row-12 even\">\n\t\t<td class=\"column-2\"><a target='_blank' href='\/tajfuto\/sajtonk\/2013\/13-2tajolo_cimlap_mosa-adja-askerletz-dijat_bobonak.jpg'>T\u00e1jol\u00f3, 13\/2<\/a><\/td><td class=\"column-3\">c\u00edmlap<\/td><td class=\"column-4\">T13\/02<\/td><td class=\"column-5\">Mosa \u00e1tadja a Skerletz-d\u00edjat Bob\u00f3nak<\/td><td class=\"column-6\">-<\/td>\n\t<\/tr>\n\t<tr class=\"row-13 odd\">\n\t\t<td class=\"column-2\"><a target='_blank' href='\/tajfuto\/sajtonk\/2013\/13-2tajolo_hatlap_virag_hob-rajt.jpg'>T\u00e1jol\u00f3, 13\/2<\/a><\/td><td class=\"column-3\">h\u00e1tlap<\/td><td class=\"column-4\">T13\/02<\/td><td class=\"column-5\">A bronz\u00e9rmes Weiler Vir\u00e1g (SPA) rajtol a Hossz\u00fat\u00e1v\u00fa Orsz\u00e1gos Bajnoks\u00e1gon<\/td><td class=\"column-6\">-<\/td>\n\t<\/tr>\n\t<tr class=\"row-14 even\">\n\t\t<td class=\"column-2\"><a target='_blank' href='\/tajfuto\/sajtonk\/2013\/13-2tajolo_i_2012eviszakosztalyi-pontverseny-1.jpg'>T\u00e1jol\u00f3, 13\/2<\/a><\/td><td class=\"column-3\">I<\/td><td class=\"column-4\">T13\/02<\/td><td class=\"column-5\">A 2012. \u00e9vi szakoszt\u00e1lyi pontverseny<\/td><td class=\"column-6\">Gyalog L\u00e1szl\u00f3 <\/td>\n\t<\/tr>\n\t<tr class=\"row-15 odd\">\n\t\t<td class=\"column-2\"><a target='_blank' href='\/tajfuto\/sajtonk\/2013\/13-2tajolo_iv_2012eviszakosztalyi-pontverseny-2.jpg'>T\u00e1jol\u00f3, 13\/2<\/a><\/td><td class=\"column-3\">IV<\/td><td class=\"column-4\">T13\/02<\/td><td class=\"column-5\">Szakoszt\u00e1lyi pontverseny 2012.(t\u00e1bl\u00e1zat)<\/td><td class=\"column-6\">Gyalog L\u00e1szl\u00f3 \/ Mih\u00e1czi Zolt\u00e1n<\/td>\n\t<\/tr>\n\t<tr class=\"row-16 even\">\n\t\t<td class=\"column-2\"><a target='_blank' href='\/tajfuto\/sajtonk\/2013\/130226_nmhirlap_sitajfutas.jpg'>N\u00f3gr\u00e1d megyei h\u00edrlap 2013.02.26.<\/a><\/td><td class=\"column-3\">10<\/td><td class=\"column-4\"><\/td><td class=\"column-5\">Remek k\u00f6r\u00fclm\u00e9nyek voltak Galyatet\u0151n (Hajdu Sz\u00e1sa)<\/td><td class=\"column-6\">Cz. Zentai (Popey)<\/td>\n\t<\/tr>\n\t<tr class=\"row-17 odd\">\n\t\t<td class=\"column-2\">MOB-honlap, 2012.03.13.<br \/>\r\n<a target='_blank' href='\/tajfuto\/sajtonk\/2013\/130313_mob.hu-content_2012fair-play-dijasok.pdf'>1.<\/a><br \/>\r\n<a target='_blank' href='\/tajfuto\/sajtonk\/2013\/130313_mob.hu-liszkaeszter_2012fair-play-dijas.doc'>2.<\/a><\/td><td class=\"column-3\">-<\/td><td class=\"column-4\"><\/td><td class=\"column-5\">D\u00f6nt\u00f6ttek a 2012-es magyar Fair Play-d\u00edjasokr\u00f3l<\/td><td class=\"column-6\">-<\/td>\n\t<\/tr>\n\t<tr class=\"row-18 even\">\n\t\t<td class=\"column-2\"><a target='_blank' href='\/tajfuto\/sajtonk\/2013\/130317_mtfsz.hu__tspnyerte_a_szo-pontversenyt.doc'>mtfsz.hu 2013.03.17.<\/a><\/td><td class=\"column-3\">-<\/td><td class=\"column-4\"><\/td><td class=\"column-5\">A Tab\u00e1ni Spartacus nyerte a szakoszt\u00e1lyi pontversenyt <\/td><td class=\"column-6\">-<\/td>\n\t<\/tr>\n\t<tr class=\"row-19 odd\">\n\t\t<td class=\"column-2\"><a target='_blank' href='\/tajfuto\/sajtonk\/2013\/130409_mob.hu_fairplay-dijak.doc'>MOB-honlap, 2012.04.09.<\/a><\/td><td class=\"column-3\">-<\/td><td class=\"column-4\">MOB\/1304<\/td><td class=\"column-5\">\u00c1tadt\u00e1k a magyar Fair Play d\u00edjakat<\/td><td class=\"column-6\">-<\/td>\n\t<\/tr>\n\t<tr class=\"row-20 even\">\n\t\t<td class=\"column-2\"><a target='_blank' href='\/tajfuto\/sajtonk\/2013\/130409_mob.hu_mob_fairplay-dijak.pdf'>MOB-honlap, 2012.04.09.<\/a><\/td><td class=\"column-3\">-<\/td><td class=\"column-4\">MOB\/1304<\/td><td class=\"column-5\">\u00c1tadt\u00e1k a magyar Fair Play d\u00edjakat<\/td><td class=\"column-6\">-<\/td>\n\t<\/tr>\n\t<tr class=\"row-21 odd\">\n\t\t<td class=\"column-2\"><a target='_blank' href='\/tajfuto\/sajtonk\/2013\/130409_sportgeza.hu_fairplay_liszkaeszti.doc'>sportgeza.hu, 2013.04.09.<\/a><\/td><td class=\"column-3\">-<\/td><td class=\"column-4\"><\/td><td class=\"column-5\">Jobb lett volna nem megkapni ezt a d\u00edjat \/ A Magyar Olimpiai Bizotts\u00e1g Fair Play bizotts\u00e1ga 2012-ben \u2026 \u00e9s a serd\u00fcl\u0151 t\u00e1jfut\u00f3-Eb-n s\u00e9r\u00fclt t\u00e1rsa seg\u00edts\u00e9g\u00e9re siet\u0151 Liszka Esztert d\u00edjazta fair play cselekedet kateg\u00f3ri\u00e1ban<\/td><td class=\"column-6\">Feh\u00e9r J\u00e1nos<\/td>\n\t<\/tr>\n\t<tr class=\"row-22 even\">\n\t\t<td class=\"column-2\"><a target='_blank' href='\/tajfuto\/sajtonk\/2013\/130409_up-sport.hu_fairplay_liszkaeszti.doc'>utanpotlassport.hu, 2013.04.09.<\/a><\/td><td class=\"column-3\">-<\/td><td class=\"column-4\"><\/td><td class=\"column-5\">M\u00e1r fiatal korban is tisztess\u00e9gre kell nevelni<\/td><td class=\"column-6\">-<\/td>\n\t<\/tr>\n\t<tr class=\"row-23 odd\">\n\t\t<td class=\"column-2\"><a target='_blank' href='\/tajfuto\/sajtonk\/2013\/130410_mtfsz.hu_fairplay-dijak.doc'>mtfsz.hu, 2013.04.10.<\/a><\/td><td class=\"column-3\">-<\/td><td class=\"column-4\"><\/td><td class=\"column-5\">\u00c1tadt\u00e1k a Magyar Fair Play d\u00edjakat \/ Liszka Eszter \u00e9s Zsigmond T\u00edbor is a d\u00edjazottak k\u00f6z\u00f6tt<\/td><td class=\"column-6\">-<\/td>\n\t<\/tr>\n\t<tr class=\"row-24 even\">\n\t\t<td class=\"column-2\"><a target='_blank' href='\/tajfuto\/sajtonk\/2013\/130426_ujbuda.hu_foldnapja-versgellert-h.doc'>Ujbuda.hu, 2013.04.26.<\/a><\/td><td class=\"column-3\">-<\/td><td class=\"column-4\"><\/td><td class=\"column-5\">F\u00f6ld napja verseny a Gell\u00e9rt-hegyen<\/td><td class=\"column-6\">(Gyalog L\u00e1szl\u00f3)<\/td>\n\t<\/tr>\n\t<tr class=\"row-25 odd\">\n\t\t<td class=\"column-2\"><a target='_blank' href='\/tajfuto\/sajtonk\/2013\/130524varnegyed_szo-pontv-1.jpg'>V\u00e1rnegyed, 2013.05.24.<\/a><\/td><td class=\"column-3\">6<\/td><td class=\"column-4\">V18\/10<\/td><td class=\"column-5\">Sikeresek a tab\u00e1ni t\u00e1jfut\u00f3k<\/td><td class=\"column-6\">(Gyalog L\u00e1szl\u00f3)<\/td>\n\t<\/tr>\n\t<tr class=\"row-26 even\">\n\t\t<td class=\"column-2\"><a target='_blank' href='\/tajfuto\/sajtonk\/2013\/130624_mtfsz.hu_kob.doc'>mtfsz.hu, 2013.06.24.<\/a><\/td><td class=\"column-3\">-<\/td><td class=\"column-4\"><\/td><td class=\"column-5\">T\u00f3th R\u00e9ka \u00e9s Baumholczer M\u00e1t\u00e9 bajnoki c\u00edme k\u00f6z\u00e9pt\u00e1von \u2013 Az ut\u00e1np\u00f3tl\u00e1s kateg\u00f3ri\u00e1kban 3-3 PVSK \u00e9s Spari arany<\/td><td class=\"column-6\">- (Moln\u00e1r P\u00e9ter)<\/td>\n\t<\/tr>\n\t<tr class=\"row-27 odd\">\n\t\t<td class=\"column-2\"><a target='_blank' href='\/tajfuto\/sajtonk\/2013\/130624_mtfsz.hu_kob-vob.doc'>mtfsz.hu, 2013.06.24.<\/a><\/td><td class=\"column-3\">-<\/td><td class=\"column-4\"><\/td><td class=\"column-5\">A P\u00e9csi Vasutas \u00e9s a Tab\u00e1ni Spartacus nyert\u00e9k a v\u00e1lt\u00f3bajnoks\u00e1got \u2013 Az ut\u00e1np\u00f3tl\u00e1s kateg\u00f3ri\u00e1kban is ez a k\u00e9t klub domin\u00e1lt<\/td><td class=\"column-6\">- (Moln\u00e1r P\u00e9ter)<\/td>\n\t<\/tr>\n\t<tr class=\"row-28 even\">\n\t\t<td class=\"column-2\">Szentendre \u00e9s vid\u00e9ke, 2013.08.26.<br \/>\r\n<a target='_blank' href='\/tajfuto\/sajtonk\/2013\/130826_szentendreesvideke_cikk.jpg'>1.<\/a><br \/>\r\n<a target='_blank' href='\/tajfuto\/sajtonk\/2013\/130826_szentendreesvideke_egesz-orszag.pdf'>2.<br \/>\r\n<a target='_blank' href='\/tajfuto\/sajtonk\/2013\/130826_szentendreesvideke_fejlec.jpg'>3.<\/td><td class=\"column-3\">25<\/td><td class=\"column-4\"><\/td><td class=\"column-5\">T\u00e1jfut\u00f3 bajnoks\u00e1g a v\u00e1rosban<\/td><td class=\"column-6\">M\u00e1th\u00e9 Istv\u00e1n<\/td>\n\t<\/tr>\n\t<tr class=\"row-29 odd\">\n\t\t<td class=\"column-2\"><a target='_blank' href='\/tajfuto\/sajtonk\/2013\/130907_rob_tv_sportkorzo.doc'>Szentendrei TV Szentendre C8-as csatorna, 196.25-\u00f6s frekvencia<\/a><\/td><td class=\"column-3\">-<\/td><td class=\"column-4\"><\/td><td class=\"column-5\">http:\/\/www.tvszentendre.hu\/ index.php\/ musorok\/sportkorzo<\/td><td class=\"column-6\">-<\/td>\n\t<\/tr>\n\t<tr class=\"row-30 even\">\n\t\t<td class=\"column-2\"><a target='_blank' href='\/tajfuto\/sajtonk\/2013\/130909_mtfsz.hu_pcsb.doc'>mtfsz.hu, 2013.09.09.<\/a><\/td><td class=\"column-3\">-<\/td><td class=\"column-4\"><\/td><td class=\"column-5\">Di\u00f3sgy\u0151ri TC \u00e9s a Tab\u00e1ni Spartacus nyert\u00e9k a Pontbegy\u0171jt\u0151 Csapat OB-t \u2013 Az ut\u00e1np\u00f3tl\u00e1s kateg\u00f3ri\u00e1kban is a Spari lett a legeredm\u00e9nyesebb<\/td><td class=\"column-6\">- (Moln\u00e1r P\u00e9ter)<\/td>\n\t<\/tr>\n\t<tr class=\"row-31 odd\">\n\t\t<td class=\"column-2\"><a target='_blank' href='\/tajfuto\/sajtonk\/2013\/131014_mtfsz.hu_ocsb-oevb.doc'>mtfsz.hu, 2013.10.14.<\/a><\/td><td class=\"column-3\">-<\/td><td class=\"column-4\"><\/td><td class=\"column-5\">A PVSK \u00e9s a Tab\u00e1ni Spartacus az egyes\u00fcleti v\u00e1lt\u00f3bajnokok<\/td><td class=\"column-6\">- (Moln\u00e1r P\u00e9ter)<\/td>\n\t<\/tr>\n\t<tr class=\"row-32 even\">\n\t\t<td class=\"column-2\"><a target='_blank' href='\/tajfuto\/sajtonk\/2013\/131014_mtfsz.hu_oevb.doc'>mtfsz.hu, 2013.10.14.<\/a><\/td><td class=\"column-3\">-<\/td><td class=\"column-4\"><\/td><td class=\"column-5\">Di\u00f3sgy\u0151ri \u00e9s MOM-os els\u0151s\u00e9g a csapatbajnoks\u00e1gon \u2013 A szegediek nyert\u00e9k az ut\u00e1np\u00f3tl\u00e1s kateg\u00f3ri\u00e1k fel\u00e9t (f\u00e9nyk\u00e9p: F21 csapat 3.)<\/td><td class=\"column-6\">- (Moln\u00e1r P\u00e9ter)<\/td>\n\t<\/tr>\n\t<tr class=\"row-33 odd\">\n\t\t<td class=\"column-2\"><a target='_blank' href='\/tajfuto\/sajtonk\/2013\/131027_utanpotlassport_hajduszasa.doc'>utanpotlassport.hu, 2013.10.27.<\/a><\/td><td class=\"column-3\">-<\/td><td class=\"column-4\"><\/td><td class=\"column-5\">Mol-tehets\u00e9gek \u2013 kar\u00e1csonyra v\u00e9b\u00e9 (t\u00e1j\u00e9koz\u00f3d\u00e1si s\u00edfut\u00e1s) \u2013 www.utanpotlassport.hu\/ 2013\/10\/27\/ karacsonyra-vebe-2<\/td><td class=\"column-6\">-<\/td>\n\t<\/tr>\n<\/tbody>\n<\/table>\n\n","protected":false},"excerpt":{"rendered":"","protected":false},"author":1,"featured_media":0,"parent":0,"menu_order":0,"comment_status":"closed","ping_status":"closed","template":"","meta":{"ngg_post_thumbnail":0},"_links":{"self":[{"href":"https:\/\/www.tabanispartacus.hu\/tajfuto\/wordpress\/index.php?rest_route=\/wp\/v2\/pages\/1877"}],"collection":[{"href":"https:\/\/www.tabanispartacus.hu\/tajfuto\/wordpress\/index.php?rest_route=\/wp\/v2\/pages"}],"about":[{"href":"https:\/\/www.tabanispartacus.hu\/tajfuto\/wordpress\/index.php?rest_route=\/wp\/v2\/types\/page"}],"author":[{"embeddable":true,"href":"https:\/\/www.tabanispartacus.hu\/tajfuto\/wordpress\/index.php?rest_route=\/wp\/v2\/users\/1"}],"replies":[{"embeddable":true,"href":"https:\/\/www.tabanispartacus.hu\/tajfuto\/wordpress\/index.php?rest_route=%2Fwp%2Fv2%2Fcomments&post=1877"}],"version-history":[{"count":5,"href":"https:\/\/www.tabanispartacus.hu\/tajfuto\/wordpress\/index.php?rest_route=\/wp\/v2\/pages\/1877\/revisions"}],"predecessor-version":[{"id":2288,"href":"https:\/\/www.tabanispartacus.hu\/tajfuto\/wordpress\/index.php?rest_route=\/wp\/v2\/pages\/1877\/revisions\/2288"}],"wp:attachment":[{"href":"https:\/\/www.tabanispartacus.hu\/tajfuto\/wordpress\/index.php?rest_route=%2Fwp%2Fv2%2Fmedia&parent=1877"}],"curies":[{"name":"wp","href":"https:\/\/api.w.org\/{rel}","templated":true}]}}