{"id":1819,"date":"2014-01-23T15:41:59","date_gmt":"2014-01-23T14:41:59","guid":{"rendered":"http:\/\/www.tabanispartacus.hu\/tajfuto\/wordpress\/?page_id=1819"},"modified":"2014-02-25T19:37:44","modified_gmt":"2014-02-25T18:37:44","slug":"invitation-51th-spring-spartacus-cup","status":"publish","type":"page","link":"https:\/\/www.tabanispartacus.hu\/tajfuto\/wordpress\/?page_id=1819","title":{"rendered":"INVITATION &#8211; 51th SPRING SPARTACUS CUP"},"content":{"rendered":"<p><span style=\"color: #ffffff;\">.<\/span>                                                  INTERNATIONAL ORIENTEERING EVENT<\/p>\n<p><span style=\"color: #ffffff;\">.<\/span>                                    <strong>Day 1: Budapest Open Championship, Normal Distance<\/strong><\/p>\n<p><strong>Date:                         <\/strong> 15\u201316 March, 2014 (Saturday\u2013Sunday)<\/p>\n<p><strong>Organizer:             <\/strong> Tab\u00e1ni Spartacus SKE<\/p>\n<p><strong>Locality:                 <\/strong> V\u00e1rgesztes, V\u00e9rtes Hills, 75 km from Budapest<\/p>\n<p><strong>Form of the race:<\/strong> International, two-day individual event; normal distance<\/p>\n<p><strong>Patron:                    <\/strong> Gabriella Menoni, major of V\u00e1rgesztes<\/p>\n<p><strong>Sponsor:<\/strong>                  Dairy-\u00c9p Ltd.<\/p>\n<p><span style=\"color: #ffffff;\">.<\/span>                                   Authority of V\u00e1rgesztes<\/p>\n<p><strong>Organizing committee:<\/strong> Director:                 L\u00e1szl\u00f3 Gyalog<\/p>\n<p><span style=\"color: #ffffff;\">.<\/span>                                                Deputy chairman: Ildik\u00f3 Kedl<\/p>\n<p><span style=\"color: #ffffff;\">.<\/span>                                                Secretary:              Anett Dobr\u00f3ka<\/p>\n<p><span style=\"color: #ffffff;\">.<\/span>                                                SI:                           Zsuzsanna Riczel, G\u00e1bor J\u00f3zsa<\/p>\n<p><span style=\"color: #ffffff;\">.<\/span>                                                Course planners:  Attila Horv\u00e1th (day 1)<\/p>\n<p><span><span style=\"color: #ffffff;\">.<\/span>                                                                                D\u00e1vid Peregi (day 2)<\/span><\/p>\n<p><span style=\"color: #ffffff;\">.<\/span>                                                Maps:                     Gy\u00f6rgy Sch\u00f6nviszky<\/p>\n<p><span style=\"color: #ffffff;\">.<\/span>                                                Controller:             Tibor Erd\u00e9lyi<\/p>\n<p><strong>Map:<\/strong>              1:10 000 and 1:15 000 \/ 5 m, revised in 2013<\/p>\n<p><strong>Categories:<\/strong> M\u2013W21A, 21B, 21BR, 21C, 20A, 18B, 16B, 15-18C, 14B, 12C;<\/p>\n<p><span style=\"color: #ffffff;\">.<\/span>                       M\u2013W35A, 40, 45, 50, 55, 60; 65, 70M35BR, 75, 80;<\/p>\n<p><span style=\"color: #ffffff;\">.<\/span>                       M\u2013W 10D \u2014with band by detours;<\/p>\n<p><span style=\"color: #ffffff;\">.<\/span>                       OB \u2014 Open for beginners;OA \u2013 Open for advanced<\/p>\n<p><strong>Deadline for Entry:<\/strong> 5 March, 2014, in the enclosed application form by post or e-mail<\/p>\n<p><strong>Address for Entry:<\/strong>  Post: Tab\u00e1ni Spartacus SKE, H-1013 Budapest, Attila \u00fat 2.<\/p>\n<p>e-mail: tabanispartacus@gmail.com\u2014 if we accept it, we will respond within<\/p>\n<p>48 hours, if there is no reply, please repeat the entry<\/p>\n<p><strong>Entry fee:<\/strong> 4200 Ft\/person for two days, 2200 Ft\/person for one day<\/p>\n<p>M\/W 10\u201314, M70\u201380, W65\u201370: 2200 Ft\/person for two days, 1200 Ft\/person for one day<\/p>\n<p>after deadline extra price (empty places) 1000 Ft\/ two days, 500 Ft\/ one day<\/p>\n<p>(in the categories M\/W 21BR, 21C, 10D, 12C, 15-18C, F35BR <strong>no extra price<\/strong>)<\/p>\n<p>open categories: 2100 Ft\/person for two days, 1100 Ft\/person\/day<\/p>\n<p><strong>Accommodation:<\/strong> Youth hostel (Oroszl\u00e1ny) 2300 Ft\/person\/night<\/p>\n<p><span style=\"color: #ffffff;\">.<\/span>                                    Gym (V\u00e1rgesztes) 700 Ft\/person\/night<\/p>\n<p><strong>Transport:<\/strong> not organised, if necessary, we will arrange it<\/p>\n<p><strong>Planned &#8220;0&#8221; time of the event:<\/strong> Day 1: 10:30 a.m. Day 2: 9:30 a.m.<\/p>\n<p><strong>Prizes:<\/strong> medals for the first 3, <strong>extra prizes<\/strong> for the winners<\/p>\n<p>Budapest Championship, day 1 (normal distance): medal for the first 3<\/p>\n<p><strong>Other<\/strong>: The SPORTident electronic punching system is to use.<\/p>\n<p>Who doesn\u2019t have an electronic card has to rent in the finish area (200 Ft\/day).<\/p>\n<p>Commercial activity is only allowed with the permission of the organisation committee.<\/p>\n<p>Children race both days near the finish area.<\/p>\n<p>Buffet in the finish area.<\/p>\n<p><strong>Information:<\/strong> www.tabanispartacus.hu<\/p>\n<p><strong><span style=\"color: #ffffff;\">.<\/span>                                               I<\/strong>N THE NAME OF <strong>T<\/strong>AB\u00c1NI SPARTACUS <strong>SKE<\/strong><\/p>\n<p><span style=\"color: #ffffff;\">.<\/span>                                                                the participants of the event<\/p>\n","protected":false},"excerpt":{"rendered":"<p>. INTERNATIONAL ORIENTEERING EVENT . Day 1: Budapest Open Championship, Normal Distance Date: 15\u201316 March, 2014 (Saturday\u2013Sunday) Organizer: Tab\u00e1ni Spartacus SKE Locality: V\u00e1rgesztes, V\u00e9rtes Hills, 75 km from Budapest Form of the race: International, two-day individual event; normal distance Patron: Gabriella Menoni, major of V\u00e1rgesztes Sponsor: Dairy-\u00c9p Ltd. . Authority of V\u00e1rgesztes Organizing committee: Director: &hellip; <a href=\"https:\/\/www.tabanispartacus.hu\/tajfuto\/wordpress\/?page_id=1819\" class=\"more-link\"><span class=\"screen-reader-text\">INVITATION &#8211; 51th SPRING SPARTACUS CUP<\/span> olvas\u00e1s\u00e1nak folytat\u00e1sa <span class=\"meta-nav\">&rarr;<\/span><\/a><\/p>\n","protected":false},"author":1,"featured_media":0,"parent":0,"menu_order":0,"comment_status":"closed","ping_status":"closed","template":"","meta":{"ngg_post_thumbnail":0},"_links":{"self":[{"href":"https:\/\/www.tabanispartacus.hu\/tajfuto\/wordpress\/index.php?rest_route=\/wp\/v2\/pages\/1819"}],"collection":[{"href":"https:\/\/www.tabanispartacus.hu\/tajfuto\/wordpress\/index.php?rest_route=\/wp\/v2\/pages"}],"about":[{"href":"https:\/\/www.tabanispartacus.hu\/tajfuto\/wordpress\/index.php?rest_route=\/wp\/v2\/types\/page"}],"author":[{"embeddable":true,"href":"https:\/\/www.tabanispartacus.hu\/tajfuto\/wordpress\/index.php?rest_route=\/wp\/v2\/users\/1"}],"replies":[{"embeddable":true,"href":"https:\/\/www.tabanispartacus.hu\/tajfuto\/wordpress\/index.php?rest_route=%2Fwp%2Fv2%2Fcomments&post=1819"}],"version-history":[{"count":7,"href":"https:\/\/www.tabanispartacus.hu\/tajfuto\/wordpress\/index.php?rest_route=\/wp\/v2\/pages\/1819\/revisions"}],"predecessor-version":[{"id":1822,"href":"https:\/\/www.tabanispartacus.hu\/tajfuto\/wordpress\/index.php?rest_route=\/wp\/v2\/pages\/1819\/revisions\/1822"}],"wp:attachment":[{"href":"https:\/\/www.tabanispartacus.hu\/tajfuto\/wordpress\/index.php?rest_route=%2Fwp%2Fv2%2Fmedia&parent=1819"}],"curies":[{"name":"wp","href":"https:\/\/api.w.org\/{rel}","templated":true}]}}