{"id":1651,"date":"2013-08-05T20:20:58","date_gmt":"2013-08-05T18:20:58","guid":{"rendered":"http:\/\/www.tabanispartacus.hu\/tajfuto\/wordpress\/?page_id=1651"},"modified":"2013-08-05T20:20:58","modified_gmt":"2013-08-05T18:20:58","slug":"nyari-spartacus-kupa-2013","status":"publish","type":"page","link":"https:\/\/www.tabanispartacus.hu\/tajfuto\/wordpress\/?page_id=1651","title":{"rendered":"Ny\u00e1ri Spartacus Kupa 2013"},"content":{"rendered":"<p><strong>Id\u0151pont<\/strong>: 2013. augusztus 07. szerda<br \/>\n<strong>Helysz\u00edn<\/strong>: Tab\u00e1n<br \/>\n<strong>Rendez\u0151<\/strong>: Tab\u00e1ni Spartacus SKE<br \/>\n<strong>A verseny c\u00e9lja<\/strong>: Szerdai versenysorozat keret\u00e9ben versenyz\u00e9si, felk\u00e9sz\u00fcl\u00e9si lehet\u0151s\u00e9get biztos\u00edtani.<br \/>\n<strong>Versenyk\u00f6zpont<\/strong>: Tab\u00e1ni Spartacus SKE klubhelyis\u00e9ge, 1013 Budapest, Attila \u00fat 2., alagsor (bej\u00e1rat a villamoss\u00ednek oldal\u00e1n).<br \/>\n<strong>Megk\u00f6zel\u00edthet\u0151<\/strong>: 18-as villamossal, 5-\u00f6s, 178-as busszal (D\u00f3zsa Gy\u00f6rgy t\u00e9r meg\u00e1ll\u00f3).<br \/>\n<strong>Versenyforma<\/strong>: Nappali r\u00f6vid t\u00e1v\u00fa (park), nem min\u0151s\u00edt\u0151, egy\u00e9ni verseny.<br \/>\n<strong>Versenyeln\u00f6k<\/strong>: Dobr\u00f3ka Anett<br \/>\n<strong>P\u00e1lyakit\u0171z\u0151<\/strong>: Peregi D\u00e1vid<br \/>\n<strong>Titk\u00e1r<\/strong>: Dobr\u00f3ka Anett<br \/>\n<strong>SI-kezel\u0151<\/strong>: Zai B\u00e1lint, Dobr\u00f3ka Anett<br \/>\n<strong>Nevez\u00e9s<\/strong>: A verseny napj\u00e1n a versenyk\u00f6zpontban, 14:30-t\u00f3l.<br \/>\n<strong>Nevez\u00e9si d\u00edj<\/strong>: R\u00f6vid vagy k\u00f6zepes p\u00e1lya 500 Ft (18 \u00e9v alatt 300 Ft), hossz\u00fa p\u00e1lya 700 Ft (18 \u00e9v alatt 500 Ft), a m\u00e1sodik 100 Ft (k\u00f6zepes\/r\u00f6vid), ill. 300 Ft (hossz\u00fa), a 3. ingyenes.<br \/>\nDug\u00f3kab\u00e9rl\u00e9s 100 Ft.<br \/>\nNevez\u00e9s a helysz\u00ednen, vagy el\u0151re az anettdobroka@gmail.com c\u00edmen. A befizetett \u00f6sszegr\u0151l sz\u00e1ml\u00e1t adunk.<br \/>\n<strong>Pont\u00e9rint\u00e9s<\/strong>: A verseny a SportIdent rendszerrel lesz megrendezve, a pontokon SI-doboz \u00e9s narancss\u00e1rga-feh\u00e9r b\u00f3ja lesz.<br \/>\n<strong>T\u00e9rk\u00e9p<\/strong>: 2012-ben fel\u00fclvizsg\u00e1lt. Mindenki benyomtatott t\u00e9rk\u00e9pet kap. A\/4-es f\u00f3li\u00e1t biztos\u00edtunk.<br \/>\n<strong>P\u00e1ly\u00e1k<\/strong>: r\u00f6vid (1,5 km), k\u00f6zepes (2,4 km), hossz\u00fa (3,4 km), extra (1,7 km)<br \/>\nA hossz\u00fa p\u00e1lya \u00e1tmegy a V\u00e1rba, a k\u00f6zepes pedig a Gell\u00e9rt-hegy oldal\u00e1ban l\u00e9v\u0151 v\u00edzt\u00e1roz\u00f3hoz, teh\u00e1t t\u00e9rk\u00e9pcsere lesz. Az \u00faton val\u00f3 \u00e1tkel\u00e9sn\u00e9l fokozottan figyeljetek. A zebra elej\u00e9n \u00e9s v\u00e9g\u00e9n is kell \u00e9rinteni a pontot, az ezek k\u00f6zti id\u0151t levonjuk az \u00f6sszid\u0151b\u0151l.<br \/>\n<strong>0 id\u0151<\/strong>: 15:00<br \/>\n<strong>P\u00e1lyaz\u00e1r\u00e1s<\/strong>: 18:00<br \/>\n<strong>Parkol\u00e1s<\/strong>: A VK \u00e9p\u00fclet\u00e9nek k\u00e9t oldal\u00e1n lev\u0151 kis parkol\u00f3kban, vagy az Attila \u00faton (ingyenes).<br \/>\n<strong>\u00c9rdekl\u0151d\u00e9s, info<\/strong>: <a href=\"mailto:anettdobroka@gmail.com\">anettdobroka@gmail.com<\/a> \/ 06-70\/3711043<br \/>\n<strong>Egy\u00e9b<\/strong>: \u00d6lt\u00f6z\u00e9s \u00e9s melegvizes zuhanyz\u00e1s a klubhelyis\u00e9gben.<br \/>\nA versenyen mindenki saj\u00e1t felel\u0151ss\u00e9g\u00e9re vesz r\u00e9szt!<br \/>\nA Krisztina k\u00f6r\u00faton \u00e9s a Hegyalja \u00faton t\u00f6rt\u00e9n\u0151 \u00e1tkel\u00e9sn\u00e9l fokozottan figyeljetek!<\/p>\n<p>Mindenkit szeretettel v\u00e1rnak a rendez\u0151k: <a href=\"http:\/\/www.tabanispartacus.hu\">http:\/\/www.tabanispartacus.hu<\/a><\/p>\n","protected":false},"excerpt":{"rendered":"<p>Id\u0151pont: 2013. augusztus 07. szerda Helysz\u00edn: Tab\u00e1n Rendez\u0151: Tab\u00e1ni Spartacus SKE A verseny c\u00e9lja: Szerdai versenysorozat keret\u00e9ben versenyz\u00e9si, felk\u00e9sz\u00fcl\u00e9si lehet\u0151s\u00e9get biztos\u00edtani. Versenyk\u00f6zpont: Tab\u00e1ni Spartacus SKE klubhelyis\u00e9ge, 1013 Budapest, Attila \u00fat 2., alagsor (bej\u00e1rat a villamoss\u00ednek oldal\u00e1n). Megk\u00f6zel\u00edthet\u0151: 18-as villamossal, 5-\u00f6s, 178-as busszal (D\u00f3zsa Gy\u00f6rgy t\u00e9r meg\u00e1ll\u00f3). Versenyforma: Nappali r\u00f6vid t\u00e1v\u00fa (park), nem min\u0151s\u00edt\u0151, egy\u00e9ni verseny. &hellip; <a href=\"https:\/\/www.tabanispartacus.hu\/tajfuto\/wordpress\/?page_id=1651\" class=\"more-link\"><span class=\"screen-reader-text\">Ny\u00e1ri Spartacus Kupa 2013<\/span> olvas\u00e1s\u00e1nak folytat\u00e1sa <span class=\"meta-nav\">&rarr;<\/span><\/a><\/p>\n","protected":false},"author":1,"featured_media":0,"parent":0,"menu_order":0,"comment_status":"closed","ping_status":"closed","template":"","meta":{"ngg_post_thumbnail":0},"_links":{"self":[{"href":"https:\/\/www.tabanispartacus.hu\/tajfuto\/wordpress\/index.php?rest_route=\/wp\/v2\/pages\/1651"}],"collection":[{"href":"https:\/\/www.tabanispartacus.hu\/tajfuto\/wordpress\/index.php?rest_route=\/wp\/v2\/pages"}],"about":[{"href":"https:\/\/www.tabanispartacus.hu\/tajfuto\/wordpress\/index.php?rest_route=\/wp\/v2\/types\/page"}],"author":[{"embeddable":true,"href":"https:\/\/www.tabanispartacus.hu\/tajfuto\/wordpress\/index.php?rest_route=\/wp\/v2\/users\/1"}],"replies":[{"embeddable":true,"href":"https:\/\/www.tabanispartacus.hu\/tajfuto\/wordpress\/index.php?rest_route=%2Fwp%2Fv2%2Fcomments&post=1651"}],"version-history":[{"count":1,"href":"https:\/\/www.tabanispartacus.hu\/tajfuto\/wordpress\/index.php?rest_route=\/wp\/v2\/pages\/1651\/revisions"}],"predecessor-version":[{"id":1652,"href":"https:\/\/www.tabanispartacus.hu\/tajfuto\/wordpress\/index.php?rest_route=\/wp\/v2\/pages\/1651\/revisions\/1652"}],"wp:attachment":[{"href":"https:\/\/www.tabanispartacus.hu\/tajfuto\/wordpress\/index.php?rest_route=%2Fwp%2Fv2%2Fmedia&parent=1651"}],"curies":[{"name":"wp","href":"https:\/\/api.w.org\/{rel}","templated":true}]}}