{"id":1603,"date":"2013-06-24T11:48:10","date_gmt":"2013-06-24T09:48:10","guid":{"rendered":"http:\/\/www.tabanispartacus.hu\/tajfuto\/wordpress\/?page_id=1603"},"modified":"2013-06-24T13:36:47","modified_gmt":"2013-06-24T11:36:47","slug":"gellert-hegy-kupa-2013","status":"publish","type":"page","link":"https:\/\/www.tabanispartacus.hu\/tajfuto\/wordpress\/?page_id=1603","title":{"rendered":"Gell\u00e9rt-hegy Kupa &#8211; 2013"},"content":{"rendered":"<p><strong>Id\u0151pont<\/strong>: 2013. j\u00fanius 26. szerda<\/p>\n<p><strong>Helysz\u00edn<\/strong>: Gell\u00e9rt-hegy<\/p>\n<p><strong>Rendez\u0151<\/strong>: Tab\u00e1ni Spartacus SKE<\/p>\n<p><strong>Versenyk\u00f6zpont<\/strong>: Minerva utca 2. <a href=\"http:\/\/utcakereso.hu\/map3\/index.php?action=search&amp;scale=a1.0&amp;country=hu_uk&amp;city=Budapest&amp;street=minerva&amp;num=2\" target=\"_blank\">T\u00e9rk\u00e9pen<br \/>\n<\/a><br \/>\n<strong>Megk\u00f6zel\u00edthet\u0151<\/strong>: 18, 19, 41, 49 sz\u00e1m\u00fa villamosokkal, vagy 7-es busszal a Gell\u00e9rt-t\u00e9r meg\u00e1ll\u00f3ig, \u00e9s onnan gyalogosan.<\/p>\n<p><strong>A verseny c\u00e9lja<\/strong>: Szerdai versenysorozat keret\u00e9ben versenyz\u00e9si, felk\u00e9sz\u00fcl\u00e9si lehet\u0151s\u00e9get biztos\u00edtani.<\/p>\n<p><strong>Versenyforma<\/strong>: Nappali r\u00f6vid t\u00e1v\u00fa (park), nem min\u0151s\u00edt\u0151 egy\u00e9ni verseny.<\/p>\n<p><strong>Versenyeln\u00f6k<\/strong>: Bak\u00f3 \u00c1ron<\/p>\n<p><strong>P\u00e1lyakit\u0171z\u0151<\/strong>: Sulyok \u00c1bel<\/p>\n<p><strong>Nevez\u00e9s<\/strong>: A verseny napj\u00e1n a versenyk\u00f6zpontban, 14:30-t\u00f3l.<\/p>\n<p><strong>Nevez\u00e9si d\u00edj<\/strong>: Az els\u0151 tetsz\u0151legesen v\u00e1lasztott p\u00e1lya 500 Ft (18 \u00e9v alatt 300 Ft), a m\u00e1sodik 300 Ft (18 \u00e9v alatt 200 Ft), a harmadik ingyenes.<br \/>\nDug\u00f3kab\u00e9rl\u00e9s 100 Ft.<br \/>\nNevez\u00e9s a helysz\u00ednen, vagy el\u0151re az <a href=\"mailto:aron.bako@gmail.com\">aron.bako@gmail.com<\/a> c\u00edmen. A befizetett \u00f6sszegr\u0151l sz\u00e1ml\u00e1t adunk.<\/p>\n<p><strong>Pont\u00e9rint\u00e9s<\/strong>: A verseny a SportIdent rendszerrel lesz megrendezve, a pontokon SI-dobozok \u00e9s narancss\u00e1rga feh\u00e9r b\u00f3ja lesz.<\/p>\n<p><strong>T\u00e9rk\u00e9p<\/strong>: 2008-ban helyesb\u00edtett, 2011-ben fel\u00fclvizsg\u00e1lt, 1:4000 m\u00e9retar\u00e1ny\u00fa, 2,5 m-es alapszintk\u00f6zzel. Mindenki benyomtatott t\u00e9rk\u00e9pet kap.<\/p>\n<p><strong>P\u00e1ly\u00e1k<\/strong>: R\u00f6vid (1,5-2 km), k\u00f6zepes (2,5-3 km), hossz\u00fa (4-5,5 km)<\/p>\n<p><strong>0 id\u0151<\/strong>: 15:00<\/p>\n<p><strong>P\u00e1lyaz\u00e1r\u00e1s<\/strong>: 18:00<\/p>\n<p><strong>Parkol\u00e1s<\/strong>: A k\u00f6rny\u00e9kbeli utakon a parkol\u00e1s fizet\u0151s.<\/p>\n<p><strong>\u00c9rdekl\u0151d\u00e9s, info<\/strong>: <a href=\"mailto:aron.bako@gmail.com\">aron.bako@gmail.com<\/a>, 0620\/221-8218<\/p>\n<p><strong>Egy\u00e9b<\/strong>: Minden be\u00e9rkez\u0151 friss\u00edt\u0151t kap.<br \/>\nA versenyen mindenki saj\u00e1t felel\u0151ss\u00e9g\u00e9re vesz r\u00e9szt!<br \/>\n<a href=\"\/tajfuto\/2013\/gellerthegy\/gellerthegy_2013_ertesito.pdf\" target=\"_blank\">\u00c9rtes\u00edt\u0151 nyomtathat\u00f3 v\u00e1ltozata<\/a><\/p>\n<p><strong>Mindenkit szeretettel v\u00e1rnak a rendez\u0151k<\/strong>: <a href=\"http:\/\/www.tabanispartacus.hu\">http:\/\/www.tabanispartacus.hu<\/a><\/p>\n","protected":false},"excerpt":{"rendered":"<p>Id\u0151pont: 2013. j\u00fanius 26. szerda Helysz\u00edn: Gell\u00e9rt-hegy Rendez\u0151: Tab\u00e1ni Spartacus SKE Versenyk\u00f6zpont: Minerva utca 2. T\u00e9rk\u00e9pen Megk\u00f6zel\u00edthet\u0151: 18, 19, 41, 49 sz\u00e1m\u00fa villamosokkal, vagy 7-es busszal a Gell\u00e9rt-t\u00e9r meg\u00e1ll\u00f3ig, \u00e9s onnan gyalogosan. A verseny c\u00e9lja: Szerdai versenysorozat keret\u00e9ben versenyz\u00e9si, felk\u00e9sz\u00fcl\u00e9si lehet\u0151s\u00e9get biztos\u00edtani. Versenyforma: Nappali r\u00f6vid t\u00e1v\u00fa (park), nem min\u0151s\u00edt\u0151 egy\u00e9ni verseny. Versenyeln\u00f6k: Bak\u00f3 \u00c1ron P\u00e1lyakit\u0171z\u0151: &hellip; <a href=\"https:\/\/www.tabanispartacus.hu\/tajfuto\/wordpress\/?page_id=1603\" class=\"more-link\"><span class=\"screen-reader-text\">Gell\u00e9rt-hegy Kupa &#8211; 2013<\/span> olvas\u00e1s\u00e1nak folytat\u00e1sa <span class=\"meta-nav\">&rarr;<\/span><\/a><\/p>\n","protected":false},"author":1,"featured_media":0,"parent":0,"menu_order":0,"comment_status":"closed","ping_status":"closed","template":"","meta":{"ngg_post_thumbnail":0},"_links":{"self":[{"href":"https:\/\/www.tabanispartacus.hu\/tajfuto\/wordpress\/index.php?rest_route=\/wp\/v2\/pages\/1603"}],"collection":[{"href":"https:\/\/www.tabanispartacus.hu\/tajfuto\/wordpress\/index.php?rest_route=\/wp\/v2\/pages"}],"about":[{"href":"https:\/\/www.tabanispartacus.hu\/tajfuto\/wordpress\/index.php?rest_route=\/wp\/v2\/types\/page"}],"author":[{"embeddable":true,"href":"https:\/\/www.tabanispartacus.hu\/tajfuto\/wordpress\/index.php?rest_route=\/wp\/v2\/users\/1"}],"replies":[{"embeddable":true,"href":"https:\/\/www.tabanispartacus.hu\/tajfuto\/wordpress\/index.php?rest_route=%2Fwp%2Fv2%2Fcomments&post=1603"}],"version-history":[{"count":8,"href":"https:\/\/www.tabanispartacus.hu\/tajfuto\/wordpress\/index.php?rest_route=\/wp\/v2\/pages\/1603\/revisions"}],"predecessor-version":[{"id":1606,"href":"https:\/\/www.tabanispartacus.hu\/tajfuto\/wordpress\/index.php?rest_route=\/wp\/v2\/pages\/1603\/revisions\/1606"}],"wp:attachment":[{"href":"https:\/\/www.tabanispartacus.hu\/tajfuto\/wordpress\/index.php?rest_route=%2Fwp%2Fv2%2Fmedia&parent=1603"}],"curies":[{"name":"wp","href":"https:\/\/api.w.org\/{rel}","templated":true}]}}

Gellért-hegy Kupa &#8211; 2013

<p><strong>Időpont</strong>: 2013. június 26. szerda</p>
<p><strong>Helyszín</strong>: Gellért-hegy</p>
<p><strong>Rendező</strong>: Tabáni Spartacus SKE</p>
<p><strong>Versenyközpont</strong>: Minerva utca 2. <a href="http://utcakereso.hu/map3/index.php?action=search&amp;scale=a1.0&amp;country=hu_uk&amp;city=Budapest&amp;street=minerva&amp;num=2" target="_blank">Térképen<br />
</a><br />
<strong>Megközelíthető</strong>: 18, 19, 41, 49 számú villamosokkal, vagy 7-es busszal a Gellért-tér megállóig, és onnan gyalogosan.</p>
<p><strong>A verseny célja</strong>: Szerdai versenysorozat keretében versenyzési, felkészülési lehetőséget biztosítani.</p>
<p><strong>Versenyforma</strong>: Nappali rövid távú (park), nem minősítő egyéni verseny.</p>
<p><strong>Versenyelnök</strong>: Bakó Áron</p>
<p><strong>Pályakitűző</strong>: Sulyok Ábel</p>
<p><strong>Nevezés</strong>: A verseny napján a versenyközpontban, 14:30-tól.</p>
<p><strong>Nevezési díj</strong>: Az első tetszőlegesen választott pálya 500 Ft (18 év alatt 300 Ft), a második 300 Ft (18 év alatt 200 Ft), a harmadik ingyenes.<br />
Dugókabérlés 100 Ft.<br />
Nevezés a helyszínen, vagy előre az <a href="mailto:aron.bako@gmail.com">aron.bako@gmail.com</a> címen. A befizetett összegről számlát adunk.</p>
<p><strong>Pontérintés</strong>: A verseny a SportIdent rendszerrel lesz megrendezve, a pontokon SI-dobozok és narancssárga fehér bója lesz.</p>
<p><strong>Térkép</strong>: 2008-ban helyesbített, 2011-ben felülvizsgált, 1:4000 méretarányú, 2,5 m-es alapszintközzel. Mindenki benyomtatott térképet kap.</p>
<p><strong>Pályák</strong>: Rövid (1,5-2 km), közepes (2,5-3 km), hosszú (4-5,5 km)</p>
<p><strong>0 idő</strong>: 15:00</p>
<p><strong>Pályazárás</strong>: 18:00</p>
<p><strong>Parkolás</strong>: A környékbeli utakon a parkolás fizetős.</p>
<p><strong>Érdeklődés, info</strong>: <a href="mailto:aron.bako@gmail.com">aron.bako@gmail.com</a>, 0620/221-8218</p>
<p><strong>Egyéb</strong>: Minden beérkező frissítőt kap.<br />
A versenyen mindenki saját felelősségére vesz részt!<br />
<a href="/tajfuto/2013/gellerthegy/gellerthegy_2013_ertesito.pdf" target="_blank">Értesítő nyomtatható változata</a></p>
<p><strong>Mindenkit szeretettel várnak a rendezők</strong>: <a href="http://www.tabanispartacus.hu">http://www.tabanispartacus.hu</a></p>

<p>Időpont: 2013. június 26. szerda Helyszín: Gellért-hegy Rendező: Tabáni Spartacus SKE Versenyközpont: Minerva utca 2. Térképen Megközelíthető: 18, 19, 41, 49 számú villamosokkal, vagy 7-es busszal a Gellért-tér megállóig, és onnan gyalogosan. A verseny célja: Szerdai versenysorozat keretében versenyzési, felkészülési lehetőséget biztosítani. Versenyforma: Nappali rövid távú (park), nem minősítő egyéni verseny. Versenyelnök: Bakó Áron Pályakitűző: &hellip; <a href="https://www.tabanispartacus.hu/tajfuto/wordpress/?page_id=1603" class="more-link"><span class="screen-reader-text">Gellért-hegy Kupa &#8211; 2013</span> olvasásának folytatása <span class="meta-nav">&rarr;</span></a></p>
