{"id":1541,"date":"2013-05-30T16:24:32","date_gmt":"2013-05-30T14:24:32","guid":{"rendered":"http:\/\/www.tabanispartacus.hu\/tajfuto\/wordpress\/?page_id=1541"},"modified":"2013-10-09T01:04:25","modified_gmt":"2013-10-08T23:04:25","slug":"61-oszi-spartacus-kupa-nemzetkozi-tajekozodasi-futoverseny-kiirasa","status":"publish","type":"page","link":"https:\/\/www.tabanispartacus.hu\/tajfuto\/wordpress\/?page_id=1541","title":{"rendered":"61. \u0150szi Spartacus Kupa Nemzetk\u00f6zi T\u00e1j\u00e9koz\u00f3d\u00e1si Fut\u00f3verseny Ki\u00edr\u00e1sa"},"content":{"rendered":"<p><strong>Id\u0151pont:<\/strong> 2013. november 2\u20133.<\/p>\n<p><strong>Helysz\u00edn:<\/strong> V\u00e1rgesztes, V\u00e9rtes hg. (Budapestt\u0151l 75 km)<\/p>\n<p><strong>Rendez\u0151:<\/strong> Tab\u00e1ni Spartacus Sport \u00e9s K\u00f6rnyezetv\u00e9d\u0151 Egyes\u00fclet<\/p>\n<p><strong>A verseny meghat\u00e1roz\u00e1sa:<\/strong> K\u00e9tnapos, nemzetk\u00f6zi, nappali, egy\u00e9ni, norm\u00e1l t\u00e1v\u00fa verseny, \u00f6sszetett eredm\u00e9nnyel.<br \/>\n1. nap kiemelt, 2. nap orsz\u00e1gos rangsorol\u00f3.<\/p>\n<p><strong>A verseny v\u00e9dn\u00f6ke:<\/strong> Menoni Gabriella, V\u00e1rgesztes polg\u00e1rmestere<\/p>\n<p><strong>Rendez\u0151s\u00e9g: <\/strong>Eln\u00f6k: M\u00e1th\u00e9 Istv\u00e1n<br \/>\n\u00c1ltal\u00e1nos eln\u00f6khelyettes: Horv\u00e1th Attila<br \/>\nSzervez\u00e9si eln\u00f6khelyettes: Morandini Viktor<br \/>\nTechnikai eln\u00f6khelyettes: T\u00f3th S\u00e1ndor<br \/>\nP\u00e1lyakit\u0171z\u0151k: Sch\u00f6nviszky Gy\u00f6rgy (1. nap), Sulyok \u00c1bel (2. nap)<br \/>\nEllen\u0151rz\u0151b\u00edr\u00f3: Somlay G\u00e1bor<br \/>\nT\u00e9rk\u00e9p: Sch\u00f6nviszky Gy\u00f6rgy<br \/>\nTitk\u00e1r: Gyalogn\u00e9 Dobr\u00f3ka Anett<\/p>\n<p><strong>T\u00e9r<\/strong><strong>k\u00e9p:<\/strong> 2013-ban jav\u00edtott, r\u00e9szben fel\u00fclvizsg\u00e1lt, M=1:15 000 \/ 5 m \u00e9s 1:10 000 \/ 5 m.<\/p>\n<p><strong>Terep:<\/strong> k\u00f6z\u00e9phegys\u00e9gi lomberd\u0151, dolomit felsz\u00edn, \u201ev\u00e9rtesi domborzat\u201d.<\/p>\n<p><strong>Nevez\u00e9si hat\u00e1rid<\/strong><strong>\u0151:<\/strong> 2013. okt\u00f3ber 23-ig, entry-ben, vagy a honlapon l\u00e9v\u0151 nevez\u00e9si lapon<br \/>\n(k\u00fcl\u00f6n egy napra is lehet nevezni).<\/p>\n<p><strong>Nevez\u00e9si c\u00edm<\/strong><strong>ek:<\/strong>  <strong>ENTRY <\/strong>nevez\u00e9si rendszeren<strong> <\/strong>kereszt\u00fcl, vagy<br \/>\n<strong>e-mail: <\/strong><span style=\"color: #0000ff;\"><span style=\"text-decoration: underline;\"><a href=\"mailto:tabanispartacus@gmail.com\">tabanispartacus@gmail.com<\/a><strong><\/strong><\/span><\/span>, vagy <strong>post\u00e1n<\/strong>: Tab\u00e1ni Spartacus SKE, 1013 Budapest, Attila \u00fat 2.<br \/>\nAz elektronikus form\u00e1ban \u00e9rkez\u0151 nevez\u00e9seket 48 \u00f3r\u00e1n bel\u00fcl visszaigazoljuk.<br \/>\nHa ez nem t\u00f6rt\u00e9nik meg, k\u00e9rj\u00fck a nevez\u00e9s megism\u00e9tl\u00e9s\u00e9t!<\/p>\n<p><strong>Nevez\u00e9si d\u00edj:<\/strong>  M\/W16\u2013M65\/W60 4000 Ft\/2 nap 2200 Ft\/1 nap<br \/>\nM\/W10\u201314, M70-80, W65\u201370 2200 Ft\/2 nap 1200 Ft\/1 nap<br \/>\nM\u00f3dos\u00edt\u00e1s \u00e9s nevez\u00e9s hat\u00e1rid\u0151 ut\u00e1n, illetve helysz\u00ednen <strong>1000 Ft p\u00f3td\u00edj\/2 nap<\/strong><br \/>\nNy\u00edlt kateg\u00f3ri\u00e1k 2200 Ft\/2 nap, 1200 Ft\/1 nap<\/p>\n<p><strong>Sorsol\u00e1s:<\/strong>  2013. okt\u00f3ber 24.<\/p>\n<p><strong>Sz\u00e1ll\u00e1s:<\/strong> koll\u00e9gium (Oroszl\u00e1ny) 2300 Ft f\u0151\/\u00e9jszaka<br \/>\ntornaterem (V\u00e1rgesztes, \u00c1ltal\u00e1nos iskola) 700 Ft\/f\u0151\/\u00e9jszaka<\/p>\n<p><strong>Tervezett &#8220;0&#8221; id\u0151:<br \/>\n<\/strong>1. nap (november 2. szombat) 10:00 \u00f3ra<br \/>\n2. nap (november 3. vas\u00e1rnap) 9:00 \u00f3ra<\/p>\n<p><strong>D\u00edjaz\u00e1s:<\/strong> Minden kateg\u00f3ria 1-3. helyezettj\u00e9nek \u00e9rem, gy\u0151ztes\u00e9nek t\u00e1rgyjutalom.<\/p>\n<p><strong>Kateg\u00f3ri\u00e1k:<\/strong>M(F)\/W(N) 21E,B,BR,C, 20E, 18E, 15-18C, 16E, 14E, 12C, 35A, 40A, 45A, 50A, 55A, 60A, 65A, 70A<br \/>\nM(F) 35BR, 75A, 80A; M(F)\/W(N) 10D (szalagos seg\u00edts\u00e9g);<br \/>\nNy\u00edlt technik\u00e1s (OA), ny\u00edlt kezd\u0151 (OB)<\/p>\n<p>Egyes kateg\u00f3ri\u00e1kat szakoszt\u00e1lyunk elm\u00falt \u00e9vekben elhunyt versenyz\u0151inek tisztelet\u00e9re r\u00f3luk nevezt\u00fcnk el:<\/p>\n<p>M21E: <strong>Balogh Tam\u00e1s<\/strong> eml\u00e9kfutam; M35A:  <strong>Tarj\u00e1ni Tibor<\/strong> eml\u00e9kfutam;<br \/>\nM60A:  <strong>Csurg\u00f3 Mih\u00e1ly<\/strong> eml\u00e9kfutam; M65A:  <strong>Peiker Gy\u00f6rgy<\/strong> eml\u00e9kfutam;<br \/>\nM70A:  <strong>\u00d3hegyi Albin<\/strong> eml\u00e9kfutam; W16E:  <strong>Szentp\u00e9tery \u00c1kos<\/strong> eml\u00e9kfutam<\/p>\n<p>Ha egy kateg\u00f3ri\u00e1ban \u00f6tn\u00e9l kevesebb nevez\u00e9s \u00e9rkezik, \u00e1tsorol\u00e1ssal \u00e9s kateg\u00f3ria-\u00f6sszevon\u00e1ssal \u00e9l\u00fcnk.<\/p>\n<p><strong>Egy\u00e9b:<br \/>\n<\/strong>\u2013 Helysz\u00edni nevez\u00e9s csak az \u00fcres helyekre lehets\u00e9ges!<br \/>\n\u2013 A versenyt a SPORTident elektronikus pont\u00e9rint\u00e9si rendszerrel bonyol\u00edtjuk le.<br \/>\n\u2013 Akik nem rendelkeznek saj\u00e1t dug\u00f3k\u00e1val, a helysz\u00ednen b\u00e9relhetnek, ennek b\u00e9rleti d\u00edja 200 Ft\/nap (10-14-es kateg\u00f3ri\u00e1kban ingyenes)<br \/>\n\u2013 A c\u00e9lban mindk\u00e9t nap b\u00fcf\u00e9 \u00fczemel rendezv\u00e9nys\u00e1torban, meleg \u00e9telekkel is<br \/>\n\u2013 Gyermekverseny mindk\u00e9t nap, a c\u00e9l k\u00f6zel\u00e9ben lesz.<br \/>\n\u2013 A versenyen b\u00e1rmilyen kereskedelmi tev\u00e9kenys\u00e9g csak a versenyb\u00edr\u00f3s\u00e1g el\u0151zetes enged\u00e9ly\u00e9vel lehets\u00e9ges.<\/p>\n<p>Inform\u00e1ci\u00f3k a versenyr\u0151l<strong>: www.tabanispartacus.hu<\/strong><\/p>\n<p align=\"RIGHT\">MINDENKIT SZERETTEL V\u00c1R A RENDEZ\u0150S\u00c9G<\/p>\n<p align=\"RIGHT\">\n","protected":false},"excerpt":{"rendered":"<p>Id\u0151pont: 2013. november 2\u20133. Helysz\u00edn: V\u00e1rgesztes, V\u00e9rtes hg. (Budapestt\u0151l 75 km) Rendez\u0151: Tab\u00e1ni Spartacus Sport \u00e9s K\u00f6rnyezetv\u00e9d\u0151 Egyes\u00fclet A verseny meghat\u00e1roz\u00e1sa: K\u00e9tnapos, nemzetk\u00f6zi, nappali, egy\u00e9ni, norm\u00e1l t\u00e1v\u00fa verseny, \u00f6sszetett eredm\u00e9nnyel. 1. nap kiemelt, 2. nap orsz\u00e1gos rangsorol\u00f3. A verseny v\u00e9dn\u00f6ke: Menoni Gabriella, V\u00e1rgesztes polg\u00e1rmestere Rendez\u0151s\u00e9g: Eln\u00f6k: M\u00e1th\u00e9 Istv\u00e1n \u00c1ltal\u00e1nos eln\u00f6khelyettes: Horv\u00e1th Attila Szervez\u00e9si eln\u00f6khelyettes: Morandini &hellip; <a href=\"https:\/\/www.tabanispartacus.hu\/tajfuto\/wordpress\/?page_id=1541\" class=\"more-link\"><span class=\"screen-reader-text\">61. \u0150szi Spartacus Kupa Nemzetk\u00f6zi T\u00e1j\u00e9koz\u00f3d\u00e1si Fut\u00f3verseny Ki\u00edr\u00e1sa<\/span> olvas\u00e1s\u00e1nak folytat\u00e1sa <span class=\"meta-nav\">&rarr;<\/span><\/a><\/p>\n","protected":false},"author":1,"featured_media":0,"parent":0,"menu_order":0,"comment_status":"closed","ping_status":"closed","template":"","meta":{"ngg_post_thumbnail":0},"_links":{"self":[{"href":"https:\/\/www.tabanispartacus.hu\/tajfuto\/wordpress\/index.php?rest_route=\/wp\/v2\/pages\/1541"}],"collection":[{"href":"https:\/\/www.tabanispartacus.hu\/tajfuto\/wordpress\/index.php?rest_route=\/wp\/v2\/pages"}],"about":[{"href":"https:\/\/www.tabanispartacus.hu\/tajfuto\/wordpress\/index.php?rest_route=\/wp\/v2\/types\/page"}],"author":[{"embeddable":true,"href":"https:\/\/www.tabanispartacus.hu\/tajfuto\/wordpress\/index.php?rest_route=\/wp\/v2\/users\/1"}],"replies":[{"embeddable":true,"href":"https:\/\/www.tabanispartacus.hu\/tajfuto\/wordpress\/index.php?rest_route=%2Fwp%2Fv2%2Fcomments&post=1541"}],"version-history":[{"count":7,"href":"https:\/\/www.tabanispartacus.hu\/tajfuto\/wordpress\/index.php?rest_route=\/wp\/v2\/pages\/1541\/revisions"}],"predecessor-version":[{"id":1713,"href":"https:\/\/www.tabanispartacus.hu\/tajfuto\/wordpress\/index.php?rest_route=\/wp\/v2\/pages\/1541\/revisions\/1713"}],"wp:attachment":[{"href":"https:\/\/www.tabanispartacus.hu\/tajfuto\/wordpress\/index.php?rest_route=%2Fwp%2Fv2%2Fmedia&parent=1541"}],"curies":[{"name":"wp","href":"https:\/\/api.w.org\/{rel}","templated":true}]}}