{"id":1508,"date":"2013-05-13T13:03:32","date_gmt":"2013-05-13T11:03:32","guid":{"rendered":"http:\/\/www.tabanispartacus.hu\/tajfuto\/wordpress\/?page_id=1508"},"modified":"2013-05-13T13:03:32","modified_gmt":"2013-05-13T11:03:32","slug":"budapesti-es-pest-megyei-tajfuto-diakolimpia","status":"publish","type":"page","link":"https:\/\/www.tabanispartacus.hu\/tajfuto\/wordpress\/?page_id=1508","title":{"rendered":"Budapesti \u00e9s Pest megyei T\u00e1jfut\u00f3 Di\u00e1kolimpia"},"content":{"rendered":"<p style=\"text-align: center;\">G\u00f6d\u00f6ll\u0151<br \/>\n2013-04-27<\/p>\n<p>Rengeteg rendez\u0151i hib\u00e1val z\u00e1rult a G\u00f6d\u00f6ll\u0151n megrendezett f\u0151v\u00e1rosi, \u00e9s Pest megyei t\u00e1jfut\u00f3 di\u00e1kolimpia.<br \/>\nA meg\u00e9rkez\u00e9skor csak dics\u00e9rni tudtam a rendez\u0151 klubot, akik nemr\u00e9g nagy meg\u00fajul\u00e1son mentek \u00e1t. Sz\u00e9p c\u00e9lhely, ide\u00e1lis infrastrukt\u00fara v\u00e1rt benn\u00fcnket. A rajttal, \u00e9s a rendez\u0151kkel is maxim\u00e1lisan el\u00e9gedettek lehett\u00fcnk, eg\u00e9szen az els\u0151 be\u00e9rkez\u0151 versenyz\u0151ig.<br \/>\nEkkor ugyanis kider\u00fclt, hogy a 37-es pont, -melyet a k\u00e9t legfiatalabb kateg\u00f3ria kiv\u00e9tel\u00e9vel minden p\u00e1lya \u00e9rintett &#8211; nem ker\u00fclt kihelyez\u00e9sre. Id\u0151k\u00f6zben kiker\u00fclt (50 k\u00f6rny\u00e9k\u00e9n), de addig m\u00e1r sok versenyz\u0151 t\u00f6bb 10 percig keresg\u00e9lte az \u00faj t\u00e9rk\u00e9pen l\u00e9v\u0151 pontot.<\/p>\n<p>Tov\u00e1bbi s\u00falyos hiba volt a versenyen, hogy k\u00e9t pont azonos terept\u00e1rgyra ker\u00fclt egym\u00e1st\u00f3l 20 m t\u00e1vols\u00e1gra, amit a szab\u00e1lyzat nem enged. Ennek k\u00f6sz\u00f6nhet\u0151en is t\u00f6bben hib\u00e1ztak.<\/p>\n<p>3. s\u00falyos hiba egy h\u00edd pontn\u00e1l jelentkezett, ahol a stekk a h\u00edd tetej\u00e9n volt, m\u00edg a pont a h\u00edd alatt, s azt a szimbol nem jel\u00f6lte.<\/p>\n<p>4., \u00e9s egyben utols\u00f3 nagy hiba, hogy betettek egy igen zavar\u00f3 helyre egy &#8220;csali&#8221; pontot. Hogy minek, azt meg nem tudom mondani. Vagyis tudom. Az\u00e9rt, hogy megvicceljenek n\u00e9h\u00e1ny embert, \u00e9s kimeszelj\u00e9k a figyelmetleneket a versenyb\u0151l. Ez lenne egy di\u00e1kolimpi\u00e1nak a c\u00e9lja?<\/p>\n<p>\u00d6sszess\u00e9g\u00e9ben a k\u00f6r\u00edt\u00e9ssel el\u00e9gedett voltam, de sajnos itt is, mint minden sport\u00e1gban, a l\u00e9nyeg sz\u00e1m\u00edt, abban meg megmagyar\u00e1zhatatlanul sok hiba rejlett.<br \/>\nEredm\u00e9nyt ugyan hirdettek a 37-es el\u0151tti, \u00e9s ut\u00e1ni \u00e1tmenetek levon\u00e1s\u00e1val, de ez kor\u00e1ntsem t\u00fckr\u00f6zte a val\u00f3di er\u0151sorrendet. V\u00e9gs\u0151 d\u00f6nt\u00e9s m\u00e9g nincs arra vonatkoz\u00f3an, hogy \u00fajrarendezz\u00e9k-e a versenyt, vagy tov\u00e1bbjuttassanak-e mindenkit, vagy maradjon minden a mostani form\u00e1ban.<\/p>\n<p>Addig is foglalkozzunk a tov\u00e1bbi versenyeinkkel, azaz E\u00f6tv\u00f6s, Tip\u00f3, Bp. r\u00f6vidt\u00e1v\u00fa \u00e9s sprint v\u00e1lt\u00f3 Bajnoks\u00e1ga, N\u00f3gr\u00e1d, stb.<\/p>\n<p>Eredm\u00e9nyek: <a title=\"eredm\u00e9nyek\" href=\"http:\/\/www.mtfsz.hu\/megjelenites\/versenynaptar\/showevent.php?event=5485\">http:\/\/www.mtfsz.hu\/megjelenites\/versenynaptar\/showevent.php?event=5485<\/a><\/p>\n<p>Gyalog Zoli<\/p>\n","protected":false},"excerpt":{"rendered":"<p>G\u00f6d\u00f6ll\u0151 2013-04-27 Rengeteg rendez\u0151i hib\u00e1val z\u00e1rult a G\u00f6d\u00f6ll\u0151n megrendezett f\u0151v\u00e1rosi, \u00e9s Pest megyei t\u00e1jfut\u00f3 di\u00e1kolimpia. A meg\u00e9rkez\u00e9skor csak dics\u00e9rni tudtam a rendez\u0151 klubot, akik nemr\u00e9g nagy meg\u00fajul\u00e1son mentek \u00e1t. Sz\u00e9p c\u00e9lhely, ide\u00e1lis infrastrukt\u00fara v\u00e1rt benn\u00fcnket. A rajttal, \u00e9s a rendez\u0151kkel is maxim\u00e1lisan el\u00e9gedettek lehett\u00fcnk, eg\u00e9szen az els\u0151 be\u00e9rkez\u0151 versenyz\u0151ig. Ekkor ugyanis kider\u00fclt, hogy a 37-es &hellip; <a href=\"https:\/\/www.tabanispartacus.hu\/tajfuto\/wordpress\/?page_id=1508\" class=\"more-link\"><span class=\"screen-reader-text\">Budapesti \u00e9s Pest megyei T\u00e1jfut\u00f3 Di\u00e1kolimpia<\/span> olvas\u00e1s\u00e1nak folytat\u00e1sa <span class=\"meta-nav\">&rarr;<\/span><\/a><\/p>\n","protected":false},"author":1,"featured_media":0,"parent":0,"menu_order":0,"comment_status":"closed","ping_status":"closed","template":"","meta":{"ngg_post_thumbnail":0},"_links":{"self":[{"href":"https:\/\/www.tabanispartacus.hu\/tajfuto\/wordpress\/index.php?rest_route=\/wp\/v2\/pages\/1508"}],"collection":[{"href":"https:\/\/www.tabanispartacus.hu\/tajfuto\/wordpress\/index.php?rest_route=\/wp\/v2\/pages"}],"about":[{"href":"https:\/\/www.tabanispartacus.hu\/tajfuto\/wordpress\/index.php?rest_route=\/wp\/v2\/types\/page"}],"author":[{"embeddable":true,"href":"https:\/\/www.tabanispartacus.hu\/tajfuto\/wordpress\/index.php?rest_route=\/wp\/v2\/users\/1"}],"replies":[{"embeddable":true,"href":"https:\/\/www.tabanispartacus.hu\/tajfuto\/wordpress\/index.php?rest_route=%2Fwp%2Fv2%2Fcomments&post=1508"}],"version-history":[{"count":2,"href":"https:\/\/www.tabanispartacus.hu\/tajfuto\/wordpress\/index.php?rest_route=\/wp\/v2\/pages\/1508\/revisions"}],"predecessor-version":[{"id":1510,"href":"https:\/\/www.tabanispartacus.hu\/tajfuto\/wordpress\/index.php?rest_route=\/wp\/v2\/pages\/1508\/revisions\/1510"}],"wp:attachment":[{"href":"https:\/\/www.tabanispartacus.hu\/tajfuto\/wordpress\/index.php?rest_route=%2Fwp%2Fv2%2Fmedia&parent=1508"}],"curies":[{"name":"wp","href":"https:\/\/api.w.org\/{rel}","templated":true}]}}