{"id":1361,"date":"2013-01-20T11:53:06","date_gmt":"2013-01-20T10:53:06","guid":{"rendered":"http:\/\/www.tabanispartacus.hu\/tajfuto\/wordpress\/?page_id=1361"},"modified":"2013-02-07T14:31:42","modified_gmt":"2013-02-07T13:31:42","slug":"velunktortent-2013","status":"publish","type":"page","link":"https:\/\/www.tabanispartacus.hu\/tajfuto\/wordpress\/?page_id=1361","title":{"rendered":"Vel\u00fcnk t\u00f6rt\u00e9nt 2013"},"content":{"rendered":"<p><strong>\n<table id=\"wp-table-reloaded-id-8-no-1\" class=\"wp-table-reloaded wp-table-reloaded-id-8\">\n<tbody class=\"row-hover\">\n\t<tr class=\"row-1 odd\">\n\t\t<td rowspan=\"2\" class=\"column-1 rowspan-2\">Dobog\u00f3k\u0151i Hegyi Fut\u00f3verseny<br \/>\r\n2013.11.23., Dobog\u00f3k\u0151<\/td><td class=\"column-2\">besz\u00e1mol\u00f3<\/td><td class=\"column-3\"><a href=\"http:\/\/www.tabanispartacus.hu\/tajfuto\/wordpress\/?page_id=1765\">Gyalog L\u00e1szl\u00f3<\/a><br \/>\r\n<a href=\"http:\/\/www.tabanispartacus.hu\/tajfuto\/wordpress\/?page_id=1768\">Pint\u00e9r Ferenc<\/a><\/td>\n\t<\/tr>\n\t<tr class=\"row-2 even\">\n\t\t<td class=\"column-2\">f\u00e9nyk\u00e9pek<\/td><td class=\"column-3\"><a target=\"_blank\" href=\"https:\/\/picasaweb.google.com\/112281015882875336722\/Dobogokoi_hegyi_futas\">M\u00e1th\u00e9 Istv\u00e1n<\/a><\/td>\n\t<\/tr>\n\t<tr class=\"row-3 odd\">\n\t\t<td class=\"column-1\">OCSB, OEVB<br \/>\r\n2013.10.12-13.<\/td><td class=\"column-2\">fot\u00f3k<\/td><td class=\"column-3\"><a target=\"_blank\" href=\"https:\/\/plus.google.com\/photos\/114600184610274690890\/albums\/5934674123608343313?authkey=CM7SzvTpsN6mZA\">Weiler Zsolt<\/a><\/td>\n\t<\/tr>\n\t<tr class=\"row-4 even\">\n\t\t<td class=\"column-1\">Kalocsa Kupa<br \/>\r\n2013. 09. 28-29., Izs\u00e1k<br \/>\r\n<\/td><td class=\"column-2\">p\u00e1lyaelemz\u00e9s<\/td><td class=\"column-3\"><a href=\"https:\/\/docs.google.com\/document\/d\/16mwPvqqOPWso0n8a9kMyG3tmScbaSgV3Jg9qF54Cyo8\/edit?usp=sharing\">Bak\u00f3 \u00c1ron<\/a><a href=\"https:\/\/picasaweb.google.com\/112281015882875336722\/Dobogokoi_hegyi_futas\">M\u00e1th\u00e9 Istv\u00e1n<\/a><\/td>\n\t<\/tr>\n\t<tr class=\"row-5 odd\">\n\t\t<td rowspan=\"2\" class=\"column-1 rowspan-2\">ROB, POCSB<\/td><td class=\"column-2\">f\u00e9nyk\u00e9pek<\/td><td class=\"column-3\"><a target=\"_blank\" href=\"https:\/\/picasaweb.google.com\/107531562449488694995\/ROB_PCSB_2013\">M\u00e1th\u00e9 Istv\u00e1n<\/a><\/td>\n\t<\/tr>\n\t<tr class=\"row-6 even\">\n\t\t<td class=\"column-2\">POCSB p\u00e1ly\u00e1k<\/td><td class=\"column-3\"><a target=\"_blank\" href=\"https:\/\/plus.google.com\/photos\/100954799619594219109\/albums\/5924456509601254273\">Gyalog Zolt\u00e1n<\/a><\/td>\n\t<\/tr>\n\t<tr class=\"row-7 odd\">\n\t\t<td class=\"column-1\">Ez\u00e9vi OB \u00e9s VB szparis r\u00e9sztvev\u0151i<\/td><td class=\"column-2\">eredm\u00e9nyek<\/td><td class=\"column-3\"><a href=\"\/tajfuto\/velunktortent\/2013\/2013_OB-eredm_honlapra_130710.pdf\">Gyalog L\u00e1szl\u00f3<\/a><\/td>\n\t<\/tr>\n\t<tr class=\"row-8 even\">\n\t\t<td class=\"column-1\">Ny\u00e1ri g\u00e1nti edz\u0151t\u00e1bor<br \/>\r\n2013.06.27-30.<\/td><td class=\"column-2\">besz\u00e1mol\u00f3<\/td><td class=\"column-3\"><a href=\"\/tajfuto\/velunktortent\/2013\/beszamolo_gant_2013.doc\">Gyalog Zolt\u00e1n<\/a><\/td>\n\t<\/tr>\n\t<tr class=\"row-9 odd\">\n\t\t<td class=\"column-1\">KOB - VOB<br \/>\r\n2013.06.22-23.<\/td><td class=\"column-2\">f\u00e9nyk\u00e9pek<\/td><td class=\"column-3\"><a target=\"_blank\" href=\"https:\/\/plus.google.com\/photos\/115914147119882087501\/albums\/5892772520475959489?authkey=CMe5l-2GjvTuhQE\">Sulyok \u00c1bel<\/a><\/td>\n\t<\/tr>\n\t<tr class=\"row-10 even\">\n\t\t<td class=\"column-1\">Tavaszi Spartacus Kupa<br \/>\r\n2013.06.14-16.<\/td><td class=\"column-2\">f\u00e9nyk\u00e9pek<\/td><td class=\"column-3\"><a target=\"_blank\" href=\"https:\/\/picasaweb.google.com\/111722235094025596806\/2013061516TavasziSpartacusKupa\">Zai B\u00e1lint<\/a><\/td>\n\t<\/tr>\n\t<tr class=\"row-11 odd\">\n\t\t<td class=\"column-1\">\u00c9jszakai Orsz\u00e1gos Bajnoks\u00e1g<br \/>\r\n2013. 06. 08.<\/td><td class=\"column-2\">besz\u00e1mol\u00f3<\/td><td class=\"column-3\"><a target=\"_href\" href=\"http:\/\/www.tabanispartacus.hu\/tajfuto\/wordpress\/?page_id=1596\">Lengyel \u00c1d\u00e1m<\/a><\/td>\n\t<\/tr>\n\t<tr class=\"row-12 even\">\n\t\t<td class=\"column-1\">N\u00f3gr\u00e1d Kupa<\/td><td class=\"column-2\">f\u00e9nyk\u00e9pek<\/td><td class=\"column-3\"><a target=\"_blank\" href=\"https:\/\/skydrive.live.com\/?cid=5d8092e6c04bfd1f&amp;id=5D8092E6C04BFD1F%211325\">rendez\u0151k<\/a><br \/>\r\n<a target=\"_blank\" href=\"https:\/\/picasaweb.google.com\/111722235094025596806\/2013051820NogradNagydij\">Zai B\u00e1lint<\/a><\/td>\n\t<\/tr>\n\t<tr class=\"row-13 odd\">\n\t\t<td class=\"column-1\">Post\u00e1s Kupa<br \/>\r\n2013.05.11-12.<\/td><td class=\"column-2\">besz\u00e1mol\u00f3<\/td><td class=\"column-3\"><a href=\"http:\/\/www.tabanispartacus.hu\/tajfuto\/wordpress\/?page_id=1511\">V\u00f6lgyesi Melody<\/a><\/td>\n\t<\/tr>\n\t<tr class=\"row-14 even\">\n\t\t<td class=\"column-1\">Tipo Kupa<br \/>\r\n2013.05.04-05<\/td><td class=\"column-2\">f\u00e9nyk\u00e9pek, besz\u00e1mol\u00f3<\/td><td class=\"column-3\"><a target='_blank' href=\"https:\/\/picasaweb.google.com\/111722235094025596806\/2013050405TipoKupa\">Zai B\u00e1lint<\/a><br \/>\r\n<a target=\"_blank\" href=\"http:\/\/tipokupa2013.rudibacsi.fotoalbum.hu\/\">Lat\u00e1k Rudi<\/a><br \/>\r\n<a href=\"http:\/\/www.tabanispartacus.hu\/tajfuto\/wordpress\/?p=1527\">Weiler Vilmos (besz.)<\/a><br \/>\r\n<a target=\"_blank\" href=\"https:\/\/picasaweb.google.com\/weilerzsolt\/20130504_Tipo_kupa?authuser=0&amp;authkey=Gv1sRgCPy3zuXlnL3pGA\">Weiler Zsolt<\/a><\/td>\n\t<\/tr>\n\t<tr class=\"row-15 odd\">\n\t\t<td class=\"column-1\">E\u00f6tv\u00f6s Kupa<br \/>\r\n2013.05.01.<\/td><td class=\"column-2\">f\u00e9nyk\u00e9pek<\/td><td class=\"column-3\"><a target=\"_blank\" href=\"https:\/\/picasaweb.google.com\/111722235094025596806\/20130501EotvosKupa\">Zai B\u00e1lint<\/a><\/td>\n\t<\/tr>\n\t<tr class=\"row-16 even\">\n\t\t<td class=\"column-1\">Cseh junior \u00e9s feln\u0151tt edz\u0151t\u00e1bor<br \/>\r\n2013.04.27-05.01.<\/td><td class=\"column-2\">besz\u00e1mol\u00f3<\/td><td class=\"column-3\"><a href=\"\/tajfuto\/velunktortent\/2013\/cseh_junior_es_felnott_edzotabor.doc\">Weiler Vir\u00e1g<\/a><\/td>\n\t<\/tr>\n\t<tr class=\"row-17 odd\">\n\t\t<td class=\"column-1\">Budapesti \u00e9s Pest megyei T\u00e1jfut\u00f3 Di\u00e1kolimpia <br \/>\r\nG\u00f6d\u00f6ll\u0151<br \/>\r\n2013.04.27<\/td><td class=\"column-2\">besz\u00e1mol\u00f3<\/td><td class=\"column-3\"><a href=\"http:\/\/www.tabanispartacus.hu\/tajfuto\/wordpress\/?page_id=1508\">Gyalog Zoli<\/a><\/td>\n\t<\/tr>\n\t<tr class=\"row-18 even\">\n\t\t<td class=\"column-1\">F\u00f6ld Napja<br \/>\r\n2013.04.22.<\/td><td class=\"column-2\">besz\u00e1mol\u00f3<\/td><td class=\"column-3\"><a target=\"_blank\" href=\"http:\/\/www.tabanispartacus.hu\/tajfuto\/wordpress\/?page_id=1498\">Gyalog L\u00e1szl\u00f3<\/a><\/td>\n\t<\/tr>\n\t<tr class=\"row-19 odd\">\n\t\t<td class=\"column-1\">Edz\u0151t\u00e1bor<br \/>\r\nG\u00e1nt, 2013.03.29-31.<br \/>\r\n<\/td><td class=\"column-2\">f\u00e9nyk\u00e9pek<\/td><td class=\"column-3\"><a target=\"_blank\" href=\"https:\/\/picasaweb.google.com\/111722235094025596806\/2013032931Edzotabor\">Zai B\u00e1lint<\/a><\/td>\n\t<\/tr>\n\t<tr class=\"row-20 even\">\n\t\t<td class=\"column-1\">A Tab\u00e1ni Spartacus volt az orsz\u00e1g legjobb t\u00e1jfut\u00f3 klubja 2012-ben!<\/td><td class=\"column-2\">cikk<\/td><td class=\"column-3\"><a href=\"\/tajfuto\/velunktortent\/2013\/varnegyedbe_legjobb_tajfuto_klub_2012.pdf\">Gyalog L\u00e1szl\u00f3<\/a><\/td>\n\t<\/tr>\n\t<tr class=\"row-21 odd\">\n\t\t<td class=\"column-1\">Hossz\u00fat\u00e1v\u00fa Orsz\u00e1gos Bajnoks\u00e1g<br \/>\r\n2013.03.23.<\/td><td class=\"column-2\">besz\u00e1mol\u00f3<\/td><td class=\"column-3\"><a href=\"\/tajfuto\/velunktortent\/2013\/130323_HOB-besz_GyL.pdf\">Gyalog L\u00e1szl\u00f3<\/a><\/td>\n\t<\/tr>\n\t<tr class=\"row-22 even\">\n\t\t<td class=\"column-1\">Lipica Open<br \/>\r\n2013.03.10.<\/td><td class=\"column-2\">f\u00e9nyk\u00e9pek<\/td><td class=\"column-3\"><a href=\"https:\/\/picasaweb.google.com\/weilerzsolt\/20130310_Lipica_Open?authuser=0&amp;authkey=Gv1sRgCMvM2oaN0Z-obQ&amp;feat=directlink\" target=\"_blank\">Weiler Zsolt<\/a><\/td>\n\t<\/tr>\n\t<tr class=\"row-23 odd\">\n\t\t<td class=\"column-1\">Kiskunhalasi edz\u0151t\u00e1bor<br \/>\r\n2013.02.15-17.<\/td><td class=\"column-2\">besz\u00e1mol\u00f3<\/td><td class=\"column-3\"><a href=\"http:\/\/www.tabanispartacus.hu\/tajfuto\/velunktortent\/2013\/kiskunhalasi_et_petra_beszamolo.doc\">Egei Petra<\/a><\/td>\n\t<\/tr>\n\t<tr class=\"row-24 even\">\n\t\t<td class=\"column-1\">Teremt\u00e1jfut\u00f3 Bajnoks\u00e1g, Bajnokok vacsor\u00e1ja, Ripsz\u00e1m Henrik ev.<br \/>\r\n2013.01.26-27.<\/td><td class=\"column-2\">besz\u00e1mol\u00f3<\/td><td class=\"column-3\"><a href=\"\/tajfuto\/2013\/bp_tajfuto_napok.doc\">Lengyel \u00c1d\u00e1m<\/a><\/td>\n\t<\/tr>\n\t<tr class=\"row-25 odd\">\n\t\t<td class=\"column-1\">Bajnokok vacsor\u00e1ja<br \/>\r\n2013.01.26<\/td><td class=\"column-2\">f\u00e9nyk\u00e9pek<\/td><td class=\"column-3\"><a href=\"http:\/\/www.tabanispartacus.hu\/tajfuto\/wordpress\/?page_id=1378\">Gyalog Zoli; v\u00e1logat\u00e1s, v\u00e1g\u00e1s: T\u00f3dor<\/a><\/td>\n\t<\/tr>\n\t<tr class=\"row-26 even\">\n\t\t<td class=\"column-1\">V\u00e1logatott edz\u0151t\u00e1bor Orf\u0171<br \/>\r\n2013.01.18.-20.<\/td><td class=\"column-2\">besz\u00e1mol\u00f3<\/td><td class=\"column-3\"><a href=\"http:\/\/www.tabanispartacus.hu\/tajfuto\/wordpress\/?page_id=1370\">Weiler Vir\u00e1g<\/a><\/td>\n\t<\/tr>\n\t<tr class=\"row-27 odd\">\n\t\t<td class=\"column-1\">\u00c9vz\u00e1r\u00f3<\/td><td class=\"column-2\">f\u00e9nyk\u00e9pek, besz\u00e1mol\u00f3<\/td><td class=\"column-3\"><a href=\"https:\/\/picasaweb.google.com\/111722235094025596806\/2012011213EvzaroMasnaposKupa#\">Zai B\u00e1lint<\/a><br \/>\r\n<a href=\"http:\/\/www.tabanispartacus.hu\/tajfuto\/wordpress\/?page_id=1380\">Gyalog L\u00e1szl\u00f3<\/a><\/td>\n\t<\/tr>\n<\/tbody>\n<\/table>\n<\/strong><!--more--><\/p>\n<p><a title=\"Vel\u00fcnk t\u00f6rt\u00e9nt kor\u00e1bban\" href=\"http:\/\/www.tabanispartacus.hu\/tajfuto\/wordpress\/?page_id=550\">Vel\u00fcnk t\u00f6rt\u00e9nt kor\u00e1bban<\/a><\/p>\n","protected":false},"excerpt":{"rendered":"","protected":false},"author":1,"featured_media":0,"parent":0,"menu_order":0,"comment_status":"closed","ping_status":"closed","template":"","meta":{"ngg_post_thumbnail":0},"_links":{"self":[{"href":"https:\/\/www.tabanispartacus.hu\/tajfuto\/wordpress\/index.php?rest_route=\/wp\/v2\/pages\/1361"}],"collection":[{"href":"https:\/\/www.tabanispartacus.hu\/tajfuto\/wordpress\/index.php?rest_route=\/wp\/v2\/pages"}],"about":[{"href":"https:\/\/www.tabanispartacus.hu\/tajfuto\/wordpress\/index.php?rest_route=\/wp\/v2\/types\/page"}],"author":[{"embeddable":true,"href":"https:\/\/www.tabanispartacus.hu\/tajfuto\/wordpress\/index.php?rest_route=\/wp\/v2\/users\/1"}],"replies":[{"embeddable":true,"href":"https:\/\/www.tabanispartacus.hu\/tajfuto\/wordpress\/index.php?rest_route=%2Fwp%2Fv2%2Fcomments&post=1361"}],"version-history":[{"count":2,"href":"https:\/\/www.tabanispartacus.hu\/tajfuto\/wordpress\/index.php?rest_route=\/wp\/v2\/pages\/1361\/revisions"}],"predecessor-version":[{"id":1399,"href":"https:\/\/www.tabanispartacus.hu\/tajfuto\/wordpress\/index.php?rest_route=\/wp\/v2\/pages\/1361\/revisions\/1399"}],"wp:attachment":[{"href":"https:\/\/www.tabanispartacus.hu\/tajfuto\/wordpress\/index.php?rest_route=%2Fwp%2Fv2%2Fmedia&parent=1361"}],"curies":[{"name":"wp","href":"https:\/\/api.w.org\/{rel}","templated":true}]}}